{"id":2713,"date":"2022-04-13T16:34:08","date_gmt":"2022-04-13T19:34:08","guid":{"rendered":"https:\/\/wp.ufpel.edu.br\/filosofiaead\/?page_id=2713"},"modified":"2022-07-15T10:29:16","modified_gmt":"2022-07-15T13:29:16","slug":"matriz-curricular-do-curso","status":"publish","type":"page","link":"https:\/\/wp.ufpel.edu.br\/filosofiaead\/matriz-curricular-do-curso\/","title":{"rendered":"Matriz curricular do curso"},"content":{"rendered":"<table class=\"dados-cobalto tabela-disciplinas\"><tr><th colspan=\"5\" class=\"tabela-quebra\">1\u00ba Semestre<\/th><\/tr><tr><th>C\u00f3digo<\/th><th>Disciplina \/ Pr\u00e9-requisitos<\/th><th>Car\u00e1ter<\/th><th>Cr.<\/th><th>Horas<\/th><\/tr><tr><td>06730070<\/td><td><a href=\"https:\/\/institucional.ufpel.edu.br\/disciplinas\/id\/29651\" target=\"_blank\">FUNDAMENTOS DE SOCIOLOGIA<\/a><\/td><td>Obrigat\u00f3ria<\/td><td>4<\/td><td>60<\/td><\/tr><tr><td>06730069<\/td><td><a href=\"https:\/\/institucional.ufpel.edu.br\/disciplinas\/id\/29650\" target=\"_blank\">FUND. S\u00d3CIO-HIST\u00d3RICOS E FILOS\u00d3FICOS DA EDUC<\/a><\/td><td>Obrigat\u00f3ria<\/td><td>4<\/td><td>60<\/td><\/tr><tr><td>06730068<\/td><td><a href=\"https:\/\/institucional.ufpel.edu.br\/disciplinas\/id\/29649\" target=\"_blank\">HIST\u00d3RIA DA FILOSOFIA ANTIGA<\/a><\/td><td>Obrigat\u00f3ria<\/td><td>4<\/td><td>60<\/td><\/tr><tr><td>06730072<\/td><td><a href=\"https:\/\/institucional.ufpel.edu.br\/disciplinas\/id\/29653\" target=\"_blank\">INTRODU\u00c7\u00c3O \u00c0 EDUCA\u00c7\u00c3O A DIST\u00c2NCIA<\/a><\/td><td>Obrigat\u00f3ria<\/td><td>4<\/td><td>60<\/td><\/tr><tr><td>06730071<\/td><td><a href=\"https:\/\/institucional.ufpel.edu.br\/disciplinas\/id\/29652\" target=\"_blank\">INTRODU\u00c7\u00c3O \u00c0 FILOSOFIA<\/a><\/td><td>Obrigat\u00f3ria<\/td><td>4<\/td><td>60<\/td><\/tr><tr><th colspan=\"5\" class=\"tabela-quebra\">2\u00ba Semestre<\/th><\/tr><tr><th>C\u00f3digo<\/th><th>Disciplina \/ Pr\u00e9-requisitos<\/th><th>Car\u00e1ter<\/th><th>Cr.<\/th><th>Horas<\/th><\/tr><tr><td>06730294<\/td><td><a href=\"https:\/\/institucional.ufpel.edu.br\/disciplinas\/id\/29875\" target=\"_blank\">\u00c9TICA I<\/a><\/td><td>Obrigat\u00f3ria<\/td><td>4<\/td><td>60<\/td><\/tr><tr><td>06730293<\/td><td><a href=\"https:\/\/institucional.ufpel.edu.br\/disciplinas\/id\/29874\" target=\"_blank\">FUNDAMENTOS PSICOL\u00d3GICOS DA EDUCA\u00c7\u00c3O<\/a><\/td><td>Obrigat\u00f3ria<\/td><td>4<\/td><td>60<\/td><\/tr><tr><td>06730290<\/td><td><a href=\"https:\/\/institucional.ufpel.edu.br\/disciplinas\/id\/29871\" target=\"_blank\">HIST\u00d3RIA DA FILOSOFIA MEDIEVAL<\/a><\/td><td>Obrigat\u00f3ria<\/td><td>4<\/td><td>60<\/td><\/tr><tr><td>06730292<\/td><td><a href=\"https:\/\/institucional.ufpel.edu.br\/disciplinas\/id\/29873\" target=\"_blank\">METODOLOGIA E PR\u00c1TICA DE PESQUISA EM FILOSOFIA<\/a><\/td><td>Obrigat\u00f3ria<\/td><td>4<\/td><td>60<\/td><\/tr><tr><td>06730291<\/td><td><a href=\"https:\/\/institucional.ufpel.edu.br\/disciplinas\/id\/29872\" target=\"_blank\">SEMIN\u00c1RIO DE FILOSOFIA ANTIGA<\/a><\/td><td>Obrigat\u00f3ria<\/td><td>4<\/td><td>60<\/td><\/tr><tr><th colspan=\"5\" class=\"tabela-quebra\">3\u00ba Semestre<\/th><\/tr><tr><th>C\u00f3digo<\/th><th>Disciplina \/ Pr\u00e9-requisitos<\/th><th>Car\u00e1ter<\/th><th>Cr.<\/th><th>Horas<\/th><\/tr><tr><td>06730295<\/td><td><a href=\"https:\/\/institucional.ufpel.edu.br\/disciplinas\/id\/29876\" target=\"_blank\">HIST\u00d3RIA DA FILOSOFIA MODERNA<\/a><\/td><td>Obrigat\u00f3ria<\/td><td>4<\/td><td>60<\/td><\/tr><tr><td>06730073<\/td><td><a href=\"https:\/\/institucional.ufpel.edu.br\/disciplinas\/id\/29654\" target=\"_blank\">LOGICA<\/a><\/td><td>Obrigat\u00f3ria<\/td><td>4<\/td><td>60<\/td><\/tr><tr><td>06730074<\/td><td><a href=\"https:\/\/institucional.ufpel.edu.br\/disciplinas\/id\/29655\" target=\"_blank\">OFICINA DE ENSINO EM FILOSOFIA <\/a><\/td><td>Obrigat\u00f3ria<\/td><td>4<\/td><td>60<\/td><\/tr><tr><td>06730298<\/td><td><a href=\"https:\/\/institucional.ufpel.edu.br\/disciplinas\/id\/29879\" target=\"_blank\">SHFMe - SEMIN\u00c1RIO DE HIST\u00d3RIA DA FILOSOFIA MEDIEVAL<\/a><\/td><td>Obrigat\u00f3ria<\/td><td>4<\/td><td>60<\/td><\/tr><tr><td>06730075<\/td><td><a href=\"https:\/\/institucional.ufpel.edu.br\/disciplinas\/id\/29656\" target=\"_blank\">TEORIA E PR\u00c1TICA PEDAG\u00d3GICA<\/a><\/td><td>Obrigat\u00f3ria<\/td><td>4<\/td><td>60<\/td><\/tr><tr><th colspan=\"5\" class=\"tabela-quebra\">4\u00ba Semestre<\/th><\/tr><tr><th>C\u00f3digo<\/th><th>Disciplina \/ Pr\u00e9-requisitos<\/th><th>Car\u00e1ter<\/th><th>Cr.<\/th><th>Horas<\/th><\/tr><tr><td>06730303<\/td><td><a href=\"https:\/\/institucional.ufpel.edu.br\/disciplinas\/id\/29884\" target=\"_blank\">Educa\u00e7\u00e3o Brasileira:organiza\u00e7\u00e3o e pol\u00edticas p\u00fablicas<\/a><\/td><td>Obrigat\u00f3ria<\/td><td>4<\/td><td>60<\/td><\/tr><tr><td>06730305<\/td><td><a href=\"https:\/\/institucional.ufpel.edu.br\/disciplinas\/id\/29886\" target=\"_blank\">\u00c9tica II<\/a><\/td><td>Obrigat\u00f3ria<\/td><td>4<\/td><td>60<\/td><\/tr><tr><td>06730302<\/td><td><a href=\"https:\/\/institucional.ufpel.edu.br\/disciplinas\/id\/29883\" target=\"_blank\">Hist\u00f3ria da Filosofia Moderna e Contempor\u00e2nea<\/a><\/td><td>Obrigat\u00f3ria<\/td><td>4<\/td><td>60<\/td><\/tr><tr><td>06730304<\/td><td><a href=\"https:\/\/institucional.ufpel.edu.br\/disciplinas\/id\/29885\" target=\"_blank\">Semin\u00e1rio de Hist\u00f3ria da Filosofia Moderna - SHFMo<\/a><\/td><td>Obrigat\u00f3ria<\/td><td>4<\/td><td>60<\/td><\/tr><tr><td>06730301<\/td><td><a href=\"https:\/\/institucional.ufpel.edu.br\/disciplinas\/id\/29882\" target=\"_blank\">Teoria do conhecimento I<\/a><\/td><td>Obrigat\u00f3ria<\/td><td>4<\/td><td>60<\/td><\/tr><tr><th colspan=\"5\" class=\"tabela-quebra\">5\u00ba Semestre<\/th><\/tr><tr><th>C\u00f3digo<\/th><th>Disciplina \/ Pr\u00e9-requisitos<\/th><th>Car\u00e1ter<\/th><th>Cr.<\/th><th>Horas<\/th><\/tr><tr><td>06730080<\/td><td><a href=\"https:\/\/institucional.ufpel.edu.br\/disciplinas\/id\/29661\" target=\"_blank\">DID\u00c1TICA DE FILOSOFIA<\/a><\/td><td>Obrigat\u00f3ria<\/td><td>4<\/td><td>60<\/td><\/tr><tr><td>06730076<\/td><td><a href=\"https:\/\/institucional.ufpel.edu.br\/disciplinas\/id\/29657\" target=\"_blank\">EST\u00c1GIO I: FUNDAMENTA\u00c7\u00c3O E EXPLORA\u00c7\u00c3O DA REALIDADE ESCOLAR<\/a><\/td><td>Obrigat\u00f3ria<\/td><td>6<\/td><td>90<\/td><\/tr><tr><td>06730078<\/td><td><a href=\"https:\/\/institucional.ufpel.edu.br\/disciplinas\/id\/29659\" target=\"_blank\">HIST\u00d3RIA DA FILOSOFIA CONTEMPOR\u00c2NEA<\/a><\/td><td>Obrigat\u00f3ria<\/td><td>4<\/td><td>60<\/td><\/tr><tr><td>06730079<\/td><td><a href=\"https:\/\/institucional.ufpel.edu.br\/disciplinas\/id\/29660\" target=\"_blank\">TEORIA DO CONHECIMENTO II<\/a><\/td><td>Obrigat\u00f3ria<\/td><td>4<\/td><td>60<\/td><\/tr><tr><th colspan=\"5\" class=\"tabela-quebra\">6\u00ba Semestre<\/th><\/tr><tr><th>C\u00f3digo<\/th><th>Disciplina \/ Pr\u00e9-requisitos<\/th><th>Car\u00e1ter<\/th><th>Cr.<\/th><th>Horas<\/th><\/tr><tr><td>06730051<\/td><td><a href=\"https:\/\/institucional.ufpel.edu.br\/disciplinas\/id\/29632\" target=\"_blank\">EST\u00c1GIO II: EST\u00c1GIO DE FORMA\u00c7\u00c3O DID\u00c1TICO-PEDAG. P\/ GEST\u00c3O DE CLASSE<\/a><\/td><td>Obrigat\u00f3ria<\/td><td>6<\/td><td>90<\/td><\/tr><tr><td>06730052<\/td><td><a href=\"https:\/\/institucional.ufpel.edu.br\/disciplinas\/id\/29633\" target=\"_blank\">FILOSOFIA POL\u00cdTICA I<\/a><\/td><td>Obrigat\u00f3ria<\/td><td>4<\/td><td>60<\/td><\/tr><tr><td>06730050<\/td><td><a href=\"https:\/\/institucional.ufpel.edu.br\/disciplinas\/id\/29631\" target=\"_blank\">SEMIN\u00c1RIO DE HIST\u00d3RIA DA FILOSOFIA CONTEMPOR\u00c2NEA<\/a><\/td><td>Obrigat\u00f3ria<\/td><td>4<\/td><td>60<\/td><\/tr><tr><th colspan=\"5\" class=\"tabela-quebra\">7\u00ba Semestre<\/th><\/tr><tr><th>C\u00f3digo<\/th><th>Disciplina \/ Pr\u00e9-requisitos<\/th><th>Car\u00e1ter<\/th><th>Cr.<\/th><th>Horas<\/th><\/tr><tr><td>06730428<\/td><td><a href=\"https:\/\/institucional.ufpel.edu.br\/disciplinas\/id\/55530\" target=\"_blank\">EST\u00c1GIO III: EST\u00c1GIO DE RESPONSABILIDADE<\/a><\/td><td>Obrigat\u00f3ria<\/td><td>10<\/td><td>150<\/td><\/tr><tr><td>06730061<\/td><td><a href=\"https:\/\/institucional.ufpel.edu.br\/disciplinas\/id\/29642\" target=\"_blank\">FILOSOFIA POL\u00cdTICA II<\/a><\/td><td>Obrigat\u00f3ria<\/td><td>4<\/td><td>60<\/td><\/tr><tr><td>20001019<\/td><td><a href=\"https:\/\/institucional.ufpel.edu.br\/disciplinas\/id\/55532\" target=\"_blank\">L\u00cdNGUA BRASILEIRA DE SINAIS I (LIBRAS I)<\/a><\/td><td>Obrigat\u00f3ria<\/td><td>6<\/td><td>90<\/td><\/tr><tr><td>06730429<\/td><td><a href=\"https:\/\/institucional.ufpel.edu.br\/disciplinas\/id\/55531\" target=\"_blank\">OFICINA DE PRODU\u00c7\u00c3O FILOS\u00d3FICA I<\/a><\/td><td>Obrigat\u00f3ria<\/td><td>8<\/td><td>120<\/td><\/tr><tr><th colspan=\"5\" class=\"tabela-quebra\">8\u00ba Semestre<\/th><\/tr><tr><th>C\u00f3digo<\/th><th>Disciplina \/ Pr\u00e9-requisitos<\/th><th>Car\u00e1ter<\/th><th>Cr.<\/th><th>Horas<\/th><\/tr><tr><td>06730431<\/td><td><a href=\"https:\/\/institucional.ufpel.edu.br\/disciplinas\/id\/55534\" target=\"_blank\">EST\u00c1GIO IV: SEMIN\u00c1RIOS DE S\u00cdNTESE<\/a><\/td><td>Obrigat\u00f3ria<\/td><td>8<\/td><td>120<\/td><\/tr><tr><td>06730084<\/td><td><a href=\"https:\/\/institucional.ufpel.edu.br\/disciplinas\/id\/29665\" target=\"_blank\">FILOSOFIA, CULTURA E SUSTENTABILIDADE EAD<\/a><\/td><td>Obrigat\u00f3ria<\/td><td>4<\/td><td>60<\/td><\/tr><tr><td>06730083<\/td><td><a href=\"https:\/\/institucional.ufpel.edu.br\/disciplinas\/id\/29664\" target=\"_blank\">FILOSOFIA GERAL: PROBLEMAS METAF\u00cdSICOS<\/a><\/td><td>Obrigat\u00f3ria<\/td><td>4<\/td><td>60<\/td><\/tr><tr><td>06730430<\/td><td><a href=\"https:\/\/institucional.ufpel.edu.br\/disciplinas\/id\/55533\" target=\"_blank\">OFICINA DE PRODU\u00c7\u00c3O FILOS\u00d3FICA II<\/a><\/td><td>Obrigat\u00f3ria<\/td><td>10<\/td><td>150<\/td><\/tr><tr><th colspan=\"5\" class=\"tabela-quebra\">COMPLEMENTARES<\/th><\/tr><tr><th>C\u00f3digo<\/th><th>Disciplina \/ Pr\u00e9-requisitos<\/th><th>Car\u00e1ter<\/th><th>Cr.<\/th><th>Horas<\/th><\/tr><tr><td>06730432<\/td><td><a href=\"https:\/\/institucional.ufpel.edu.br\/disciplinas\/id\/55535\" target=\"_blank\">ATIVIDADES COMPLEMENTARES<\/a><\/td><td>Atividade complementar<\/td><td>24<\/td><td>360<\/td><\/tr><tr><th colspan=\"5\" class=\"tabela-quebra\">OPTATIVAS<\/th><\/tr><tr><th>C\u00f3digo<\/th><th>Disciplina \/ Pr\u00e9-requisitos<\/th><th>Car\u00e1ter<\/th><th>Cr.<\/th><th>Horas<\/th><\/tr><tr><td>06730087<\/td><td><a href=\"https:\/\/institucional.ufpel.edu.br\/disciplinas\/id\/29668\" target=\"_blank\">SEMIN\u00c1RIO DE EST\u00c9TICA<\/a><\/td><td>Optativa<\/td><td>4<\/td><td>60<\/td><\/tr><tr><td>06730299<\/td><td><a href=\"https:\/\/institucional.ufpel.edu.br\/disciplinas\/id\/29880\" target=\"_blank\">SEMIN\u00c1RIO DE \u00c9TICA<\/a><\/td><td>Optativa<\/td><td>4<\/td><td>60<\/td><\/tr><tr><td>06730086<\/td><td><a href=\"https:\/\/institucional.ufpel.edu.br\/disciplinas\/id\/29667\" target=\"_blank\">SEMIN\u00c1RIO DE FILOSOFIA DA LINGUAGEM<\/a><\/td><td>Optativa<\/td><td>4<\/td><td>60<\/td><\/tr><tr><td>06730085<\/td><td><a href=\"https:\/\/institucional.ufpel.edu.br\/disciplinas\/id\/29666\" target=\"_blank\">SEMIN\u00c1RIO DE FILOSOFIA MORAL E POL\u00cdTICA<\/a><\/td><td>Optativa<\/td><td>4<\/td><td>60<\/td><\/tr><tr><td>06730081<\/td><td><a href=\"https:\/\/institucional.ufpel.edu.br\/disciplinas\/id\/29662\" target=\"_blank\">SEMIN\u00c1RIO DE L\u00d3GICA E TEORIA DO CONHECIMENTO<\/a><\/td><td>Optativa<\/td><td>4<\/td><td>60<\/td><\/tr><tr><td>06730066<\/td><td><a href=\"https:\/\/institucional.ufpel.edu.br\/disciplinas\/id\/29647\" target=\"_blank\">SEMIN\u00c1RIO DE TEMAS DE FILOSOFIA GERAL<\/a><\/td><td>Optativa<\/td><td>4<\/td><td>60<\/td><\/tr><\/table>\n","protected":false},"excerpt":{"rendered":"","protected":false},"author":1247,"featured_media":0,"parent":0,"menu_order":0,"comment_status":"closed","ping_status":"closed","template":"","meta":{"jetpack_post_was_ever_published":false,"footnotes":""},"class_list":["post-2713","page","type-page","status-publish","hentry"],"jetpack_sharing_enabled":true,"jetpack_shortlink":"https:\/\/wp.me\/P6RZ2P-HL","publishpress_future_action":{"enabled":false,"date":"2026-04-18 07:44:10","action":"change-status","newStatus":"draft","terms":[],"taxonomy":"","extraData":[]},"publishpress_future_workflow_manual_trigger":{"enabledWorkflows":[]},"_links":{"self":[{"href":"https:\/\/wp.ufpel.edu.br\/filosofiaead\/wp-json\/wp\/v2\/pages\/2713","targetHints":{"allow":["GET"]}}],"collection":[{"href":"https:\/\/wp.ufpel.edu.br\/filosofiaead\/wp-json\/wp\/v2\/pages"}],"about":[{"href":"https:\/\/wp.ufpel.edu.br\/filosofiaead\/wp-json\/wp\/v2\/types\/page"}],"author":[{"embeddable":true,"href":"https:\/\/wp.ufpel.edu.br\/filosofiaead\/wp-json\/wp\/v2\/users\/1247"}],"replies":[{"embeddable":true,"href":"https:\/\/wp.ufpel.edu.br\/filosofiaead\/wp-json\/wp\/v2\/comments?post=2713"}],"version-history":[{"count":4,"href":"https:\/\/wp.ufpel.edu.br\/filosofiaead\/wp-json\/wp\/v2\/pages\/2713\/revisions"}],"predecessor-version":[{"id":2717,"href":"https:\/\/wp.ufpel.edu.br\/filosofiaead\/wp-json\/wp\/v2\/pages\/2713\/revisions\/2717"}],"wp:attachment":[{"href":"https:\/\/wp.ufpel.edu.br\/filosofiaead\/wp-json\/wp\/v2\/media?parent=2713"}],"curies":[{"name":"wp","href":"https:\/\/api.w.org\/{rel}","templated":true}]}}