{"id":143,"date":"2025-05-28T09:46:08","date_gmt":"2025-05-28T12:46:08","guid":{"rendered":"https:\/\/wp.ufpel.edu.br\/filosofia\/?page_id=143"},"modified":"2025-06-11T13:05:25","modified_gmt":"2025-06-11T16:05:25","slug":"documentos-colegiado","status":"publish","type":"page","link":"https:\/\/wp.ufpel.edu.br\/filosofia\/documentos-colegiado\/","title":{"rendered":"Documentos Colegiado"},"content":{"rendered":"<p><a href=\"https:\/\/wp.ufpel.edu.br\/filosofia\/files\/2025\/05\/Relatorio_do_Bienio_22_24_Coordenador_de_Curso__FI_250528_093728.pdf\"> Relat\u00f3rio das Atividades do Coordenador do Colegiado dos Cursos de Filosofia referente ao bi\u00eanio 09\/2022 a 09\/2024<\/a><\/p>\n<p><a href=\"https:\/\/wp.ufpel.edu.br\/filosofia\/files\/2025\/05\/Plano_de_Acao_Bienio_24_26_Coordenador_de_Curso__F_250528_093655.pdf\"> Plano de A\u00e7\u00e3o do Coordenador do Colegiado dos Cursos de Filosofia para o Bi\u00eanio 09\/2024 a 09\/2026<\/a><\/p>\n","protected":false},"excerpt":{"rendered":"<p>Relat\u00f3rio das Atividades do Coordenador do Colegiado dos Cursos de Filosofia referente ao bi\u00eanio 09\/2022 a 09\/2024 Plano de A\u00e7\u00e3o do Coordenador do Colegiado dos Cursos de Filosofia para o Bi\u00eanio 09\/2024 a 09\/2026<\/p>\n","protected":false},"author":1247,"featured_media":0,"parent":0,"menu_order":0,"comment_status":"closed","ping_status":"closed","template":"","meta":{"footnotes":""},"class_list":["post-143","page","type-page","status-publish","hentry"],"jetpack_sharing_enabled":true,"_links":{"self":[{"href":"https:\/\/wp.ufpel.edu.br\/filosofia\/wp-json\/wp\/v2\/pages\/143","targetHints":{"allow":["GET"]}}],"collection":[{"href":"https:\/\/wp.ufpel.edu.br\/filosofia\/wp-json\/wp\/v2\/pages"}],"about":[{"href":"https:\/\/wp.ufpel.edu.br\/filosofia\/wp-json\/wp\/v2\/types\/page"}],"author":[{"embeddable":true,"href":"https:\/\/wp.ufpel.edu.br\/filosofia\/wp-json\/wp\/v2\/users\/1247"}],"replies":[{"embeddable":true,"href":"https:\/\/wp.ufpel.edu.br\/filosofia\/wp-json\/wp\/v2\/comments?post=143"}],"version-history":[{"count":2,"href":"https:\/\/wp.ufpel.edu.br\/filosofia\/wp-json\/wp\/v2\/pages\/143\/revisions"}],"predecessor-version":[{"id":170,"href":"https:\/\/wp.ufpel.edu.br\/filosofia\/wp-json\/wp\/v2\/pages\/143\/revisions\/170"}],"wp:attachment":[{"href":"https:\/\/wp.ufpel.edu.br\/filosofia\/wp-json\/wp\/v2\/media?parent=143"}],"curies":[{"name":"wp","href":"https:\/\/api.w.org\/{rel}","templated":true}]}}

<p><a href="https://wp.ufpel.edu.br/filosofia/files/2025/05/Relatorio_do_Bienio_22_24_Coordenador_de_Curso__FI_250528_093728.pdf"> Relatório das Atividades do Coordenador do Colegiado dos Cursos de Filosofia referente ao biênio 09/2022 a 09/2024</a></p>
<p><a href="https://wp.ufpel.edu.br/filosofia/files/2025/05/Plano_de_Acao_Bienio_24_26_Coordenador_de_Curso__F_250528_093655.pdf"> Plano de Ação do Coordenador do Colegiado dos Cursos de Filosofia para o Biênio 09/2024 a 09/2026</a></p>

<p>Relatório das Atividades do Coordenador do Colegiado dos Cursos de Filosofia referente ao biênio 09/2022 a 09/2024 Plano de Ação do Coordenador do Colegiado dos Cursos de Filosofia para o Biênio 09/2024 a 09/2026</p>
