{"id":1349,"date":"2014-03-31T08:49:56","date_gmt":"2014-03-31T11:49:56","guid":{"rendered":"https:\/\/wp.ufpel.edu.br\/fernandosimoes\/?page_id=1349"},"modified":"2015-03-25T13:40:50","modified_gmt":"2015-03-25T16:40:50","slug":"grad","status":"publish","type":"page","link":"https:\/\/wp.ufpel.edu.br\/fernandosimoes\/disciplinas\/grad\/","title":{"rendered":"Gradua\u00e7\u00e3o"},"content":{"rendered":"<p>Disciplinas Ministradas na Gradua\u00e7\u00e3o<\/p>\n<ul>\n<li>Teoria Eletromagn\u00e9tica (090101)<\/li>\n<li>F\u00edsica B\u00e1sica Experimental 1 (090117)<\/li>\n<li>F\u00edsica B\u00e1sica 1 (090113)<\/li>\n<li>F\u00edsica B\u00e1sica 2 (090114)<\/li>\n<li>Est\u00e1gio em Ensino de F\u00edsica (090167)<\/li>\n<li>F\u00edsica (090095)<\/li>\n<\/ul>\n","protected":false},"excerpt":{"rendered":"<p>Disciplinas Ministradas na Gradua\u00e7\u00e3o Teoria Eletromagn\u00e9tica (090101) F\u00edsica B\u00e1sica Experimental 1 (090117) F\u00edsica B\u00e1sica 1 (090113) F\u00edsica B\u00e1sica 2 (090114) Est\u00e1gio em Ensino de F\u00edsica (090167) F\u00edsica (090095)<\/p>\n","protected":false},"author":96,"featured_media":0,"parent":34,"menu_order":0,"comment_status":"closed","ping_status":"closed","template":"","meta":{"footnotes":""},"class_list":["post-1349","page","type-page","status-publish","hentry"],"_links":{"self":[{"href":"https:\/\/wp.ufpel.edu.br\/fernandosimoes\/wp-json\/wp\/v2\/pages\/1349","targetHints":{"allow":["GET"]}}],"collection":[{"href":"https:\/\/wp.ufpel.edu.br\/fernandosimoes\/wp-json\/wp\/v2\/pages"}],"about":[{"href":"https:\/\/wp.ufpel.edu.br\/fernandosimoes\/wp-json\/wp\/v2\/types\/page"}],"author":[{"embeddable":true,"href":"https:\/\/wp.ufpel.edu.br\/fernandosimoes\/wp-json\/wp\/v2\/users\/96"}],"replies":[{"embeddable":true,"href":"https:\/\/wp.ufpel.edu.br\/fernandosimoes\/wp-json\/wp\/v2\/comments?post=1349"}],"version-history":[{"count":6,"href":"https:\/\/wp.ufpel.edu.br\/fernandosimoes\/wp-json\/wp\/v2\/pages\/1349\/revisions"}],"predecessor-version":[{"id":1459,"href":"https:\/\/wp.ufpel.edu.br\/fernandosimoes\/wp-json\/wp\/v2\/pages\/1349\/revisions\/1459"}],"up":[{"embeddable":true,"href":"https:\/\/wp.ufpel.edu.br\/fernandosimoes\/wp-json\/wp\/v2\/pages\/34"}],"wp:attachment":[{"href":"https:\/\/wp.ufpel.edu.br\/fernandosimoes\/wp-json\/wp\/v2\/media?parent=1349"}],"curies":[{"name":"wp","href":"https:\/\/api.w.org\/{rel}","templated":true}]}}