{"id":29,"date":"2017-08-27T18:54:55","date_gmt":"2017-08-27T21:54:55","guid":{"rendered":"https:\/\/wp.ufpel.edu.br\/fernandocamargo\/?page_id=29"},"modified":"2017-08-28T19:21:19","modified_gmt":"2017-08-28T22:21:19","slug":"informacoes","status":"publish","type":"page","link":"https:\/\/wp.ufpel.edu.br\/fernandocamargo\/informacoes\/","title":{"rendered":"Informa\u00e7\u00f5es"},"content":{"rendered":"<p>&nbsp;<\/p>\n<p>Nasci em<b>\u00a0<\/b>Passo Fundo, em 27 de novembro de 1966 e sou um historiador brasileiro. Autor de livros e artigos sobre Hist\u00f3ria Colonial Platina (regi\u00e3o da bacia do\u00a0rio da Prata)<sup id=\"cite_ref-1\" class=\"reference\"><\/sup>, fui vice-presidente da Comiss\u00e3o de Hist\u00f3ria do Instituto Pan-Americano de Geografia e Hist\u00f3ria (organismo especializado da\u00a0Organiza\u00e7\u00e3o dos Estados Americanos\u00a0&#8211; OEA), fui professor da\u00a0Universidade de Passo Fundo. Em 2003 realizei o primeiro p\u00f3s-doutorado em Sevilha, na Escuela de Estudios Hispano-Americanos do CSIC. Professor visitante no\u00a0<i>Montgomery County Community College<\/i>\u00a0para a disciplia de Hist\u00f3ria da Am\u00e9rica Latina. Desde 2008 sou professor do Departamento de Hist\u00f3ria da\u00a0Universidade Federal de Pelotas.\u00a0Em 2015 realizei p\u00f3s-doutorado em Londres, no\u00a0<i>Institute of Latin American Studies<\/i>\u00a0(ILAS), da\u00a0<i>School of Advanced Study (SAS)<\/i>, da\u00a0<i>University of London<\/i>.<\/p>\n<p>&nbsp;<\/p>\n<p>Temas de Pesquisa:<\/p>\n<ul>\n<li>Rela\u00e7\u00f5es Internacionais na Am\u00e9rica Ib\u00e9rica nos s\u00e9culos XVIII e XIX<\/li>\n<li>Geopol\u00edtica e Diplomacia Platina e Sul-Americana no final do Antigo Regime<\/li>\n<li>Cartografia Hist\u00f3rica Sul-Americana dos S\u00e9culos XVIII e XIX<\/li>\n<li>Cr\u00f4nicas de viagens e passagens na Am\u00e9rica do Sul nos S\u00e9culos XVIII e XIX<\/li>\n<\/ul>\n<p>&nbsp;<\/p>\n<p>Curr\u00edculo Lattes:<\/p>\n<p><a href=\"http:\/\/buscatextual.cnpq.br\/buscatextual\/visualizacv.do?id=K4721110T6\">http:\/\/buscatextual.cnpq.br\/buscatextual\/visualizacv.do?id=K4721110T6<\/a><\/p>\n","protected":false},"excerpt":{"rendered":"<p>&nbsp; Nasci em\u00a0Passo Fundo, em 27 de novembro de 1966 e sou um historiador brasileiro. Autor de livros e artigos sobre Hist\u00f3ria Colonial Platina (regi\u00e3o da bacia do\u00a0rio da Prata), fui vice-presidente da Comiss\u00e3o de Hist\u00f3ria do Instituto Pan-Americano de Geografia e Hist\u00f3ria (organismo especializado da\u00a0Organiza\u00e7\u00e3o dos Estados Americanos\u00a0&#8211; OEA), fui professor da\u00a0Universidade de Passo [&hellip;]<\/p>\n","protected":false},"author":611,"featured_media":35,"parent":0,"menu_order":0,"comment_status":"closed","ping_status":"closed","template":"","meta":{"footnotes":""},"class_list":["post-29","page","type-page","status-publish","has-post-thumbnail","hentry"],"jetpack_sharing_enabled":true,"_links":{"self":[{"href":"https:\/\/wp.ufpel.edu.br\/fernandocamargo\/wp-json\/wp\/v2\/pages\/29","targetHints":{"allow":["GET"]}}],"collection":[{"href":"https:\/\/wp.ufpel.edu.br\/fernandocamargo\/wp-json\/wp\/v2\/pages"}],"about":[{"href":"https:\/\/wp.ufpel.edu.br\/fernandocamargo\/wp-json\/wp\/v2\/types\/page"}],"author":[{"embeddable":true,"href":"https:\/\/wp.ufpel.edu.br\/fernandocamargo\/wp-json\/wp\/v2\/users\/611"}],"replies":[{"embeddable":true,"href":"https:\/\/wp.ufpel.edu.br\/fernandocamargo\/wp-json\/wp\/v2\/comments?post=29"}],"version-history":[{"count":6,"href":"https:\/\/wp.ufpel.edu.br\/fernandocamargo\/wp-json\/wp\/v2\/pages\/29\/revisions"}],"predecessor-version":[{"id":37,"href":"https:\/\/wp.ufpel.edu.br\/fernandocamargo\/wp-json\/wp\/v2\/pages\/29\/revisions\/37"}],"wp:featuredmedia":[{"embeddable":true,"href":"https:\/\/wp.ufpel.edu.br\/fernandocamargo\/wp-json\/wp\/v2\/media\/35"}],"wp:attachment":[{"href":"https:\/\/wp.ufpel.edu.br\/fernandocamargo\/wp-json\/wp\/v2\/media?parent=29"}],"curies":[{"name":"wp","href":"https:\/\/api.w.org\/{rel}","templated":true}]}}