{"id":2497,"date":"2024-05-28T22:57:03","date_gmt":"2024-05-29T01:57:03","guid":{"rendered":"https:\/\/wp.ufpel.edu.br\/fentransporte\/?page_id=2497"},"modified":"2024-10-20T20:52:37","modified_gmt":"2024-10-20T23:52:37","slug":"na-midia-inundacoes-pelotas-2024","status":"publish","type":"page","link":"https:\/\/wp.ufpel.edu.br\/fentransporte\/na-midia-inundacoes-pelotas-2024\/","title":{"rendered":"Na m\u00eddia &#8211; Inunda\u00e7\u00f5es 2024"},"content":{"rendered":"<p><span style=\"font-weight: 400;\">As inunda\u00e7\u00f5es catastr\u00f3ficas que assolam o Rio Grande do Sul em 2023 e 2024 demandam abordagens cient\u00edficas e tecnol\u00f3gicas avan\u00e7adas para mitigar seus impactos e orientar a tomada de decis\u00f5es. Nesse contexto, pesquisadores engajados em modelagem matem\u00e1tica e computacional emergem como protagonistas, oferecendo ferramentas anal\u00edticas e num\u00e9ricas, com preditivas fundamentais para a gest\u00e3o eficaz dessa crise clim\u00e1tica.<\/span><\/p>\n<p><span style=\"font-weight: 400;\">Com a chegada das cheias na regi\u00e3o sul do RS, desde o in\u00edcio de maio, professores e t\u00e9cnicos da Universidade Federal de Pelotas (UFPel) se dedicam de forma volunt\u00e1ria a assessorar cientificamente o poder p\u00fablico e a Defesa Civil de Pelotas, visando<\/span><span style=\"font-weight: 400;\">\u00a0incentivar a gest\u00e3o p\u00fablica no desenvolvimento de solu\u00e7\u00f5es eficazes para avalia\u00e7\u00e3o de risco ao evento de inunda\u00e7\u00e3o, ampliando assim a capacidade de resposta a esse evento extremo. <\/span><span style=\"font-weight: 400;\">Gra\u00e7as \u00e0 contribui\u00e7\u00e3o desses especialistas, est\u00e1 sendo poss\u00edvel acompanhar o comportamento dos ventos e a eleva\u00e7\u00e3o das \u00e1guas com mais precis\u00e3o, auxiliando a tomada de decis\u00f5es, o desenho das \u00e1reas de risco e a necessidade de evacua\u00e7\u00e3o.<\/span><\/p>\n<p><span style=\"font-weight: 400;\">O grupo de pesquisadores interdisciplinares, que conta com matem\u00e1ticos, meteorologistas, hidr\u00f3logos, engenheiros e economistas. Assim, a colabora\u00e7\u00e3o entre pesquisadores e autoridades locais na aplica\u00e7\u00e3o de modelos matem\u00e1ticos representa um exemplo paradigm\u00e1tico de como a ci\u00eancia pode ser mobilizada em prol da seguran\u00e7a e bem-estar da popula\u00e7\u00e3o em tempos de crise clim\u00e1tica.<\/span><\/p>\n<p>Como uma forma de manter o registro hist\u00f3rico das divulga\u00e7\u00f5es dos resultados das simula\u00e7\u00f5es durante a crise clim\u00e1tica enfrentada pelo RS em 2024, especialmente para a cidade de Pelotas e arredores, seguem abaixo <strong>alguns links<\/strong> das atualiza\u00e7\u00f5es publicadas nos meios de comunica\u00e7\u00e3o (externos a esta p\u00e1gina).<\/p>\n<ul>\n<li><strong>Prefeitura Municipal de Pelotas &#8211; 11 maio: <\/strong><a href=\"https:\/\/www.pelotas.com.br\/noticia\/estudo-da-ufpel-estima-chegada-do-maior-volume-de-agua-a-pelotas\">https:\/\/www.pelotas.com.br\/noticia\/estudo-da-ufpel-estima-chegada-do-maior-volume-de-agua-a-pelotas4<\/a><\/li>\n<li><strong>Prefeitura Municipal de Pelotas &#8211; 31 maio: <\/strong><br \/>\n<a href=\"https:\/\/www.pelotas.com.br\/noticia\/comitiva-do-governo-federal-integra-reuniao-da-sala-de-situacao\">https:\/\/www.pelotas.com.br\/noticia\/comitiva-do-governo-federal-integra-reuniao-da-sala-de-situacao<\/a><\/li>\n<li><strong>Prefeitura Municipal de Pelotas &#8211; 3 junho:<\/strong> \u00a0<a href=\"https:\/\/www.pelotas.com.br\/noticia\/prefeitura-prioriza-recuperacao-de-acessos-a-z3-e-valverde\">https:\/\/www.pelotas.com.br\/noticia\/prefeitura-prioriza-recuperacao-de-acessos-a-z3-e-valverde<\/a><\/li>\n<li><strong>Prefeitura Municipal de Pelotas &#8211; 4 junho: <\/strong><a href=\"https:\/\/www.pelotas.com.br\/noticia\/sala-de-situacao-mantem-acompanhamento-da-lagoa-e-do-sao-goncalo\">https:\/\/www.pelotas.com.br\/noticia\/sala-de-situacao-mantem-acompanhamento-da-lagoa-e-do-sao-goncalo<\/a><\/li>\n<li><strong>Prefeitura Municipal de Pelotas &#8211; 6 junho: <\/strong><a href=\"https:\/\/www.pelotas.com.br\/noticia\/prefeita-encerra-atividades-coletivas-da-sala-de-situacao\"> https:\/\/www.pelotas.com.br\/noticia\/prefeita-encerra-atividades-coletivas-da-sala-de-situacao<\/a><\/li>\n<li><strong>Folha S\u00e3o Paulo &#8211; 11 maio: <\/strong><a href=\"https:\/\/www.msn.com\/pt-br\/noticias\/brasil\/pico-de-enchente-em-pelotas-rs-deve-ser-entre-segunda-13-e-quarta-15-diz-prefeita\/ar-BB1me5j0\">https:\/\/www.msn.com\/pt-br\/noticias\/brasil\/pico-de-enchente-em-pelotas-rs-deve-ser-entre-segunda-13-e-quarta-15-diz-prefeita\/ar-BB1me5j0\u00a0<\/a><\/li>\n<li><strong>Folha S\u00e3o Paulo &#8211; 11 maio: <\/strong>\u00a0<a href=\"https:\/\/www1.folha.uol.com.br\/cotidiano\/2024\/05\/pico-de-enchente-em-pelotas-rs-deve-ser-entre-segunda-13-e-quarta-15-diz-prefeita.shtml\">https:\/\/www1.folha.uol.com.br\/cotidiano\/2024\/05\/pico-de-enchente-em-pelotas-rs-deve-ser-entre-segunda-13-e-quarta-15-diz-prefeita.shtml<\/a><\/li>\n<li><strong>Jornal O Sul &#8211; 12 maio: <\/strong><a href=\"https:\/\/www.osul.com.br\/enchente-deixa-um-terco-da-cidade-de-pelotas-debaixo-dagua\/\">https:\/\/www.osul.com.br\/enchente-deixa-um-terco-da-cidade-de-pelotas-debaixo-dagua\/<\/a><\/li>\n<li><strong>O bairrista &#8211; 12 maio: <\/strong><a href=\"https:\/\/obairrista.com\/2024\/05\/pico-de-enchente-em-pelotas-sera-entre-segunda-e-quarta-feira-afirmam-pesquisadores-da-ufpel\/\">https:\/\/obairrista.com\/2024\/05\/pico-de-enchente-em-pelotas-sera-entre-segunda-e-quarta-feira-afirmam-pesquisadores-da-ufpel\/<\/a><\/li>\n<\/ul>\n<ul>\n<li><strong>Di\u00e1rio popular &#8211; 11 maio: <\/strong><a href=\"https:\/\/diariopopular.com.br\/geral\/_pior_momento_das_cheias_em_pelotas_devera_ser_entre_a_proxima_segunda_e_quarta_feira.593285\">https:\/\/diariopopular.com.br\/geral\/_pior_momento_das_cheias_em_pelotas_devera_ser_entre_a_proxima_segunda_e_quarta_feira.593285<\/a><\/li>\n<li><strong>Di\u00e1rio popular <\/strong>&#8211;<strong>18 maio:<\/strong><br \/>\nDiario Popular \/ Geral \/ Cientistas acompanham situa\u00e7\u00e3o diariamente em Pelotas<br \/>\n<a href=\"https:\/\/diariopopular.com.br\/geral\/cientistas_acompanham_situacao_diariamente_em_pelotas.594714\">https:\/\/diariopopular.com.br\/geral\/cientistas_acompanham_situacao_diariamente_em_pelotas.594714<\/a><\/li>\n<li><strong>Di\u00e1rio popular -17 e 18 maio &#8211; edi\u00e7\u00e3o do final de semana:<\/strong><br \/>\n<a href=\"https:\/\/diariopopular.com.br\/geral\/confira_a_edicao_de_sabado_e_domingo_18_e_19_de_maio.594692\">https:\/\/diariopopular.com.br\/geral\/confira_a_edicao_de_sabado_e_domingo_18_e_19_de_maio.594692<\/a><\/li>\n<li><strong>Di\u00e1rio popular &#8211; 23 maio:<\/strong><br \/>\n<a href=\"https:\/\/diariopopular.com.br\/geral\/perspectiva_e_de_estabilidade_apos_chuvas.595771\">https:\/\/diariopopular.com.br\/geral\/perspectiva_e_de_estabilidade_apos_chuvas.595771<\/a><br \/>\n<a href=\"https:\/\/diariopopular.com.br\/geral\/edicao_de_quinta_feira_23_de_maio_de_2024.595710\">https:\/\/diariopopular.com.br\/geral\/edicao_de_quinta_feira_23_de_maio_de_2024.595710<\/a><\/li>\n<li><strong>Di\u00e1rio popular &#8211; 24 maio:<\/strong><br \/>\n<a href=\"https:\/\/diariopopular.com.br\/geral\/edicao_de_sexta_feira_24_de_maio_de_2024.595938\">https:\/\/diariopopular.com.br\/geral\/edicao_de_sexta_feira_24_de_maio_de_2024.595938<\/a><\/li>\n<li><strong>Di\u00e1rio popular &#8211; 25 e 26 maio:<\/strong><br \/>\n<a href=\"https:\/\/diariopopular.com.br\/geral\/edicao_de_sabado_e_domingo_25_e_26_de_maio_de_2024.596183\">https:\/\/diariopopular.com.br\/geral\/edicao_de_sabado_e_domingo_25_e_26_de_maio_de_2024.596183<\/a><\/li>\n<li><strong>Di\u00e1rio Popular &#8211; 29 maio:<\/strong><br \/>\n<a href=\"https:\/\/diariopopular.com.br\/geral\/edicao_de_quarta_feira_29_de_maio_de_2024.596902\">https:\/\/diariopopular.com.br\/geral\/edicao_de_quarta_feira_29_de_maio_de_2024.596902<\/a><\/li>\n<li><strong>Di\u00e1rio Popular &#8211; 7 junho:<\/strong><br \/>\n<a href=\"https:\/\/diariopopular.com.br\/geral\/edicao_de_sexta_feira_7_de_junho_de_2024.598598\">https:\/\/diariopopular.com.br\/geral\/edicao_de_sexta_feira_7_de_junho_de_2024.598598<\/a><br \/>\n<a href=\"https:\/\/diariopopular.com.br\/geral\/_apos_28_dias_mobilizacao_da_sala_de_situacao_e_concluida_.598537\">https:\/\/diariopopular.com.br\/geral\/_apos_28_dias_mobilizacao_da_sala_de_situacao_e_concluida_.598537<\/a><\/li>\n<li><strong>Di\u00e1rio Popular &#8211; 8 e 9 junho:<\/strong><br \/>\n<a href=\"https:\/\/diariopopular.com.br\/geral\/edicao_de_sabado_e_domingo_8_e_9_de_junho_2024.598821\">https:\/\/diariopopular.com.br\/geral\/edicao_de_sabado_e_domingo_8_e_9_de_junho_2024.598821<\/a><br \/>\n<a href=\"https:\/\/diariopopular.com.br\/geral\/pelotas_teve_cerca_de_15_mil_casas_afetadas_pelas_aguas_confira_a_cronologia_da_inundacao_no_municipio.598815\">https:\/\/diariopopular.com.br\/geral\/pelotas_teve_cerca_de_15_mil_casas_afetadas_pelas_aguas_confira_a_cronologia_da_inundacao_no_municipio.598815<\/a><\/li>\n<li><strong>O tempo &#8211; 11 maio:\u00a0<\/strong><br \/>\n<a href=\"https:\/\/www.otempo.com.br\/brasil\/2024\/5\/11\/pico-de-enchente-em-pelotas--rs--deve-ser-entre-segunda--13--e-q\">https:\/\/www.otempo.com.br\/brasil\/2024\/5\/11\/pico-de-enchente-em-pelotas&#8211;rs&#8211;deve-ser-entre-segunda&#8211;13&#8211;e-q<\/a><\/li>\n<li><strong>Jornal tradi\u00e7\u00e3o &#8211; 11 e 12 maio:<\/strong><br \/>\n<a href=\"https:\/\/www.jornaltradicao.com.br\/pelotas\/geral\/a-agua-vai-chegar-a-lugares-que-nunca-foram-atingidos-antes-diz-prefeita-de-pelotas-em-live\/\">https:\/\/www.jornaltradicao.com.br\/pelotas\/geral\/a-agua-vai-chegar-a-lugares-que-nunca-foram-atingidos-antes-diz-prefeita-de-pelotas-em-live\/<\/a><\/li>\n<li><strong>Jornal tradi\u00e7\u00e3o: <\/strong><a href=\"https:\/\/www.jornaltradicao.com.br\/pelotas\/geral\/pelotas-sao-goncalo-atinge-288-metros-mesma-cota-da-enchente-de-1941\/\">https:\/\/www.jornaltradicao.com.br\/pelotas\/geral\/pelotas-sao-goncalo-atinge-288-metros-mesma-cota-da-enchente-de-1941\/<\/a><\/li>\n<li><strong>Jornal tradi\u00e7\u00e3o: <\/strong><a href=\"https:\/\/www.jornaltradicao.com.br\/pelotas\/geral\/prefeitura-de-pelotas-atualiza-mapa-com-areas-em-risco-de-alagamento\/\">https:\/\/www.jornaltradicao.com.br\/pelotas\/geral\/prefeitura-de-pelotas-atualiza-mapa-com-areas-em-risco-de-alagamento\/<\/a><\/li>\n<li><strong>Jornal tradi\u00e7\u00e3o &#8211; 31 maio:\u00a0<\/strong> <a href=\"https:\/\/www.jornaltradicao.com.br\/pelotas\/geral\/pelotas-especialistas-da-sala-de-situacao-explicam-cenario-das-enchentes-na-regiao\/\">https:\/\/www.jornaltradicao.com.br\/pelotas\/geral\/pelotas-especialistas-da-sala-de-situacao-explicam-cenario-das-enchentes-na-regiao\/<\/a><\/li>\n<li><strong>Jornal Tradi\u00e7\u00e3o &#8211; v\u00eddeo mapas de risco &#8211; instagram:<\/strong> <a href=\"https:\/\/www.instagram.com\/reel\/C7w2HbzJDsa\/?igsh=MTMxbW1obHI4ZTR1OQ%3D%3D\">https:\/\/www.instagram.com\/reel\/C7w2HbzJDsa\/?igsh=MTMxbW1obHI4ZTR1OQ%3D%3D<\/a><\/li>\n<li><strong>Jornal tradi\u00e7\u00e3o &#8211; not\u00edcia instagram &#8211; 30 maio:<\/strong><a href=\"https:\/\/www.instagram.com\/p\/C7pLKDftUPG\/\"> https:\/\/www.instagram.com\/p\/C7pLKDftUPG\/<\/a><\/li>\n<li><strong>Jornal Tradi\u00e7\u00e3o &#8211; 6 junho:<\/strong><br \/>\n<a href=\"https:\/\/www.instagram.com\/reel\/C74n4hHJXer\/?igsh=Z3JsZGdlYzExdDFs\">https:\/\/www.instagram.com\/reel\/C74n4hHJXer\/?igsh=Z3JsZGdlYzExdDFs<\/a><br \/>\n<a href=\"https:\/\/www.jornaltradicao.com.br\/pelotas\/geral\/pelotas-sala-de-situacao-mantem-acompanhamento-da-lagoa-e-do-sao-goncalo\/\">https:\/\/www.jornaltradicao.com.br\/pelotas\/geral\/pelotas-sala-de-situacao-mantem-acompanhamento-da-lagoa-e-do-sao-goncalo\/<\/a><br \/>\n<a href=\"https:\/\/www.jornaltradicao.com.br\/pelotas\/geral\/pelotas-prefeita-encerra-atividades-da-sala-de-situacao-e-atualiza-mapa-de-risco\/\">https:\/\/www.jornaltradicao.com.br\/pelotas\/geral\/pelotas-prefeita-encerra-atividades-da-sala-de-situacao-e-atualiza-mapa-de-risco\/<\/a><\/li>\n<li><strong>Jornal Tradi\u00e7\u00e3o &#8211; 6 junho: <\/strong><a href=\"https:\/\/www.jornaltradicao.com.br\/pelotas\/geral\/acervo-fotografico-mantido-pela-ucpel-e-usado-em-estudo-para-monitoramento-do-nivel-da-lagoa-dos-patos-e-canal-sao-goncalo\/\">https:\/\/www.jornaltradicao.com.br\/pelotas\/geral\/acervo-fotografico-mantido-pela-ucpel-e-usado-em-estudo-para-monitoramento-do-nivel-da-lagoa-dos-patos-e-canal-sao-goncalo\/<\/a><\/li>\n<li><strong>Correio do povo &#8211; 11 maio:<\/strong><br \/>\n<a href=\"https:\/\/www.correiodopovo.com.br\/not%C3%ADcias\/chuvasnors\/vila-farroupilha-na-%C3%A1rea-da-rodovi%C3%A1ria-entra-em-%C3%A1rea-de-risco-para-alagamentos-em-pelotas-1.1493620\">https:\/\/www.correiodopovo.com.br\/not%C3%ADcias\/chuvasnors\/vila-farroupilha-na-%C3%A1rea-da-rodovi%C3%A1ria-entra-em-%C3%A1rea-de-risco-para-alagamentos-em-pelotas-1.1493620<\/a><\/li>\n<li><strong>Defesa civil &#8211; 21 maio:<\/strong><br \/>\n<a href=\"https:\/\/www.estado.rs.gov.br\/defesa-civil-alerta-sobre-chuvas-intensas-na-metade-sul-do-estado\">https:\/\/www.estado.rs.gov.br\/defesa-civil-alerta-sobre-chuvas-intensas-na-metade-sul-do-estado<\/a><\/li>\n<li><strong>UCPel &#8211; 4 junho:<\/strong><br \/>\n<a href=\"https:\/\/ucpel.edu.br\/noticias\/acervo-fotografico-mantido-pela-ucpel-e-usado-em-estudo-para-monitoramento-do-nivel-da-lagoa-dos-patos-e-canal-sao-goncalo?fbclid=PAZXh0bgNhZW0CMTEAAaZzkSl-RqCfIfpLVg1BrTPLEH3k9o_rWufsftiotZBMXgPtfXehBgrJ-HA_aem_Adx_cl1Bxw1xSUjP9Ar4J-w9e4s6tcPll6DD9vjMxYBMEtwVDUrl5LSg6rz83T4xFnGQut1WvuW6UVLS6ivsrSAy\">https:\/\/ucpel.edu.br\/noticias\/acervo-fotografico-mantido-pela-ucpel-e-usado-em-estudo-para-monitoramento-do-nivel-da-lagoa-dos-patos-e-canal-sao-goncalo?fbclid=PAZXh0bgNhZW0CMTEAAaZzkSl-RqCfIfpLVg1BrTPLEH3k9o_rWufsftiotZBMXgPtfXehBgrJ-HA_aem_Adx_cl1Bxw1xSUjP9Ar4J-w9e4s6tcPll6DD9vjMxYBMEtwVDUrl5LSg6rz83T4xFnGQut1WvuW6UVLS6ivsrSAy<\/a><\/li>\n<li><strong>Programa Zona Sul em Movimento &#8211; 4 junho:<\/strong><br \/>\n<a href=\"https:\/\/www.youtube.com\/live\/HBv-ng0rbn8?si=RU5VPx9HFODPtGUv\">https:\/\/www.youtube.com\/live\/HBv-ng0rbn8?si=RU5VPx9HFODPtGUv<\/a><\/li>\n<\/ul>\n<p>&nbsp;<\/p>\n<ul>\n<li><strong>SBMAC:<\/strong> <a href=\"https:\/\/www.sbmac.org.br\/2024\/05\/matematica-aplicada-e-computacional-na-gestao-e-tomada-de-decisoes-no-combate-as-cheias-do-rs\/\">Matem\u00e1tica Aplicada e Computacional na gest\u00e3o e tomada de decis\u00f5es no combate \u00e0s cheias do RS \u2013 SBMAC<\/a><\/li>\n<li><strong>Live conjunta SBMAC e SBM:<\/strong> <a href=\"https:\/\/www.sbmac.org.br\/2024\/06\/live-conjunta-da-sbm-e-sbmac-aborda-desafios-das-emergencias-climaticas\/\">Live Conjunta da SBM e SBMAC aborda desafios das Emerg\u00eancias Clim\u00e1ticas \u2013 SBMAC <\/a><\/li>\n<li><a href=\"https:\/\/www.youtube.com\/watch?v=Z-MnfZiyaF4&amp;t=44s\">Emerg\u00eancias clim\u00e1ticas: desafios para a ci\u00eancia e para a sociedade (youtube.com)<\/a><\/li>\n<\/ul>\n<p>&nbsp;<\/p>\n<ul>\n<li><strong>V\u00eddeos de agradecimentos:\u00a0<\/strong><\/li>\n<li><strong>Coronel Facin &#8211; Defesa Civil:<\/strong> <a href=\"https:\/\/www.instagram.com\/reel\/C77Y8gIp8dv\/?igsh=MjVkNXlzZGN0NjZt\">https:\/\/www.instagram.com\/reel\/C77Y8gIp8dv\/?igsh=MjVkNXlzZGN0NjZt<\/a><\/li>\n<li><strong>Prefeita Paula Schild Mascarenhas:<\/strong> <a href=\"https:\/\/www.instagram.com\/reel\/C77pa8xgLDz\/?igsh=MTUwb2ZtYmo3YXB2ag==\">https:\/\/www.instagram.com\/reel\/C77pa8xgLDz\/?igsh=MTUwb2ZtYmo3YXB2ag==<\/a>\u00a0 \u00a0e\u00a0 <a href=\"https:\/\/www.instagram.com\/p\/C75GK8EAxu6\/?igsh=aGJ1aGd0aHJodDZv\">https:\/\/www.instagram.com\/p\/C75GK8EAxu6\/?igsh=aGJ1aGd0aHJodDZv<\/a><\/li>\n<li><strong>Jornal Tradi\u00e7\u00e3o:<\/strong>\u00a0<a href=\"https:\/\/www.instagram.com\/reel\/C74n4hHJXer\/?igsh=Z3JsZGdlYzExdDFs\">https:\/\/www.instagram.com\/reel\/C74n4hHJXer\/?igsh=Z3JsZGdlYzExdDFs<\/a><\/li>\n<li><strong>Encerramento da sala &#8211; equipe t\u00e9cnica:<\/strong> <a href=\"https:\/\/www.instagram.com\/s\/aGlnaGxpZ2h0OjE4MDA5ODA0Njg2NDM1NTg3?story_media_id=3384659394681050433_638595218&amp;igsh=MWcxaWF4bW4wemZrNQ==\">https:\/\/www.instagram.com\/s\/aGlnaGxpZ2h0OjE4MDA5ODA0Njg2NDM1NTg3?story_media_id=3384659394681050433_638595218&amp;igsh=MWcxaWF4bW4wemZrNQ==<\/a><\/li>\n<\/ul>\n<p>&nbsp;<\/p>\n<ul>\n<li><strong>Prefeitura Municipal de Pelotas &#8211; 11 maio: V\u00eddeo profa. Daniela &#8211; <\/strong><a href=\"https:\/\/www.instagram.com\/reel\/C64a_UbOL_Z\/?igsh=MXN5cXhuOXY0bjRxNQ==\">https:\/\/www.instagram.com\/reel\/C64a_UbOL_Z\/?igsh=MXN5cXhuOXY0bjRxNQ==<\/a><\/li>\n<li><div style=\"width: 750px;\" class=\"wp-video\"><video class=\"wp-video-shortcode\" id=\"video-2497-1\" width=\"750\" height=\"1333\" preload=\"metadata\" controls=\"controls\"><source type=\"video\/mp4\" src=\"https:\/\/wp.ufpel.edu.br\/fentransporte\/files\/2024\/10\/Ins504657839_b8470b06c01b45049270dd1ec6fab5ba.mp4?_=1\" \/><a href=\"https:\/\/wp.ufpel.edu.br\/fentransporte\/files\/2024\/10\/Ins504657839_b8470b06c01b45049270dd1ec6fab5ba.mp4\">https:\/\/wp.ufpel.edu.br\/fentransporte\/files\/2024\/10\/Ins504657839_b8470b06c01b45049270dd1ec6fab5ba.mp4<\/a><\/video><\/div><\/li>\n<li><strong>V\u00eddeos da atua\u00e7\u00e3o de todos os pesquisadores e autoridades podem ser encontrados no instagram do PPGMMat:\u00a0<\/strong><\/li>\n<li><a href=\"https:\/\/www.instagram.com\/reel\/C_MSXsNAB3-\/?utm_source=ig_web_copy_link&amp;igsh=MzRlODBiNWFlZA==\">Defesa Civil<\/a><\/li>\n<li><a href=\"https:\/\/www.instagram.com\/reel\/C-a_c-uy8d7\/?utm_source=ig_web_copy_link&amp;igsh=MzRlODBiNWFlZA==\">Prefeita de Pelotas<\/a><\/li>\n<li><a href=\"https:\/\/www.instagram.com\/reel\/C-I01DGphum\/?utm_source=ig_web_copy_link&amp;igsh=MzRlODBiNWFlZA==\">Rodrigo Nobre Fernandes &#8211; Prof, da Economia<\/a><\/li>\n<li><a href=\"https:\/\/www.instagram.com\/reel\/C9u_4H8ptEt\/?utm_source=ig_web_copy_link&amp;igsh=MzRlODBiNWFlZA==\">Daniela Buske &#8211; Regis Quadros &#8211; Leonidas Baltazar &#8211; Modelagem Matem\u00e1tica<\/a><\/li>\n<li><a href=\"https:\/\/www.instagram.com\/reel\/C89m-qoAr4s\/?utm_source=ig_web_copy_link&amp;igsh=MzRlODBiNWFlZA==\">Diuliana Leandro &#8211; Cartografia<\/a><\/li>\n<li><a href=\"https:\/\/www.instagram.com\/reel\/C8xrZMKg5T_\/?utm_source=ig_web_copy_link&amp;igsh=MzRlODBiNWFlZA==\">Mateus Teixeira &#8211; Meteorologia<\/a><\/li>\n<li><a href=\"https:\/\/www.instagram.com\/reel\/C8sw-CHAZD8\/?utm_source=ig_web_copy_link&amp;igsh=MzRlODBiNWFlZA==\">Andr\u00e9 Nunes &#8211; Meteorologia<\/a><\/li>\n<li><a href=\"https:\/\/www.instagram.com\/reel\/C8f0wxegOAz\/?utm_source=ig_web_copy_link&amp;igsh=MzRlODBiNWFlZA==\">Samuel Beskow &#8211; Hidr\u00f3logo<\/a><\/li>\n<li><a href=\"https:\/\/www.instagram.com\/reel\/C8aDg9KJ2Nw\/?utm_source=ig_web_copy_link&amp;igsh=MzRlODBiNWFlZA==\">Henrique Repinaldo &#8211; Meteorologista<\/a><\/li>\n<li><a href=\"https:\/\/www.instagram.com\/reel\/C8VgFngAUJ4\/?utm_source=ig_web_copy_link&amp;igsh=MzRlODBiNWFlZA==\">Marcelo Alonso &#8211; Meteorologista<\/a><\/li>\n<li><a href=\"https:\/\/www.instagram.com\/reel\/C8LSD_jgYYD\/?utm_source=ig_web_copy_link&amp;igsh=MzRlODBiNWFlZA==\">Tamara Beskow &#8211; Hidr\u00f3loga &#8211; Coordenadora da equipe t\u00e9cnica<\/a><\/li>\n<li><a href=\"https:\/\/www.instagram.com\/reel\/C7nC7dhAR_Y\/?utm_source=ig_web_copy_link&amp;igsh=MzRlODBiNWFlZA==\">Modelo Matem\u00e1tico<\/a><\/li>\n<li><a href=\"https:\/\/www.instagram.com\/reel\/C7iCJnBgOpZ\/?utm_source=ig_web_copy_link&amp;igsh=MzRlODBiNWFlZA==\">Registros hist\u00f3ricos<\/a><\/li>\n<li><a href=\"https:\/\/www.instagram.com\/reel\/C7ctJhggAwE\/?utm_source=ig_web_copy_link&amp;igsh=MzRlODBiNWFlZA==\">Mapa inunda\u00e7\u00e3o<\/a><\/li>\n<li><a href=\"https:\/\/www.instagram.com\/reel\/C7U4cLrpHu6\/?utm_source=ig_web_copy_link&amp;igsh=MzRlODBiNWFlZA==\">Mapeamento de risco<\/a><\/li>\n<li><a href=\"https:\/\/www.instagram.com\/reel\/C7T_LY2AQCU\/?utm_source=ig_web_copy_link&amp;igsh=MzRlODBiNWFlZA==\">Processo do mapeamento de risco &#8211; o in\u00edcio<\/a><\/li>\n<li><a href=\"https:\/\/www.instagram.com\/reel\/C7R5yWnATRK\/?utm_source=ig_web_copy_link&amp;igsh=MzRlODBiNWFlZA==\">Trabalho pr\u00e9vio \u00e0 inunda\u00e7\u00e3o<\/a><\/li>\n<\/ul>\n<p>&nbsp;<\/p>\n<ul>\n<li><strong>Primeira reuni\u00e3o da Ag\u00eancia de Desenvolvimento Regional da Zona Sul:<\/strong> <a href=\"https:\/\/ahoradosul.com.br\/conteudos\/2024\/08\/09\/agencia-de-desenvolvimento-tem-primeira-reuniao\/\">Ag\u00eancia de desenvolvimento tem primeira reuni\u00e3o &#8211; A Hora do Sul<\/a><\/li>\n<\/ul>\n<p>&nbsp;<\/p>\n<p>&nbsp;<\/p>\n","protected":false},"excerpt":{"rendered":"<p>As inunda\u00e7\u00f5es catastr\u00f3ficas que assolam o Rio Grande do Sul em 2023 e 2024 demandam abordagens cient\u00edficas e tecnol\u00f3gicas avan\u00e7adas para mitigar seus impactos e orientar a tomada de decis\u00f5es. Nesse contexto, pesquisadores engajados em modelagem matem\u00e1tica e computacional emergem como protagonistas, oferecendo ferramentas anal\u00edticas e num\u00e9ricas, com preditivas fundamentais para a gest\u00e3o eficaz dessa &hellip; <\/p>\n<p><a class=\"more-link btn\" href=\"https:\/\/wp.ufpel.edu.br\/fentransporte\/na-midia-inundacoes-pelotas-2024\/\">Continue lendo<\/a><\/p>\n","protected":false},"author":516,"featured_media":0,"parent":0,"menu_order":0,"comment_status":"closed","ping_status":"closed","template":"","meta":{"footnotes":""},"class_list":["post-2497","page","type-page","status-publish","hentry","nodate","item-wrap"],"jetpack_sharing_enabled":true,"_links":{"self":[{"href":"https:\/\/wp.ufpel.edu.br\/fentransporte\/wp-json\/wp\/v2\/pages\/2497","targetHints":{"allow":["GET"]}}],"collection":[{"href":"https:\/\/wp.ufpel.edu.br\/fentransporte\/wp-json\/wp\/v2\/pages"}],"about":[{"href":"https:\/\/wp.ufpel.edu.br\/fentransporte\/wp-json\/wp\/v2\/types\/page"}],"author":[{"embeddable":true,"href":"https:\/\/wp.ufpel.edu.br\/fentransporte\/wp-json\/wp\/v2\/users\/516"}],"replies":[{"embeddable":true,"href":"https:\/\/wp.ufpel.edu.br\/fentransporte\/wp-json\/wp\/v2\/comments?post=2497"}],"version-history":[{"count":17,"href":"https:\/\/wp.ufpel.edu.br\/fentransporte\/wp-json\/wp\/v2\/pages\/2497\/revisions"}],"predecessor-version":[{"id":2545,"href":"https:\/\/wp.ufpel.edu.br\/fentransporte\/wp-json\/wp\/v2\/pages\/2497\/revisions\/2545"}],"wp:attachment":[{"href":"https:\/\/wp.ufpel.edu.br\/fentransporte\/wp-json\/wp\/v2\/media?parent=2497"}],"curies":[{"name":"wp","href":"https:\/\/api.w.org\/{rel}","templated":true}]}}