{"id":2103,"date":"2020-10-04T21:21:33","date_gmt":"2020-10-05T00:21:33","guid":{"rendered":"https:\/\/wp.ufpel.edu.br\/fentransporte\/?page_id=2103"},"modified":"2023-11-29T00:41:08","modified_gmt":"2023-11-29T03:41:08","slug":"videos","status":"publish","type":"page","link":"https:\/\/wp.ufpel.edu.br\/fentransporte\/videos\/","title":{"rendered":"V\u00eddeos"},"content":{"rendered":"<p>Nesta p\u00e1gina se encontram os links para os trabalhos desenvolvidos por pesquisadores do GDISPEN e seus colaboradores, submetidos para apresenta\u00e7\u00e3o em eventos online nos anos de 2020 e 2021 durante a pandemia de COVID-19.<\/p>\n<p><span style=\"font-size: 14pt;\"><strong>2020:<\/strong><\/span><\/p>\n<ol>\n<li><a href=\"https:\/\/wp.ufpel.edu.br\/siiepe\/\"><strong>SIIEPE UFPel<\/strong><\/a><\/li>\n<\/ol>\n<ul>\n<li>Jonathan Ribeiro da Costa, R\u00e9gis Quadros: <a href=\"https:\/\/www.youtube.com\/watch?v=_VD_JE8VK8s&amp;feature=youtu.be\">Modelagem num\u00e9rica na obten\u00e7\u00e3o de um mecanismo reduzido do g\u00e1s dimetil \u00e9ter.<\/a><\/li>\n<li>Nat\u00e1lia Barros Schaun, Claudio Petersen, Fernanda Tumelero: <a href=\"https:\/\/www.youtube.com\/watch?v=B4BJY15AM70&amp;feature=youtu.be\">Solu\u00e7\u00e3o do modelo da cin\u00e9tica pontual de n\u00eautrons: uma an\u00e1lise dos efeitos dos principais venenos absorvedores de n\u00eautrons no acidente de Chernobyl.<\/a><\/li>\n<li>Eduardo de S\u00e1 Bueno N\u00f3brega, Ruth Brum, Jairo Ramalho, R\u00e9gis Quadros: <a href=\"https:\/\/www.youtube.com\/watch?v=wW_RNhBSj8w&amp;feature=youtu.be\">Comparativo entre modelos anal\u00edticos e num\u00e9ricos de simula\u00e7\u00f5es de trocadores de calor solo-ar.<\/a><\/li>\n<li>Patrick Garcia Machado, Daniela Buske, Ruth Brum: <a href=\"https:\/\/www.youtube.com\/watch?v=7KmmQTF9tY4&amp;feature=youtu.be\">Investiga\u00e7\u00e3o do potencial t\u00e9rmico de trocadores de calor solo-ar em Pelotas &#8211; RS.<\/a><\/li>\n<li>Ana Maria Bersch Domingues, Eduardo de S\u00e1 Bueno N\u00f3brega, Ruth Brum, R\u00e9gis Quadros, Jairo Ramalho: <a href=\"https:\/\/www.youtube.com\/watch?v=CIM5NoEzU7w&amp;feature=youtu.be\">Trocadores de calor solo-ar em Pelotas.<\/a><\/li>\n<li>Franciele da Costa Trassante, Douglas Lindemann, Jairo Ramalho, Joseane Porto: <a href=\"https:\/\/www.youtube.com\/watch?v=qb9HEsc6gAk&amp;feature=youtu.be\">An\u00e1lise de testes estat\u00edsticos para compara\u00e7\u00e3o de dados de esta\u00e7\u00f5es meteorol\u00f3gicas e de rean\u00e1lise para um semestre em Porto Alegre.<\/a><\/li>\n<li>Lucas Lucena Ferreira, Ruth Brum: <a href=\"https:\/\/www.youtube.com\/watch?v=5cnBQIBCM9o\">Estudo de alguns par\u00e2metros f\u00edsicos de um TCSA.<\/a><\/li>\n<li>Rafael Zanovelo Perin, R\u00e9gis Quadros, Armando Awruch: <a href=\"https:\/\/www.youtube.com\/watch?v=GlLLdQlwNqY\">Simula\u00e7\u00e3o num\u00e9rica para sistemas de \u00e1guas rasas da cidade de Pelotas.<\/a> <strong>Trabalho selecionado da \u00e1rea de Exatas no ENPOS<\/strong><\/li>\n<li>Silvana Barbosa Costa Garcia, Guilherme Weymar, Igor Furtado, Hugo Guedes, Daniela Buske: <a href=\"https:\/\/www.youtube.com\/watch?v=KDbnmlxvphY&amp;feature=youtu.be\">Modelagem matem\u00e1tica para dispers\u00e3o de poluentes em um corpo h\u00eddrico.\u00a0\u00a0<\/a><strong>Trabalho selecionado da \u00e1rea Multidisciplinar no ENPOS<\/strong><\/li>\n<li>Andr\u00e9 Rickes, Josiane Konradt, Tamires Fonseca de Almeida, Guilherme Weymar, R\u00e9gis Quadros, Daniela Buske: <a href=\"https:\/\/www.youtube.com\/watch?v=mJ8LG89lkyk&amp;t=23s\">Solu\u00e7\u00e3o do modelo matem\u00e1tico bidimensional para a dispers\u00e3o de poluentes em corpos h\u00eddricos pelo m\u00e9todo GILTT.<\/a><\/li>\n<li>Dominiki Ribas dos Santos, Gl\u00eanio Gon\u00e7alves: <a href=\"https:\/\/www.youtube.com\/watch?v=oNMlZHDIh0o&amp;feature=youtu.be&amp;ab_channel=DominikiRibas\">Simula\u00e7\u00e3o da dispers\u00e3o de odor: um estudo de caso.<\/a><\/li>\n<li>Lucas Berna,\u00a0 Viliam Cardoso da Silveira, Lucas Tadeo, Daniela Buske: <a href=\"https:\/\/www.youtube.com\/watch?v=aPfH8mR5tv0&amp;feature=youtu.be\">Simula\u00e7\u00e3o transiente unidimensional da dispers\u00e3o de poluentes na atmosfera, considerando o fechamento n\u00e3o local da turbul\u00eancia.\u00a0<\/a><\/li>\n<li>Gustavo Braz Kurz, R\u00e9gis Quadros, Gl\u00eanio Gon\u00e7alves, Daniela Buske: <a href=\"https:\/\/www.youtube.com\/watch?v=Hv84LR8-lJs&amp;feature=youtu.be\">An\u00e1lise e proje\u00e7\u00e3o da COVID-19 no munic\u00edpio de Pelotas at\u00e9 26\/09\/2020. <\/a>\u00a0<strong>Trabalho selecionado da \u00e1rea de Exatas no CIC<\/strong><\/li>\n<\/ul>\n<p>&nbsp;<\/p>\n<p><strong>2. <a href=\"https:\/\/eventos.abcm.org.br\/encit2020\/\">ENCIT<\/a><\/strong><\/p>\n<div>\n<ul>\n<li>\u00a0Patrick Machado, Lucas Lucena, Ruth Brum, Daniela Buske: <a href=\"https:\/\/youtu.be\/D5QJoEcB-H0\">A study of some physical parameters of earth-air heat exchangers<\/a>.<\/li>\n<li>Rafael Perin, R\u00e9gis Quadros, Armando Awruch: <a href=\"https:\/\/www.youtube.com\/watch?v=26krNeIfjl8\">Numerical simulation in shallow water at Santa B\u00e1rbara dam<\/a>.<\/li>\n<li>Natalia Schaun, Claudio Petersen, Fernanda Tumelero: <a href=\"https:\/\/www.youtube.com\/watch?v=gSlOtxLSJww&amp;feature=youtu.be\">Solution of the neutrons point kinetics equations by applying the Rosenbrock method<\/a><\/li>\n<li>Ana Maria Domingues, Eduardo N\u00f3brega, Jairo Ramalho, Ruth Brum, R\u00e9gis Quadros: <a href=\"https:\/\/www.youtube.com\/watch?v=JgzMMZGnC4s&amp;feature=youtu.be\">Towards earth-air heat exchangers in Pelotas<\/a><\/li>\n<li>Silvana Garcia, Daniela Buske, Guilherme Weymar, Igor Furtado, Hugo Guedes: <a href=\"https:\/\/www.youtube.com\/watch?v=4WmR5wzXsK4&amp;feature=youtu.be\">Contaminant dispersion model in a water body &#8211; case study: Rio Paraibuna\u00a0\u00a0<\/a><\/li>\n<li>Camila Favero, Glenio Gon\u00e7alves, Daniela Buske: <a href=\"https:\/\/youtu.be\/--45TE1R87w\">A segment plume model considering stochastic velocities for dispersion in stable low wind conditions<\/a><\/li>\n<\/ul>\n<\/div>\n<div><\/div>\n<p>&nbsp;<\/p>\n<p><strong>3.\u00a0 <\/strong><strong><a href=\"https:\/\/www.ufrgs.br\/ermacrs2020\/\">ERMAC RS<\/a><\/strong><\/p>\n<ul>\n<li>Evanildo Franco de Jesus, Daniela Buske, R\u00e9gis Quadros: <a href=\"https:\/\/www.youtube.com\/watch?v=GDwbxfoktCE&amp;feature=youtu.be\">Simula\u00e7\u00e3o num\u00e9rica de chamas difusivas de hidrog\u00eanio utilizando o m\u00e9todo LES<\/a><\/li>\n<li>Leandro Mesquita, Michele Netto, Ruth Brum, Joseane Porto: <a href=\"https:\/\/www.youtube.com\/watch?v=o8RKfJh-tk4&amp;feature=youtu.be\">Simula\u00e7\u00e3o computacional do desempenho t\u00e9rmico de edifica\u00e7\u00f5es<\/a><\/li>\n<li>Patrick Machado, Ruth Brum, Daniela Buske: <a href=\"https:\/\/youtu.be\/78p1Zv7bSdI\">Modelo transiente para avalia\u00e7\u00e3o do potencial t\u00e9rmico de trocadores de calor solo-ar<\/a>.<\/li>\n<li>Eduardo N\u00f3brega, Ana Domingues, Juliana Costi, Ruth Brum, Jairo Ramalho, R\u00e9gis Quadros: <a href=\"https:\/\/www.youtube.com\/watch?v=CVAn2yfA4io&amp;feature=youtu.be\">Determina\u00e7\u00e3o da temperatura do ar na entrada de trocadores de calor solo-ar via dados de esta\u00e7\u00e3o agroclimatol\u00f3gica e rean\u00e1lise\u00a0<\/a><\/li>\n<li>Lucas Tadeo, Viliam Silveira, Lucas Berna, Daniela Buske:\u00a0 <a href=\"https:\/\/youtu.be\/NFgwK5uDZ2s\">Simula\u00e7\u00e3o transiente unidimensional da dispers\u00e3o de poluentes na atmosfera, considerando o fechamento n\u00e3o local da turbul\u00eancia e a componente w do vento<\/a><\/li>\n<li>Tamires Almeida, Andr\u00e9 Rickes, Josiane Konradt, Silvana Garcia, Guilherme Weymar, Igor Furtado, R\u00e9gis Quadros, Daniela Buske: <a href=\"https:\/\/youtu.be\/MosWcz0gHRg\">O m\u00e9todo GILTT aplicado na solu\u00e7\u00e3o do modelo matem\u00e1tico bidimensional para a dispers\u00e3o de poluentes em corpos h\u00eddricos<\/a><\/li>\n<li>Rafael Perin, R\u00e9gis Quadros: <a href=\"https:\/\/www.youtube.com\/watch?v=JPNdcJZuLow\">Modelagem da dispers\u00e3o de merc\u00fario em ambientes aqu\u00e1ticos<\/a><\/li>\n<li>Dominki Ribas, Gl\u00eanio Gon\u00e7alves: <a href=\"https:\/\/youtu.be\/VVwQxEu4_cU\">Dispers\u00e3o de odor em vento fraco com presen\u00e7a de meandros<\/a><\/li>\n<li>Otavio Feitosa, Emily Ramos, Thamires Silva, Leonardo Aguiar, Fabr\u00edcio Harter: <a href=\"https:\/\/youtu.be\/Z3vUZX3GzD4\">Impacto da assimila\u00e7\u00e3o de dados em um caso de ciclog\u00eanese explosiva<\/a><\/li>\n<li>Lucas Marten, Francieli Jorge, Karin Marques, Fabricio Harter: <a href=\"https:\/\/www.youtube.com\/watch?v=ciG39y_lj9E\">Simula\u00e7\u00e3o de um caso de ciclog\u00eanese explosiva no sul do Brasil, pelo modelo WRF inicializado por filtro digital com assimila\u00e7\u00e3o variacional<\/a><\/li>\n<li>Leonardo Alves, Willian Barros, Faricio Harter:<a href=\"https:\/\/youtu.be\/fCTP8LnNmmA\"> Impacto da assimila\u00e7\u00e3o de dados de sondagem e radi\u00e2ncias em evento de ciclog\u00eanese<\/a><\/li>\n<li>Fernanda Tumelero, Viliam Silveira, Guilherme Weymar, Daniela Buske, Regis Quadros, Gl\u00eanio Gon\u00e7alves, Alexandre Athayde, Luciana Piovesan, Igor Furtado: <a href=\"https:\/\/www.youtube.com\/watch?v=XemV275f-h8&amp;feature=youtu.be\">Simula\u00e7\u00e3o para uma trajet\u00f3ria da nuvem de gafanhotos na Argentina em 2020<\/a><\/li>\n<li>Letiane Mielke, Lisanda Pitol, Daniela Buske, Alexandre Athayde, Luciana Piovesan, Gl\u00eanio Gon\u00e7alves, R\u00e9gis Quadros: <a href=\"https:\/\/www.youtube.com\/watch?v=CjUaA3v_bss&amp;feature=youtu.be\">COVID-19 no RS: Uma an\u00e1lise da influ\u00eancia do n\u00famero de reprodu\u00e7\u00e3o di\u00e1rio<\/a><\/li>\n<li>Thiago Santos, Bianca Cata Preta, Luisa Echeverry, Anaclaudia Fassa, Bruno Nunes, In\u00e1cio Crochemore-Silva, Tiago Collares, Regis Quadros, Gl\u00eanio Gon\u00e7alves, Tiago Gandra, Daniela Buske: <a href=\"https:\/\/youtu.be\/Uim6cQXNg-Y\">Leitos hospitalares para COVID-19: necessidade estimada por modelo epidemiol\u00f3gico SEIR adaptado para Pelotas\u00a0<\/a><\/li>\n<li>Daniela Buske, R\u00e9gis Quadros, Gl\u00eanio Gon\u00e7alves, Gustavo Kurz: <a href=\"https:\/\/www.youtube.com\/watch?v=FIuArKckrg8&amp;feature=youtu.be&amp;ab_channel=gustavokurz\">Uma an\u00e1lise da pandemia de COVID-19 em Pelotas \/ RS<\/a><\/li>\n<li>Gustavo Kurz, Daniela Buske, Gl\u00eanio Gon\u00e7alves, R\u00e9gis Quadros: <a href=\"https:\/\/www.youtube.com\/watch?v=L79wirwSC4c&amp;feature=youtu.be&amp;ab_channel=gustavokurz\">An\u00e1lise do n\u00famero de casos e \u00f3bitos por COVID-19 para os munic\u00edpios da 3\u00aa Coordenadoria Regional de Sa\u00fade do estado do Rio Grande do Sul<\/a><\/li>\n<\/ul>\n<div><\/div>\n<p>&nbsp;<\/p>\n<p><span style=\"font-size: 14pt;\"><strong>2021:<\/strong><\/span><\/p>\n<p><strong>SIIEPE UFPel<\/strong> (https:\/\/wp.ufpel.edu.br\/siiepe\/)<\/p>\n<ul>\n<li>PERIN, Rafael Zanovelo; QUADROS, R\u00e9gis Sperotto; AWRUCH, Armando Miguel: SIMULA\u00c7\u00c3O NUM\u00c9RICA DE ROMPIMENTO PARCIAL DA BARRAGEM SANTA B\u00c1RBARA &#8211; https:\/\/www.youtube.com\/watch?v=gFMKd4Na69A&amp;t=6s<\/li>\n<li>PITOL, Lisandra; MIELKE, Letiane Ludwig; WEYMAR, Guilherme Jahnecke; BRUM, Ruth da Silva; BUSKE, Daniela: O PROBLEMA DE BERNOULLI ATRAV\u00c9S DA TRANSFORMADA DE LAPLACE &#8211; https:\/\/youtu.be\/Px7dNijmNLk <strong>Trabalho destaque da \u00e1rea de Ci\u00eancias Exatas e da Terra no ENPOS<\/strong><\/li>\n<li>MACHADO, Patrick; BRUM, Ruth da Silva; BUSKE, Daniela: Um modelo transiente para a entalpia em um trocador de calor solo-ar &#8211; https:\/\/youtu.be\/ikbuArYAPaU<\/li>\n<li>NETTO, Michele; BUSKE, Daniela; WEYMAR, Guilherme Jahnecke; PORTO, Joseane da Silva: Temperatura no solo baseadas em s\u00e9ries de Fourier &#8211; https:\/\/youtu.be\/07crHcijUb0<\/li>\n<li>TONI, P\u00e9tra Thal\u00eda De; RICKES, Andr\u00e9; FURTADO, Igor da Cunha; WEYMAR, Guilherme Jahnecke: MODELO UNIDIMENSIONAL E TRANSIENTE PARA A TRANSF\u00caRENCIA DE CALOR EM UM SILO COM ARROZ: UMA ABORDAGEM PELO M\u00c9TODO DE DIFEREN\u00c7AS FINITAS &#8211; https:\/\/www.youtube.com\/watch?v=GD_8OFyu5hw<\/li>\n<li>KONRADT, Josiane; ALMEIDA, Tamires Fonseca de; FURTADO, Igor da Cunha; WEYMAR, Guilherme Jahnecke; BUSKE, Daniela; QUADROS, R\u00e9gis Sperotto de: UM MODELO MATEM\u00c1TICO PARA ESTUDO DE PROPAGA\u00c7\u00c3O DE CONTAMINANTES EM ATERROS SANIT\u00c1RIOS &#8211; https:\/\/www.youtube.com\/watch?v=qldY0klDc0Q &#8211; <strong>Trabalho destaque da \u00e1rea de Ci\u00eancias Exatas e da Terra no CIC<\/strong><\/li>\n<li>SILVEIRA, Viliam Cardoso da; TADEO, Lucas; BERNA, Lucas da Costa; BUSKE, Daniela: SIMULA\u00c7\u00c3O ANAL\u00cdTICA UNIDIMENSIONAL DA DISPERS\u00c3O DE POLUENTES CONSIDERANDO O FLUXO CONTRA-GRADIENTE &#8211; https:\/\/www.youtube.com\/watch?v=bBMVSYiwhvA<\/li>\n<li>SILVA,Marcos Jean da; NASCIMENTO,Ana Lucia Da Silva; JAVARINI,Lucijacy Peireira; CARVALHO, Jonas da Costa: FOCOS DE CALOR E TRANSPORTE DE AEROSS\u00d3IS NO BRASIL DURANTE O PER\u00cdODO DE 22 A 29 DE SETEMBRO DE 2021 &#8211; https:\/\/www.youtube.com\/watch?v=DQOayPewOrc&amp;ab_channel=MarcosJean<\/li>\n<\/ul>\n<p>&nbsp;<\/p>\n<p><strong>CNMAC<\/strong> (http:\/\/www.cnmac.org.br\/novo\/index.php\/CNMAC\/ano\/2021\/)<\/p>\n<ul>\n<li>NETTO, M. S.; BRUM, R. S. ; PORTO, J. S. ; TRASSANTE, F. C. ; DOMINGUES, A. M. B. ; LINDEMANN, D. S.: An\u00e1lise do conforto t\u00e9rmico de um sistema h\u00edbrido de trocador de calor solo-ar e vidros eletrocr\u00f4micos &#8211; https:\/\/www.youtube.com\/watch?v=bXikjrf74e4<\/li>\n<\/ul>\n<p>&nbsp;<\/p>\n<p>Sem link <strong>SIIEPE<\/strong>:<br \/>\nBURL\u00d3N OLIVERA, Marcos Rafael; NAVARRO PASTOR, Nibia Raquel; BERSH DOMINGUES, Ana Maria: UMA S\u00cdNTESE DE AN\u00c1LISES DE PAR\u00c2METROS DE TROCADORES DE CALOR SOLO-AR ACOPLADOS A PONTES GALVANIZADAS.<\/p>\n<p>NAVARRO PASTOR, Nibia Raquel; BURL\u00d3N OLIVERA, Marcos Rafael; BERSCH DOMINGUES, Ana Mar\u00eda: UMA S\u00cdNTESE DE AN\u00c1LISES DE DESEMPENHO DE TROCADORES DE CALOR SOLO-AR COM A INSER\u00c7\u00c3O DE MATERIAIS GALVANIZADOS NO SOLO<\/p>\n<p>LINDEMANN, Camila Ehlert Lindemann; ZANETTE, Rodrigo; PETERSEN, Claudio Zen: SOLU\u00c7\u00c3O DAS EQUA\u00c7\u00d5ES DA CIN\u00c9TICA PONTUAL DE N\u00caUTRONS PELO M\u00c9TODO DE PICARD PARA REATIVIDADE DEPENDENTE DO TEMPO<\/p>\n<p>DOMINGUES, Ana Maria Bersch; N\u00d3BREGA, Eduardo de S\u00e1 Bueno; RAMALHO, Jairo Val\u00f5es de Alencar; QUADROS, R\u00e9gis Sperotto de; BRUM, Ruth da Silva: SIMULA\u00c7\u00d5ES DE UM TROCADOR DE CALOR SOLO-AR EM RIO GRANDE<\/p>\n<p>TRASSANTE, Franciele da Costa, LINDEMANN, Douglas da Silva, FREITAS, Rose Ane Pereira de, BRUM, Ruth da Silva, RAMALHO, Jairo Val\u00f5es de Alencar: Rela\u00e7\u00e3o entre o fen\u00f4meno El Ni\u00f1o em eventos de onda de frio na cidade de Pelotas &#8211; RS<\/p>\n<p>LOUREN\u00c7O, Marcelo da Silveira Tortolero Araujo; ROCHA, Lucas dos Santos; BACHI, Israel; SCHRAMM, Marcelo: Modelagem Computacional com Aplica\u00e7\u00f5es para a An\u00e1lise de Padr\u00f5es de Manchas de Sangue<\/p>\n","protected":false},"excerpt":{"rendered":"<p>Nesta p\u00e1gina se encontram os links para os trabalhos desenvolvidos por pesquisadores do GDISPEN e seus colaboradores, submetidos para apresenta\u00e7\u00e3o em eventos online nos anos de 2020 e 2021 durante a pandemia de COVID-19. 2020: SIIEPE UFPel Jonathan Ribeiro da Costa, R\u00e9gis Quadros: Modelagem num\u00e9rica na obten\u00e7\u00e3o de um mecanismo reduzido do g\u00e1s dimetil \u00e9ter. &hellip; <\/p>\n<p><a class=\"more-link btn\" href=\"https:\/\/wp.ufpel.edu.br\/fentransporte\/videos\/\">Continue lendo<\/a><\/p>\n","protected":false},"author":516,"featured_media":0,"parent":0,"menu_order":0,"comment_status":"closed","ping_status":"closed","template":"","meta":{"footnotes":""},"class_list":["post-2103","page","type-page","status-publish","hentry","nodate","item-wrap"],"jetpack_sharing_enabled":true,"_links":{"self":[{"href":"https:\/\/wp.ufpel.edu.br\/fentransporte\/wp-json\/wp\/v2\/pages\/2103","targetHints":{"allow":["GET"]}}],"collection":[{"href":"https:\/\/wp.ufpel.edu.br\/fentransporte\/wp-json\/wp\/v2\/pages"}],"about":[{"href":"https:\/\/wp.ufpel.edu.br\/fentransporte\/wp-json\/wp\/v2\/types\/page"}],"author":[{"embeddable":true,"href":"https:\/\/wp.ufpel.edu.br\/fentransporte\/wp-json\/wp\/v2\/users\/516"}],"replies":[{"embeddable":true,"href":"https:\/\/wp.ufpel.edu.br\/fentransporte\/wp-json\/wp\/v2\/comments?post=2103"}],"version-history":[{"count":19,"href":"https:\/\/wp.ufpel.edu.br\/fentransporte\/wp-json\/wp\/v2\/pages\/2103\/revisions"}],"predecessor-version":[{"id":2478,"href":"https:\/\/wp.ufpel.edu.br\/fentransporte\/wp-json\/wp\/v2\/pages\/2103\/revisions\/2478"}],"wp:attachment":[{"href":"https:\/\/wp.ufpel.edu.br\/fentransporte\/wp-json\/wp\/v2\/media?parent=2103"}],"curies":[{"name":"wp","href":"https:\/\/api.w.org\/{rel}","templated":true}]}}