{"id":2064,"date":"2025-08-29T17:11:34","date_gmt":"2025-08-29T20:11:34","guid":{"rendered":"https:\/\/wp.ufpel.edu.br\/fen\/?page_id=2064"},"modified":"2025-08-29T17:11:34","modified_gmt":"2025-08-29T20:11:34","slug":"homologacao-final-do-processo-eleitoral-para-chefia-e-subchefia-do-departamento-de-enfermagem-hospitalar-na-rede-de-atencao-a-saude-dehras-e-do-departamento-de-enfermagem-em-saude-coletiva-desc-da","status":"publish","type":"page","link":"https:\/\/wp.ufpel.edu.br\/fen\/homologacao-final-do-processo-eleitoral-para-chefia-e-subchefia-do-departamento-de-enfermagem-hospitalar-na-rede-de-atencao-a-saude-dehras-e-do-departamento-de-enfermagem-em-saude-coletiva-desc-da\/","title":{"rendered":"HOMOLOGA\u00c7\u00c3O FINAL DO PROCESSO ELEITORAL PARA CHEFIA E SUBCHEFIA DO DEPARTAMENTO DE ENFERMAGEM HOSPITALAR NA REDE DE ATEN\u00c7\u00c3O \u00c0 SA\u00daDE (DEHRAS) E DO DEPARTAMENTO DE ENFERMAGEM EM SA\u00daDE COLETIVA (DESC) DA UNIVERSIDADE FEDERAL DE PELOTAS."},"content":{"rendered":"<p><a href=\"https:\/\/wp.ufpel.edu.br\/fen\/files\/2025\/08\/RESULTADO-FINAL.docx\">Abra aqui: RESULTADO FINAL<\/a><\/p>\n","protected":false},"excerpt":{"rendered":"<p>Abra aqui: RESULTADO FINAL<\/p>\n","protected":false},"author":621,"featured_media":0,"parent":0,"menu_order":0,"comment_status":"closed","ping_status":"closed","template":"","meta":{"footnotes":""},"class_list":["post-2064","page","type-page","status-publish","hentry"],"_links":{"self":[{"href":"https:\/\/wp.ufpel.edu.br\/fen\/wp-json\/wp\/v2\/pages\/2064","targetHints":{"allow":["GET"]}}],"collection":[{"href":"https:\/\/wp.ufpel.edu.br\/fen\/wp-json\/wp\/v2\/pages"}],"about":[{"href":"https:\/\/wp.ufpel.edu.br\/fen\/wp-json\/wp\/v2\/types\/page"}],"author":[{"embeddable":true,"href":"https:\/\/wp.ufpel.edu.br\/fen\/wp-json\/wp\/v2\/users\/621"}],"replies":[{"embeddable":true,"href":"https:\/\/wp.ufpel.edu.br\/fen\/wp-json\/wp\/v2\/comments?post=2064"}],"version-history":[{"count":2,"href":"https:\/\/wp.ufpel.edu.br\/fen\/wp-json\/wp\/v2\/pages\/2064\/revisions"}],"predecessor-version":[{"id":2069,"href":"https:\/\/wp.ufpel.edu.br\/fen\/wp-json\/wp\/v2\/pages\/2064\/revisions\/2069"}],"wp:attachment":[{"href":"https:\/\/wp.ufpel.edu.br\/fen\/wp-json\/wp\/v2\/media?parent=2064"}],"curies":[{"name":"wp","href":"https:\/\/api.w.org\/{rel}","templated":true}]}}