{"id":29,"date":"2017-03-31T14:21:12","date_gmt":"2017-03-31T17:21:12","guid":{"rendered":"https:\/\/wp.ufpel.edu.br\/felinamente\/?page_id=29"},"modified":"2017-11-06T15:09:46","modified_gmt":"2017-11-06T17:09:46","slug":"artigos","status":"publish","type":"page","link":"https:\/\/wp.ufpel.edu.br\/felinamente\/artigos\/","title":{"rendered":"Artigos"},"content":{"rendered":"<p><a href=\"https:\/\/wp.ufpel.edu.br\/felinamente\/files\/2017\/03\/A-castra\u00e7\u00e3o-como-t\u00e9cnica-para-controlar-a-popula\u00e7\u00e3o-de-c\u00e3es-e-gatos.pdf\">A castra\u00e7\u00e3o como t\u00e9cnica para controlar a popula\u00e7\u00e3o de c\u00e3es e gatos<\/a><\/p>\n<p><a href=\"https:\/\/wp.ufpel.edu.br\/felinamente\/files\/2017\/03\/Comportamento-felino-1.pdf\">Aplica\u00e7\u00e3o de conceitos b\u00e1sicos em etologia na cl\u00ednica m\u00e9dica veterin\u00e1ria felina<\/a><\/p>\n<p><a href=\"https:\/\/wp.ufpel.edu.br\/felinamente\/files\/2017\/03\/Como-incentivar-seu-gato-a-beber-\u00e1gua.pdf\">Como incentivar seu gato a beber \u00e1gua<\/a><\/p>\n<p><a href=\"https:\/\/wp.ufpel.edu.br\/felinamente\/files\/2017\/03\/Comportamento-social-de-gatos-dom\u00e9sticos.pdf\">Comportamento social de gatos dom\u00e9sticos<\/a><\/p>\n<p><a href=\"http:\/\/www.scielo.br\/scielo.php?script=sci_arttext&amp;pid=S0100-736X2017000300287&amp;lng=pt&amp;nrm=iso&amp;tlng=en\">Efeito do an\u00e1logo sint\u00e9tico do ferom\u00f4nio facial felino sobre o n\u00edvel de cortisol salivar de gatos dom\u00e9sticos<\/a><\/p>\n<p><a href=\"https:\/\/wp.ufpel.edu.br\/felinamente\/files\/2017\/03\/Gatos-vegetarianos.pdf\">Gatos vegetarianos<\/a><\/p>\n","protected":false},"excerpt":{"rendered":"<p>A castra\u00e7\u00e3o como t\u00e9cnica para controlar a popula\u00e7\u00e3o de c\u00e3es e gatos Aplica\u00e7\u00e3o de conceitos b\u00e1sicos em etologia na cl\u00ednica m\u00e9dica veterin\u00e1ria felina Como incentivar seu gato a beber \u00e1gua Comportamento social de gatos dom\u00e9sticos Efeito do an\u00e1logo sint\u00e9tico do ferom\u00f4nio facial felino sobre o n\u00edvel de cortisol salivar de gatos dom\u00e9sticos Gatos vegetarianos<\/p>\n","protected":false},"author":472,"featured_media":0,"parent":0,"menu_order":3,"comment_status":"closed","ping_status":"closed","template":"","meta":{"footnotes":""},"class_list":["post-29","page","type-page","status-publish","hentry"],"_links":{"self":[{"href":"https:\/\/wp.ufpel.edu.br\/felinamente\/wp-json\/wp\/v2\/pages\/29","targetHints":{"allow":["GET"]}}],"collection":[{"href":"https:\/\/wp.ufpel.edu.br\/felinamente\/wp-json\/wp\/v2\/pages"}],"about":[{"href":"https:\/\/wp.ufpel.edu.br\/felinamente\/wp-json\/wp\/v2\/types\/page"}],"author":[{"embeddable":true,"href":"https:\/\/wp.ufpel.edu.br\/felinamente\/wp-json\/wp\/v2\/users\/472"}],"replies":[{"embeddable":true,"href":"https:\/\/wp.ufpel.edu.br\/felinamente\/wp-json\/wp\/v2\/comments?post=29"}],"version-history":[{"count":10,"href":"https:\/\/wp.ufpel.edu.br\/felinamente\/wp-json\/wp\/v2\/pages\/29\/revisions"}],"predecessor-version":[{"id":323,"href":"https:\/\/wp.ufpel.edu.br\/felinamente\/wp-json\/wp\/v2\/pages\/29\/revisions\/323"}],"wp:attachment":[{"href":"https:\/\/wp.ufpel.edu.br\/felinamente\/wp-json\/wp\/v2\/media?parent=29"}],"curies":[{"name":"wp","href":"https:\/\/api.w.org\/{rel}","templated":true}]}}