{"id":23,"date":"2017-03-31T14:20:38","date_gmt":"2017-03-31T17:20:38","guid":{"rendered":"https:\/\/wp.ufpel.edu.br\/felinamente\/?page_id=23"},"modified":"2019-06-19T13:28:06","modified_gmt":"2019-06-19T16:28:06","slug":"aulas","status":"publish","type":"page","link":"https:\/\/wp.ufpel.edu.br\/felinamente\/aulas\/","title":{"rendered":"Aulas"},"content":{"rendered":"<p>Aulas da disciplina eletiva &#8220;Comportamento e Bem-estar de C\u00e3es e Gatos&#8221;, ministradas pela professora Marta Fernanda Fehlberg<\/p>\n<p><a href=\"https:\/\/wp.ufpel.edu.br\/felinamente\/files\/2019\/03\/1.-Apresenta\u00e7\u00e3o-da-disciplina.pdf\">1. Apresenta\u00e7\u00e3o da disciplina<\/a><\/p>\n<p><a href=\"https:\/\/wp.ufpel.edu.br\/felinamente\/files\/2019\/03\/2.-Conceitos-b\u00e1sicos-I.pdf\">2. Conceitos b\u00e1sicos I<\/a><\/p>\n<p><a href=\"https:\/\/wp.ufpel.edu.br\/felinamente\/files\/2019\/04\/3.-Conceitos-b\u00e1sicos-II.pdf\">3. Conceitos b\u00e1sicos II<\/a><\/p>\n<p><a href=\"https:\/\/wp.ufpel.edu.br\/felinamente\/files\/2019\/04\/1.-Primeiro-trabalho-2019-1.docx\">PRIMEIRO TRABALHO 2019\/1<\/a><\/p>\n<p><a href=\"https:\/\/wp.ufpel.edu.br\/felinamente\/files\/2019\/05\/4.-Problemas-de-comportamento-em-c\u00e3es-e-gatos.pdf\">4. Problemas de comportamento em c\u00e3es e gatos<\/a><\/p>\n<p><a href=\"https:\/\/wp.ufpel.edu.br\/felinamente\/files\/2019\/05\/2.-Segundo-trabalho-2019-1.docx\">SEGUNDO TRABALHO 2019\/1<\/a><\/p>\n<p><a href=\"https:\/\/wp.ufpel.edu.br\/felinamente\/files\/2019\/06\/5.-Qualidade-de-vida-de-c\u00e3es-e-gatos-I.pdf\">5. Qualidade de vida de c\u00e3es e gatos I<\/a><\/p>\n<p><a href=\"https:\/\/wp.ufpel.edu.br\/felinamente\/files\/2019\/06\/6.-Qualidade-de-vida-de-c\u00e3es-e-gatos-II.pdf\">6. Qualidade de vida de c\u00e3es e gatos II<\/a><\/p>\n<p><a href=\"https:\/\/wp.ufpel.edu.br\/felinamente\/files\/2019\/06\/3.-Terceiro-trabalho-2019-1.docx\">TERCEIRO TRABALHO 2019\/1<\/a><\/p>\n<p>&nbsp;<\/p>\n<p>&nbsp;<\/p>\n","protected":false},"excerpt":{"rendered":"<p>Aulas da disciplina eletiva &#8220;Comportamento e Bem-estar de C\u00e3es e Gatos&#8221;, ministradas pela professora Marta Fernanda Fehlberg 1. Apresenta\u00e7\u00e3o da disciplina 2. Conceitos b\u00e1sicos I 3. Conceitos b\u00e1sicos II PRIMEIRO TRABALHO 2019\/1 4. Problemas de comportamento em c\u00e3es e gatos SEGUNDO TRABALHO 2019\/1 5. Qualidade de vida de c\u00e3es e gatos I 6. Qualidade de [&hellip;]<\/p>\n","protected":false},"author":472,"featured_media":0,"parent":0,"menu_order":1,"comment_status":"closed","ping_status":"closed","template":"","meta":{"footnotes":""},"class_list":["post-23","page","type-page","status-publish","hentry"],"_links":{"self":[{"href":"https:\/\/wp.ufpel.edu.br\/felinamente\/wp-json\/wp\/v2\/pages\/23","targetHints":{"allow":["GET"]}}],"collection":[{"href":"https:\/\/wp.ufpel.edu.br\/felinamente\/wp-json\/wp\/v2\/pages"}],"about":[{"href":"https:\/\/wp.ufpel.edu.br\/felinamente\/wp-json\/wp\/v2\/types\/page"}],"author":[{"embeddable":true,"href":"https:\/\/wp.ufpel.edu.br\/felinamente\/wp-json\/wp\/v2\/users\/472"}],"replies":[{"embeddable":true,"href":"https:\/\/wp.ufpel.edu.br\/felinamente\/wp-json\/wp\/v2\/comments?post=23"}],"version-history":[{"count":49,"href":"https:\/\/wp.ufpel.edu.br\/felinamente\/wp-json\/wp\/v2\/pages\/23\/revisions"}],"predecessor-version":[{"id":520,"href":"https:\/\/wp.ufpel.edu.br\/felinamente\/wp-json\/wp\/v2\/pages\/23\/revisions\/520"}],"wp:attachment":[{"href":"https:\/\/wp.ufpel.edu.br\/felinamente\/wp-json\/wp\/v2\/media?parent=23"}],"curies":[{"name":"wp","href":"https:\/\/api.w.org\/{rel}","templated":true}]}}