{"id":933,"date":"2015-01-07T10:46:25","date_gmt":"2015-01-07T12:46:25","guid":{"rendered":"https:\/\/wp.ufpel.edu.br\/federalfm\/?page_id=933"},"modified":"2016-09-28T17:27:45","modified_gmt":"2016-09-28T20:27:45","slug":"federal-bom-dia","status":"publish","type":"page","link":"https:\/\/wp.ufpel.edu.br\/federalfm\/programacao\/programacao-local\/federal-bom-dia\/","title":{"rendered":"Federal Bom Dia"},"content":{"rendered":"<h2>\u00a0<img class=\"alignnone wp-image-1056\" src=\"https:\/\/wp.ufpel.edu.br\/federalfm\/files\/2015\/01\/fed-bom-dia.jpg\" alt=\"fed-bom-dia\" width=\"642\" height=\"130\" srcset=\"https:\/\/wp.ufpel.edu.br\/federalfm\/files\/2015\/01\/fed-bom-dia.jpg 751w, https:\/\/wp.ufpel.edu.br\/federalfm\/files\/2015\/01\/fed-bom-dia-212x43.jpg 212w, https:\/\/wp.ufpel.edu.br\/federalfm\/files\/2015\/01\/fed-bom-dia-424x86.jpg 424w\" sizes=\"(max-width: 642px) 100vw, 642px\" \/><\/h2>\n<h2>Federal Bom Dia<\/h2>\n<p>Programa matinal di\u00e1rio ao vivo com not\u00edcias locais, regionais, estaduais e nacionais,\u00a0 as condi\u00e7\u00f5es das estradas da zona sul, a previs\u00e3o do tempo em parceria com o Centro de Pesquisas e Previs\u00f5es Meteorol\u00f3gicas &#8211; CPPMET\/UFPEL, as not\u00edcias da universidade e a agenda de eventos culturais, sociais e esportivos da regi\u00e3o.<\/p>\n<p><em><span style=\"font-size: 8pt\">Apresenta\u00e7\u00e3o Roberto Engel<\/span><\/em><\/p>\n<p><em><span style=\"font-size: 8pt\">Ao vivo de segunda a sexta \u00e0s 9h.<\/span><\/em><\/p>\n<p>&nbsp;<\/p>\n","protected":false},"excerpt":{"rendered":"<p>\u00a0 Federal Bom Dia Programa matinal di\u00e1rio ao vivo com not\u00edcias locais, regionais, estaduais e nacionais,\u00a0 as condi\u00e7\u00f5es das estradas da zona sul, a previs\u00e3o do tempo em parceria com o Centro de Pesquisas e Previs\u00f5es Meteorol\u00f3gicas &#8211; CPPMET\/UFPEL, as not\u00edcias da universidade e a agenda de eventos culturais, sociais e esportivos da regi\u00e3o. Apresenta\u00e7\u00e3o [&hellip;]<\/p>\n","protected":false},"author":340,"featured_media":0,"parent":226,"menu_order":0,"comment_status":"closed","ping_status":"closed","template":"","meta":{"jetpack_post_was_ever_published":false,"footnotes":""},"class_list":["post-933","page","type-page","status-publish","hentry"],"jetpack_sharing_enabled":true,"jetpack_shortlink":"https:\/\/wp.me\/P6Slcq-f3","_links":{"self":[{"href":"https:\/\/wp.ufpel.edu.br\/federalfm\/wp-json\/wp\/v2\/pages\/933","targetHints":{"allow":["GET"]}}],"collection":[{"href":"https:\/\/wp.ufpel.edu.br\/federalfm\/wp-json\/wp\/v2\/pages"}],"about":[{"href":"https:\/\/wp.ufpel.edu.br\/federalfm\/wp-json\/wp\/v2\/types\/page"}],"author":[{"embeddable":true,"href":"https:\/\/wp.ufpel.edu.br\/federalfm\/wp-json\/wp\/v2\/users\/340"}],"replies":[{"embeddable":true,"href":"https:\/\/wp.ufpel.edu.br\/federalfm\/wp-json\/wp\/v2\/comments?post=933"}],"version-history":[{"count":50,"href":"https:\/\/wp.ufpel.edu.br\/federalfm\/wp-json\/wp\/v2\/pages\/933\/revisions"}],"predecessor-version":[{"id":1058,"href":"https:\/\/wp.ufpel.edu.br\/federalfm\/wp-json\/wp\/v2\/pages\/933\/revisions\/1058"}],"up":[{"embeddable":true,"href":"https:\/\/wp.ufpel.edu.br\/federalfm\/wp-json\/wp\/v2\/pages\/226"}],"wp:attachment":[{"href":"https:\/\/wp.ufpel.edu.br\/federalfm\/wp-json\/wp\/v2\/media?parent=933"}],"curies":[{"name":"wp","href":"https:\/\/api.w.org\/{rel}","templated":true}]}}