{"id":83,"date":"2014-01-06T16:51:49","date_gmt":"2014-01-06T18:51:49","guid":{"rendered":"https:\/\/wp.ufpel.edu.br\/federalfm\/?page_id=83"},"modified":"2014-12-17T18:55:28","modified_gmt":"2014-12-17T20:55:28","slug":"sobre-a-emissora","status":"publish","type":"page","link":"https:\/\/wp.ufpel.edu.br\/federalfm\/sobre-a-emissora\/","title":{"rendered":"Sobre a Emissora"},"content":{"rendered":"<h3 style=\"padding-left: 60px\"><\/h3>\n<p style=\"padding-left: 60px\"><span style=\"font-size: 10pt\"><br \/>\nA R\u00e1dio Federal FM 107.9MHz \u00e9 uma emissora p\u00fablica e educativa da Universidade Federal de Pelotas. Veicula uma programa\u00e7\u00e3o musical ecl\u00e9tica, que abrange diversos estilos musicais, combinada com not\u00edcias e informa\u00e7\u00e3o produzida por servidores da emissora e acad\u00eamicos do curso de Jornalismo da UFPEL, e promove a democratiza\u00e7\u00e3o do acesso \u00e0 informa\u00e7\u00e3o de interesse social e comunit\u00e1rio por meio do r\u00e1dio. <\/span><\/p>\n<p style=\"padding-left: 60px\"><span style=\"font-size: 10pt\">Conhe\u00e7a a hist\u00f3ria da emissora, sua equipe e a estrutura do conselho de programa\u00e7\u00e3o.<\/span><\/p>\n<h5 style=\"padding-left: 60px\"><\/h5>\n<h3 style=\"padding-left: 60px\"><a title=\"Hist\u00f3ria\" href=\"https:\/\/wp.ufpel.edu.br\/federalfm\/sobre-a-emissora\/historia\/\">Hist\u00f3ria<\/a><\/h3>\n<h3 style=\"padding-left: 60px\"><a title=\"Equipe\" href=\"https:\/\/wp.ufpel.edu.br\/federalfm\/sobre-a-emissora\/equipe\/\">Equipe<\/a><\/h3>\n<h3 style=\"padding-left: 60px\"><a title=\"Conselho de Programa\u00e7\u00e3o\" href=\"https:\/\/wp.ufpel.edu.br\/federalfm\/conselho-de-programacao\/\">Conselho de Programa\u00e7\u00e3o<\/a><\/h3>\n","protected":false},"excerpt":{"rendered":"<p>A R\u00e1dio Federal FM 107.9MHz \u00e9 uma emissora p\u00fablica e educativa da Universidade Federal de Pelotas. Veicula uma programa\u00e7\u00e3o musical ecl\u00e9tica, que abrange diversos estilos musicais, combinada com not\u00edcias e informa\u00e7\u00e3o produzida por servidores da emissora e acad\u00eamicos do curso de Jornalismo da UFPEL, e promove a democratiza\u00e7\u00e3o do acesso \u00e0 informa\u00e7\u00e3o de interesse social [&hellip;]<\/p>\n","protected":false},"author":340,"featured_media":0,"parent":0,"menu_order":0,"comment_status":"closed","ping_status":"closed","template":"","meta":{"jetpack_post_was_ever_published":false,"footnotes":""},"class_list":["post-83","page","type-page","status-publish","hentry"],"jetpack_sharing_enabled":true,"jetpack_shortlink":"https:\/\/wp.me\/P6Slcq-1l","_links":{"self":[{"href":"https:\/\/wp.ufpel.edu.br\/federalfm\/wp-json\/wp\/v2\/pages\/83","targetHints":{"allow":["GET"]}}],"collection":[{"href":"https:\/\/wp.ufpel.edu.br\/federalfm\/wp-json\/wp\/v2\/pages"}],"about":[{"href":"https:\/\/wp.ufpel.edu.br\/federalfm\/wp-json\/wp\/v2\/types\/page"}],"author":[{"embeddable":true,"href":"https:\/\/wp.ufpel.edu.br\/federalfm\/wp-json\/wp\/v2\/users\/340"}],"replies":[{"embeddable":true,"href":"https:\/\/wp.ufpel.edu.br\/federalfm\/wp-json\/wp\/v2\/comments?post=83"}],"version-history":[{"count":9,"href":"https:\/\/wp.ufpel.edu.br\/federalfm\/wp-json\/wp\/v2\/pages\/83\/revisions"}],"predecessor-version":[{"id":1020,"href":"https:\/\/wp.ufpel.edu.br\/federalfm\/wp-json\/wp\/v2\/pages\/83\/revisions\/1020"}],"wp:attachment":[{"href":"https:\/\/wp.ufpel.edu.br\/federalfm\/wp-json\/wp\/v2\/media?parent=83"}],"curies":[{"name":"wp","href":"https:\/\/api.w.org\/{rel}","templated":true}]}}