{"id":293,"date":"2014-04-04T17:06:54","date_gmt":"2014-04-04T20:06:54","guid":{"rendered":"https:\/\/wp.ufpel.edu.br\/federalfm\/?page_id=293"},"modified":"2014-06-03T11:44:13","modified_gmt":"2014-06-03T14:44:13","slug":"grito-pampeano","status":"publish","type":"page","link":"https:\/\/wp.ufpel.edu.br\/federalfm\/programacao\/programacao-local\/grito-pampeano\/","title":{"rendered":"Grito Pampeano"},"content":{"rendered":"<h2>HIST\u00d3RICO<\/h2>\n<p>O programa Grito Pampeano visa difundir o folclore musical e os aspectos hist\u00f3rico-culturais do Conesul &#8211; Rio Grande do Sul, Uruguai e Argentina. No ar desde dezembro de 2005 pela R\u00e1dio Federal FM, o programa Grito Pampeano vai ao ar nas quartas \u00e0s 20h e em reprise aos s\u00e1bados \u00e0s 6h da manh\u00e3.<\/p>\n","protected":false},"excerpt":{"rendered":"<p>HIST\u00d3RICO O programa Grito Pampeano visa difundir o folclore musical e os aspectos hist\u00f3rico-culturais do Conesul &#8211; Rio Grande do Sul, Uruguai e Argentina. No ar desde dezembro de 2005 pela R\u00e1dio Federal FM, o programa Grito Pampeano vai ao ar nas quartas \u00e0s 20h e em reprise aos s\u00e1bados \u00e0s 6h da manh\u00e3.<\/p>\n","protected":false},"author":340,"featured_media":0,"parent":226,"menu_order":0,"comment_status":"closed","ping_status":"closed","template":"","meta":{"jetpack_post_was_ever_published":false,"footnotes":""},"class_list":["post-293","page","type-page","status-publish","hentry"],"jetpack_sharing_enabled":true,"jetpack_shortlink":"https:\/\/wp.me\/P6Slcq-4J","_links":{"self":[{"href":"https:\/\/wp.ufpel.edu.br\/federalfm\/wp-json\/wp\/v2\/pages\/293","targetHints":{"allow":["GET"]}}],"collection":[{"href":"https:\/\/wp.ufpel.edu.br\/federalfm\/wp-json\/wp\/v2\/pages"}],"about":[{"href":"https:\/\/wp.ufpel.edu.br\/federalfm\/wp-json\/wp\/v2\/types\/page"}],"author":[{"embeddable":true,"href":"https:\/\/wp.ufpel.edu.br\/federalfm\/wp-json\/wp\/v2\/users\/340"}],"replies":[{"embeddable":true,"href":"https:\/\/wp.ufpel.edu.br\/federalfm\/wp-json\/wp\/v2\/comments?post=293"}],"version-history":[{"count":6,"href":"https:\/\/wp.ufpel.edu.br\/federalfm\/wp-json\/wp\/v2\/pages\/293\/revisions"}],"predecessor-version":[{"id":649,"href":"https:\/\/wp.ufpel.edu.br\/federalfm\/wp-json\/wp\/v2\/pages\/293\/revisions\/649"}],"up":[{"embeddable":true,"href":"https:\/\/wp.ufpel.edu.br\/federalfm\/wp-json\/wp\/v2\/pages\/226"}],"wp:attachment":[{"href":"https:\/\/wp.ufpel.edu.br\/federalfm\/wp-json\/wp\/v2\/media?parent=293"}],"curies":[{"name":"wp","href":"https:\/\/api.w.org\/{rel}","templated":true}]}}

<h2>HISTÓRICO</h2>
<p>O programa Grito Pampeano visa difundir o folclore musical e os aspectos histórico-culturais do Conesul &#8211; Rio Grande do Sul, Uruguai e Argentina. No ar desde dezembro de 2005 pela Rádio Federal FM, o programa Grito Pampeano vai ao ar nas quartas às 20h e em reprise aos sábados às 6h da manhã.</p>

<p>HISTÓRICO O programa Grito Pampeano visa difundir o folclore musical e os aspectos histórico-culturais do Conesul &#8211; Rio Grande do Sul, Uruguai e Argentina. No ar desde dezembro de 2005 pela Rádio Federal FM, o programa Grito Pampeano vai ao ar nas quartas às 20h e em reprise aos sábados às 6h da manhã.</p>
