{"id":141,"date":"2014-01-10T09:48:42","date_gmt":"2014-01-10T11:48:42","guid":{"rendered":"https:\/\/wp.ufpel.edu.br\/federalfm\/?page_id=141"},"modified":"2014-11-17T18:22:00","modified_gmt":"2014-11-17T20:22:00","slug":"edital-0012013","status":"publish","type":"page","link":"https:\/\/wp.ufpel.edu.br\/federalfm\/editais\/edital-0012013\/","title":{"rendered":"Edital 001\/2013"},"content":{"rendered":"<hr \/>\n<p>&nbsp;<\/p>\n<p>&nbsp;<\/p>\n<p>SERVI\u00c7O P\u00daBLICO FEDERAL<br \/>\nMINIST\u00c9RIO DA EDUCA\u00c7\u00c3O<br \/>\nUNIVERSIDADE FEDERAL DE PELOTAS<br \/>\nCOORDENADORIA DE COMUNICA\u00c7\u00c3O SOCIAL<br \/>\nR\u00c1DIO FEDERAL FM<\/p>\n<p>SELE\u00c7\u00c3O DE CONTE\u00daDO DE PROGRAMA\u00c7\u00c3O FEDERAL FM<\/p>\n<p>EDITAL N\u00ba 01 &#8211; PROGRAMA\u00c7\u00c3O FEDERAL FM<\/p>\n<p>A Dire\u00e7\u00e3o da R\u00e1dio Federal FM, \u00f3rg\u00e3o da Coordenadoria de Comunica\u00e7\u00e3o Social (CCS) da Universidade Federal de Pelotas, em parceria com a PREC (Pr\u00f3-Reitoria de Extens\u00e3o e Cultura) torna p\u00fablico que est\u00e3o abertas as inscri\u00e7\u00f5es para a Sele\u00e7\u00e3o de Conte\u00fado Radiof\u00f4nico para Veicula\u00e7\u00e3o na R\u00e1dio Federal FM. As propostas apresentadas dever\u00e3o estar em conson\u00e2ncia com o conceito de Radiodifus\u00e3o Educativa, prezando pela integra\u00e7\u00e3o entre Ensino, Pesquisa e Extens\u00e3o.<\/p>\n<p>1. FINALIDADES DO Edital<br \/>\n1.1. Integrar a comunidade acad\u00eamica \u00e0 produ\u00e7\u00e3o de conte\u00fado da R\u00e1dio Federal FM;<br \/>\n1.2. Contribuir para a qualifica\u00e7\u00e3o e diversifica\u00e7\u00e3o da grade de Programa\u00e7\u00e3o da R\u00e1dio Federal FM;<br \/>\n1.3. Interligar a R\u00e1dio Federal FM \u00e0s atividades acad\u00eamicas de Extens\u00e3o, Ensino e Pesquisa;<br \/>\n1.4. Desenvolver conte\u00fado radiof\u00f4nico que contribua para o desenvolvimento humano e social da comunidade, incentivando a diversidade cultural e a cidadania;<br \/>\n1.5. Selecionar conte\u00fado radiof\u00f4nico proveniente de projetos ou programas cadastrados na PREC.<\/p>\n<p>2. PRINC\u00cdPIOS E CONDI\u00c7\u00d5ES DE PARTICIPA\u00c7\u00c3O<\/p>\n<p>2.1. Poder\u00e3o apresentar propostas estudantes, professores e t\u00e9cnico-administrativos da UFPEL e tamb\u00e9m \u00f3rg\u00e3os da universidade que comunguem dos princ\u00edpios da Radiodifus\u00e3o Educativa, que envolvam a livre express\u00e3o, o direito \u00e0 informa\u00e7\u00e3o, educa\u00e7\u00e3o e cultura.<br \/>\n2.2. Cada projeto poder\u00e1 apresentar apenas uma proposta em cada modalidade, sendo:<br \/>\n2.2.1. Arte e Cultura;<br \/>\n2.2.2. Educa\u00e7\u00e3o e Escola;<br \/>\n2.2.3. Economia e Trabalho;<br \/>\n2.2.4. Cidadania e Comunidade;<br \/>\n2.2.5. Meio Ambiente.<br \/>\n2.3. Os conte\u00fados apresentados dever\u00e3o obedecer \u00e0s diretrizes de natureza acad\u00eamica e de rela\u00e7\u00e3o cidad\u00e3 com a sociedade.<br \/>\n2.4 No momento da inscri\u00e7\u00e3o, todos os proponentes se comprometem \u00e0 elabora\u00e7\u00e3o de, no m\u00ednimo, doze programas.<br \/>\n2.5. Somente ser\u00e3o aceitas propostas em que os produtores se comprometam a elaborar conte\u00fados que sejam originais, pr\u00f3prios e que n\u00e3o contenham pl\u00e1gio ou viola\u00e7\u00e3o a Direitos Autorais de terceiros.<br \/>\n2.6. No momento da inscri\u00e7\u00e3o, os proponentes autorizam a veicula\u00e7\u00e3o na programa\u00e7\u00e3o da Federal FM 107,9, bem como em emissoras parceiras conveniadas e outros suportes como web-r\u00e1dio, blog, redes sociais, podcasts e similares, sem \u00f4nus de qualquer natureza, isentando a emissora de obriga\u00e7\u00f5es civis, trabalhistas ou de propriedade intelectual, resguardada a autoria.<\/p>\n<p>2.7. A Dire\u00e7\u00e3o da R\u00e1dio Federal FM divulgar\u00e1 os selecionados atrav\u00e9s do site da Coordenadoria de Comunica\u00e7\u00e3o (CCS), reservando-se o direito de integr\u00e1-los \u00e0 sua grade de programa\u00e7\u00e3o conforme suas possibilidades de hor\u00e1rio e de acordo com a sua linha de programa\u00e7\u00e3o. Poder\u00e3o ser sugeridas modifica\u00e7\u00f5es e adapta\u00e7\u00f5es para fins de programa\u00e7\u00e3o por parte da emissora.<br \/>\n2.8. Os hor\u00e1rios previstos para veicula\u00e7\u00e3o dos conte\u00fados a serem selecionados encontram-se apontados na grade de programa\u00e7\u00e3o anexa, com a indica\u00e7\u00e3o \u201cedital\u201d.<br \/>\n2.9. A Dire\u00e7\u00e3o da R\u00e1dio Federal FM informa que seguir\u00e1 recebendo propostas de CAMPANHAS e NOT\u00cdCIAS relacionadas \u00e0 comunidade acad\u00eamica e comunidade externa, sempre que apresentem interesse p\u00fablico, mesmo ap\u00f3s o encerramento das datas deste Edital.<br \/>\n2.10. A emissora reserva-se o direito de n\u00e3o preencher todos os hor\u00e1rios previstos para Edital, a crit\u00e9rio da comiss\u00e3o organizadora e conselho de programa\u00e7\u00e3o.<br \/>\n2.11. Todas as propostas dever\u00e3o estar cadastradas no SIEX ou vinculadas a projetos de Extens\u00e3o devidamente cadastrados, apresentando aceite do Coordenador do Projeto.<br \/>\n2.12. Os programas selecionados que necessitarem da utiliza\u00e7\u00e3o dos est\u00fadios da R\u00e1dio Federal FM, dever\u00e3o realizar suas atividades de acordo com a disponibilidade dos mesmos e agendamento.<br \/>\n2.13. Ser\u00e3o aceitas produ\u00e7\u00f5es realizadas em outros locais, incluindo home studios, laborat\u00f3rios ou outros est\u00fadios que n\u00e3o os da R\u00e1dio Federal FM, desde que apresentem qualidade t\u00e9cnica adequada.<\/p>\n<p>3. MODALIDADES DE PROGRAMA\u00c7\u00c3O<\/p>\n<p>3.1. PROGRAMETES<br \/>\n3.1.1. PROGRAMETES CURTOS: Interven\u00e7\u00f5es radiof\u00f4nicas de at\u00e9 cinco (05) minutos de dura\u00e7\u00e3o, com temporada m\u00ednima de 12 edi\u00e7\u00f5es, vinculados uma vez por semana durante os comercias.<br \/>\n3.1.2. PROGRAMETES LONGOS: Interven\u00e7\u00f5es radiof\u00f4nicas de at\u00e9 quinze (15) minutos de dura\u00e7\u00e3o, com temporada m\u00ednima de 12 edi\u00e7\u00f5es.<\/p>\n<p>3.2. PROGRAMAS \u2013 Dia e Hor\u00e1rio Fixos.<br \/>\n3.2.1. PROGRAMA SEMANAL CURTO: Caracteriza-se como a realiza\u00e7\u00e3o m\u00e1xima de at\u00e9 30min de programa\u00e7\u00e3o semanal, com temporada m\u00ednima de 12 edi\u00e7\u00f5es.<br \/>\n3.2.2. PROGRAMA SEMANAL LONGO: Caracteriza-se como a realiza\u00e7\u00e3o m\u00e1xima de at\u00e9 1h de programa\u00e7\u00e3o semanal, com temporada m\u00ednima de 12 edi\u00e7\u00f5es.<\/p>\n<p>4. CRIT\u00c9RIOS DE SELE\u00c7\u00c3O E AVALIA\u00c7\u00c3O<\/p>\n<p>4.1. S\u00e3o crit\u00e9rios de sele\u00e7\u00e3o das propostas:<br \/>\n4.1.1. A adequa\u00e7\u00e3o \u00e0s normas e crit\u00e9rios do edital, com preenchimento correto da ficha de inscri\u00e7\u00e3o e envio de arquivo de \u00e1udio (ou link wetransfer\/dropbox) contendo um piloto de programa em formato mp3 (160 bits) para o e-mail radiofederalfm@gmail.com , com o assunto \u201cINSCRI\u00c7\u00c3O PROGRAMA\u201d. (Eliminat\u00f3rio).<br \/>\n4.1.2. A adequa\u00e7\u00e3o t\u00e9cnica das propostas, considerando-se o tempo de dura\u00e7\u00e3o do programa, a clareza da amostragem sonora, a boa locu\u00e7\u00e3o e apresenta\u00e7\u00e3o, al\u00e9m da concep\u00e7\u00e3o e reda\u00e7\u00e3o de texto. (pontua\u00e7\u00e3o de 0 a 5).<br \/>\n4.1.3. A relev\u00e2ncia cultural e social da proposta, conforme informa\u00e7\u00f5es apresentadas na ficha de inscri\u00e7\u00e3o. (pontua\u00e7\u00e3o de 0 a 5). (Eliminat\u00f3rio 0)<br \/>\n4.1.4. A articula\u00e7\u00e3o entre mais projetos e programas de ensino, pesquisa e extens\u00e3o apontados na justificativa e ficha de inscri\u00e7\u00e3o; (pontua\u00e7\u00e3o de 0 a 5).<br \/>\n4.1.5. A diversidade de \u00e1reas de conhecimento, de unidades acad\u00eamicas e participa\u00e7\u00e3o de organiza\u00e7\u00f5es sociais (comunidade externa) na produ\u00e7\u00e3o dos programas, conforme descrito na justificativa e ficha de inscri\u00e7\u00e3o; (pontua\u00e7\u00e3o de 0 a 5).<br \/>\n4.1.6. Ser\u00e3o aceitas propostas ainda n\u00e3o cadastradas no sistema SIEX. As propostas aprovadas dever\u00e3o providenciar seu cadastro de Extens\u00e3o em at\u00e9 60 dias.<br \/>\n4.1.7. O programa-piloto dever\u00e1 conter informa\u00e7\u00f5es na abertura ou encerramento, apresentando o nome do programa, ficha t\u00e9cnica (produ\u00e7\u00e3o, apresenta\u00e7\u00e3o, reda\u00e7\u00e3o, t\u00e9cnica) e projeto de extens\u00e3o ao qual est\u00e1\/ser\u00e1 vinculado. (Elimat\u00f3rio).<br \/>\n4.1.8. O Cadastro pr\u00e9vio no SIEX ser\u00e1 crit\u00e9rio de desempate entre as propostas.<\/p>\n<p>4.2. A avalia\u00e7\u00e3o das Propostas ser\u00e1 realizada pelo Conselho de Programa\u00e7\u00e3o, contando com a presen\u00e7a de Especialistas das \u00e1reas em an\u00e1lise.<\/p>\n<p>4.3. A Comiss\u00e3o ordenar\u00e1 os programas de acordo com a pontua\u00e7\u00e3o e indicar\u00e1 poss\u00edveis hor\u00e1rios e temporadas de transmiss\u00e3o.<\/p>\n<p>4.4. Os programas selecionados poder\u00e3o ter sua veicula\u00e7\u00e3o prorrogada, a crit\u00e9rio da R\u00e1dio Federal FM.<\/p>\n<p>5. DAS INSCRI\u00c7\u00d5ES E RESULTADOS<\/p>\n<p>5.1. As inscri\u00e7\u00f5es podem ser realizadas pela internet, com envio de e-mail para o endere\u00e7o radiofederalfm@gmail.com com o assunto \u201cINSCRI\u00c7\u00c3O PROGRAMA\u201d, ou diretamente na secretaria da R\u00e1dio Federal FM (Lyceu UFPEL) em hor\u00e1rio comercial, contendo como anexos seguintes anexos abaixo:<br \/>\n5.1.2. Formul\u00e1rio de Inscri\u00e7\u00e3o Preenchido em Todos os Campos e Assinado pelo proponente, com anu\u00eancia do coordenador do Projeto de Extens\u00e3o (caso este n\u00e3o seja o proponente); O anexo dever\u00e1 ser em Formato PDF, contendo as assinaturas vis\u00edveis.<br \/>\n5.1.3. Envio de arquivo de \u00e1udio (ou link wetransfer\/dropbox) contendo um piloto de programa em formato mp3 (160 bits), ou entrega do mesmo em CD.<\/p>\n<p>5.2. As inscri\u00e7\u00f5es encerram-se no dia 20\/12\/2013.<br \/>\n5.3. A divulga\u00e7\u00e3o dos programas selecionados ocorrer\u00e1 preferencialmente at\u00e9 o dia 28\/01\/2014.<br \/>\n5.4. Os programas contemplados n\u00e3o receber\u00e3o nenhum tipo de aporte financeiro por parte da Emissora e ser\u00e3o veiculados de imediato.<br \/>\n5.5. Os programas dever\u00e3o estar em conson\u00e2ncia com a pol\u00edtica de apoio cultural da emissora.<\/p>\n<p>6. DISPOSI\u00c7\u00d5ES GERAIS<br \/>\n6.1. O prazo para a realiza\u00e7\u00e3o das inscri\u00e7\u00f5es \u00e9 20\/12\/2013.<br \/>\n6.2 Os interessados em utilizar os est\u00fadios da Federal FM para grava\u00e7\u00e3o de propostas-piloto poder\u00e3o agendar seu uso pelo telefone (53) 39211569, em hor\u00e1rio comercial ou pelo e-mail radiofederalfm@gmail.com, com o assunto \u201cAgendamento Edital\u201d. O agendamento estar\u00e1 sujeito aos hor\u00e1rios dispon\u00edveis nos est\u00fadios para produ\u00e7\u00e3o interna.<br \/>\n6.3. Os casos omissos ser\u00e3o resolvidos pela comiss\u00e3o organizadora.<\/p>\n<p>LEANDRO ERNESTO MAIA<br \/>\nDIRETOR DA R\u00c1DIO FEDERAL FM<\/p>\n<p>&nbsp;<\/p>\n<hr \/>\n<p>&nbsp;<\/p>\n<p>SERVI\u00c7O P\u00daBLICO FEDERAL<br \/>\nMINIST\u00c9RIO DA EDUCA\u00c7\u00c3O<br \/>\nUNIVERSIDADE FEDERAL DE PELOTAS<br \/>\nCOORDENADORIA DE COMUNICA\u00c7\u00c3O SOCIAL<br \/>\nR\u00c1DIO FEDERAL FM<\/p>\n<p>SELE\u00c7\u00c3O DE CONTE\u00daDO DE PROGRAMA\u00c7\u00c3O FEDERAL FM<br \/>\nEDITAL N\u00ba 01 &#8211; PROGRAMA\u00c7\u00c3O FEDERAL FM<\/p>\n<p>FORMUL\u00c1RIO DE INSCRI\u00c7\u00c3O<br \/>\n1. Dados do proponente<br \/>\nNOME DO PROPONENTE<\/p>\n<p>PROJETO\/PROGRAMA DE EXTENS\u00c3O VINCULADO<br \/>\nCADASTRO SIEX EXTENS\u00c3O<\/p>\n<p>UNIDADE ACAD\u00caMICA<\/p>\n<p>NOME DO PROGRAMA DE R\u00c1DIO<br \/>\nTELEFONE E EMAIL<\/p>\n<p>SITE E BLOG<\/p>\n<p>FICHA T\u00c9CNICA DO PROGRAMA DE R\u00c1DIO (Produ\u00e7\u00e3o, Apresenta\u00e7\u00e3o, T\u00e9cnica, Reda\u00e7\u00e3o).<\/p>\n<p>Nome:<br \/>\nCurso:<br \/>\nFun\u00e7\u00e3o:<\/p>\n<p>Nome:<br \/>\nCurso:<br \/>\nFun\u00e7\u00e3o:<\/p>\n<p>Nome:<br \/>\nCurso:<br \/>\nFun\u00e7\u00e3o:<\/p>\n<p>Nome:<br \/>\nCurso:<br \/>\nFun\u00e7\u00e3o:<\/p>\n<p>CATEGORIA DE INSCRI\u00c7\u00c3O (marque apenas 1)<br \/>\nMODALIDADE (apenas 1)<\/p>\n<p>(\u00a0 ) Programete Curto (at\u00e9 5min)<\/p>\n<p>(\u00a0 ) Programete Longo (at\u00e9 15min)<\/p>\n<p>(\u00a0 ) Programa Curto (at\u00e9 30min)<\/p>\n<p>(\u00a0 ) Programa Longo (at\u00e9 60min).<\/p>\n<p>(\u00a0 ) Arte e Cultura;<br \/>\n(\u00a0 ). Educa\u00e7\u00e3o e Escola;<br \/>\n(\u00a0 ). Economia e Trabalho;<br \/>\n(\u00a0 ). Cidadania e Comunidade;<br \/>\n(\u00a0\u00a0 ). Meio Ambiente.<\/p>\n<p>DESCRI\u00c7\u00c3O do Programa,\u00a0 JUSTIFICATIVA e breve PLANO DE TRABALHO<\/p>\n<p>HOR\u00c1RIOS PREFERENCIAIS PARA VEICULA\u00c7\u00c3O (vide grade em anexo):<br \/>\nDia\/Hora:<\/p>\n<p>DECLARA\u00c7\u00c3O<\/p>\n<p>Declaro, para fins de inscri\u00e7\u00e3o ao EDITAL N\u00ba 01 &#8211; PROGRAMA\u00c7\u00c3O FEDERAL FM, que estou ciente das normas do edital, que sou detentor de todo o conte\u00fado radiof\u00f4nico por mim produzido e que minha proposta \u00e9 original e n\u00e3o fere a propriedade intelectual de terceiros.<\/p>\n<p>Declaro tamb\u00e9m que, caso minha proposta venha a ser selecionada, comprometo-me a produzir VOLUNTARIAMENTE doze (12) edi\u00e7\u00f5es, sem \u00f4nus para a R\u00e1dio Federal FM, emissora Educativa da Universidade Federal de Pelotas.<\/p>\n<p>Autorizo a veicula\u00e7\u00e3o dos programas pela R\u00e1dio Federal FM e sua retransmiss\u00e3o pelas Emissoras parceiras, integrantes da Rede P\u00fablica de R\u00e1dios.<\/p>\n<p>Pelotas, ______ de ____________ de 2013.<\/p>\n<p>Proponente<br \/>\nNome e CPF<\/p>\n<p>Coordenador do Projeto de Extens\u00e3o:<br \/>\nSIEX:<br \/>\nAssinatura:<\/p>\n","protected":false},"excerpt":{"rendered":"<p>&nbsp; &nbsp; SERVI\u00c7O P\u00daBLICO FEDERAL MINIST\u00c9RIO DA EDUCA\u00c7\u00c3O UNIVERSIDADE FEDERAL DE PELOTAS COORDENADORIA DE COMUNICA\u00c7\u00c3O SOCIAL R\u00c1DIO FEDERAL FM SELE\u00c7\u00c3O DE CONTE\u00daDO DE PROGRAMA\u00c7\u00c3O FEDERAL FM EDITAL N\u00ba 01 &#8211; PROGRAMA\u00c7\u00c3O FEDERAL FM A Dire\u00e7\u00e3o da R\u00e1dio Federal FM, \u00f3rg\u00e3o da Coordenadoria de Comunica\u00e7\u00e3o Social (CCS) da Universidade Federal de Pelotas, em parceria com a [&hellip;]<\/p>\n","protected":false},"author":340,"featured_media":0,"parent":92,"menu_order":0,"comment_status":"closed","ping_status":"closed","template":"","meta":{"jetpack_post_was_ever_published":false,"footnotes":""},"class_list":["post-141","page","type-page","status-publish","hentry"],"jetpack_sharing_enabled":true,"jetpack_shortlink":"https:\/\/wp.me\/P6Slcq-2h","_links":{"self":[{"href":"https:\/\/wp.ufpel.edu.br\/federalfm\/wp-json\/wp\/v2\/pages\/141","targetHints":{"allow":["GET"]}}],"collection":[{"href":"https:\/\/wp.ufpel.edu.br\/federalfm\/wp-json\/wp\/v2\/pages"}],"about":[{"href":"https:\/\/wp.ufpel.edu.br\/federalfm\/wp-json\/wp\/v2\/types\/page"}],"author":[{"embeddable":true,"href":"https:\/\/wp.ufpel.edu.br\/federalfm\/wp-json\/wp\/v2\/users\/340"}],"replies":[{"embeddable":true,"href":"https:\/\/wp.ufpel.edu.br\/federalfm\/wp-json\/wp\/v2\/comments?post=141"}],"version-history":[{"count":5,"href":"https:\/\/wp.ufpel.edu.br\/federalfm\/wp-json\/wp\/v2\/pages\/141\/revisions"}],"predecessor-version":[{"id":879,"href":"https:\/\/wp.ufpel.edu.br\/federalfm\/wp-json\/wp\/v2\/pages\/141\/revisions\/879"}],"up":[{"embeddable":true,"href":"https:\/\/wp.ufpel.edu.br\/federalfm\/wp-json\/wp\/v2\/pages\/92"}],"wp:attachment":[{"href":"https:\/\/wp.ufpel.edu.br\/federalfm\/wp-json\/wp\/v2\/media?parent=141"}],"curies":[{"name":"wp","href":"https:\/\/api.w.org\/{rel}","templated":true}]}}