{"id":1156,"date":"2016-09-30T11:33:57","date_gmt":"2016-09-30T14:33:57","guid":{"rendered":"https:\/\/wp.ufpel.edu.br\/federalfm\/?page_id=1156"},"modified":"2016-10-05T11:13:54","modified_gmt":"2016-10-05T14:13:54","slug":"drops","status":"publish","type":"page","link":"https:\/\/wp.ufpel.edu.br\/federalfm\/drops\/","title":{"rendered":"Drops"},"content":{"rendered":"<p><em><strong><img class=\"wp-image-1161 alignleft\" src=\"https:\/\/wp.ufpel.edu.br\/federalfm\/files\/2016\/09\/autour-424x318.png\" alt=\"autour\" width=\"194\" height=\"145\" srcset=\"https:\/\/wp.ufpel.edu.br\/federalfm\/files\/2016\/09\/autour-424x318.png 424w, https:\/\/wp.ufpel.edu.br\/federalfm\/files\/2016\/09\/autour-212x159.png 212w, https:\/\/wp.ufpel.edu.br\/federalfm\/files\/2016\/09\/autour-768x576.png 768w, https:\/\/wp.ufpel.edu.br\/federalfm\/files\/2016\/09\/autour.png 864w\" sizes=\"(max-width: 194px) 100vw, 194px\" \/>Autour de la Chanson<\/strong><\/em><\/p>\n<p>O projeto de pesquisa &#8220;O texto em sala de aula de l\u00edngua francesa\u201d e de extens\u00e3o \u201cIntrodu\u00e7\u00e3o \u00e0 compreens\u00e3o de leitura em l\u00edngua francesa\u201d convida os ouvintes a uma viagem de avi\u00e3o na \u00a0\u201ccompanhia <em>Autour de la chanson\u201d <\/em>para realizar um voo com destina\u00e7\u00f5es diversas.<\/p>\n<p><strong>De seg a sex, \u00e0s 11h45min e \u00a015h45min<\/strong><\/p>\n<p>&nbsp;<\/p>\n<p><em><strong>Faixa <img class=\"wp-image-1162 alignleft\" src=\"https:\/\/wp.ufpel.edu.br\/federalfm\/files\/2016\/09\/faixa-424x318.png\" alt=\"faixa\" width=\"194\" height=\"145\" srcset=\"https:\/\/wp.ufpel.edu.br\/federalfm\/files\/2016\/09\/faixa-424x318.png 424w, https:\/\/wp.ufpel.edu.br\/federalfm\/files\/2016\/09\/faixa-212x159.png 212w, https:\/\/wp.ufpel.edu.br\/federalfm\/files\/2016\/09\/faixa-768x576.png 768w, https:\/\/wp.ufpel.edu.br\/federalfm\/files\/2016\/09\/faixa.png 864w\" sizes=\"(max-width: 194px) 100vw, 194px\" \/>Extra<\/strong><\/em><\/p>\n<p>O programa traz diariamente uma m\u00fasica diferenciada para a programa\u00e7\u00e3o da 107,9. Bandas independentes, m\u00fasicos de outras nacionalidades ou aquele som que marcou uma \u00e9poca contempla o \u201cFaixa Extra\u201d. Quer enviar sua m\u00fasica ou da sua banda? Envie para <a href=\"mailto:radiofederalfm@gmail.com\">radiofederalfm@gmail.com<\/a> ou no facebook da r\u00e1dio.<\/p>\n<p>&nbsp;<\/p>\n<p><strong>De seg a sex, \u00e0s 8h45min, \u00e0s 14h45min e\u00a0 17h45min<\/strong><\/p>\n<p>&nbsp;<\/p>\n<p><img class=\"wp-image-1163 alignleft\" src=\"https:\/\/wp.ufpel.edu.br\/federalfm\/files\/2016\/09\/ciencia-424x318.png\" alt=\"ciencia\" width=\"194\" height=\"146\" srcset=\"https:\/\/wp.ufpel.edu.br\/federalfm\/files\/2016\/09\/ciencia-424x318.png 424w, https:\/\/wp.ufpel.edu.br\/federalfm\/files\/2016\/09\/ciencia-212x159.png 212w, https:\/\/wp.ufpel.edu.br\/federalfm\/files\/2016\/09\/ciencia-768x576.png 768w, https:\/\/wp.ufpel.edu.br\/federalfm\/files\/2016\/09\/ciencia.png 864w\" sizes=\"(max-width: 194px) 100vw, 194px\" \/><\/p>\n<p><em><strong>Federal Ci\u00eancia<\/strong><\/em><\/p>\n<p>Nesse projeto, drops e \u00a0not\u00edcias que apresentam informes,resultados de pesquisa, curiosidades e eventos cient\u00edficos, de abrang\u00eancia institucional, regional, nacional e internacional, utilizando a linguagem jornal\u00edstica do r\u00e1dio, a fim de despertar o interesse dos ouvintes acerca da ci\u00eancia.<\/p>\n<p><strong>De seg a sex, \u00e0s 11h30min, \u00e0s 16h30min e \u00e0s 21h30min<\/strong><\/p>\n<p>&nbsp;<\/p>\n<p><em><strong>Fotografia p<img class=\"wp-image-1164 alignleft\" src=\"https:\/\/wp.ufpel.edu.br\/federalfm\/files\/2016\/09\/fotografia-424x318.png\" alt=\"fotografia\" width=\"194\" height=\"146\" srcset=\"https:\/\/wp.ufpel.edu.br\/federalfm\/files\/2016\/09\/fotografia-424x318.png 424w, https:\/\/wp.ufpel.edu.br\/federalfm\/files\/2016\/09\/fotografia-212x159.png 212w, https:\/\/wp.ufpel.edu.br\/federalfm\/files\/2016\/09\/fotografia-768x576.png 768w, https:\/\/wp.ufpel.edu.br\/federalfm\/files\/2016\/09\/fotografia.png 864w\" sizes=\"(max-width: 194px) 100vw, 194px\" \/>ara ouvir<\/strong><\/em><\/p>\n<p>Dizer\u00a0pra ver \u00e9 uma proposta de divulga\u00e7\u00e3o e discuss\u00e3o sobre os recursos de acessibilidade que podem contribuir com a promo\u00e7\u00e3o da inclus\u00e3o cultural. A proposta \u00e9 uma a\u00e7\u00e3o decorrente de experi\u00eancias realizadas pela equipe proponente dentro do Programa de Extens\u00e3o O Museu do Conhecimento para Todos, do projeto de ensino Fototeca Mem\u00f3ria da UFPel e do projeto de pesquisa Ver sem Olhar, em parceria com o Museu do Doce da UFPel.<\/p>\n<p><strong>De seg a sex, \u00e0s 10h30min, \u00e0s 15h30min e \u00e0s 20h30min<\/strong><\/p>\n<p>&nbsp;<\/p>\n<p><em><strong><img class=\"wp-image-1165 alignleft\" src=\"https:\/\/wp.ufpel.edu.br\/federalfm\/files\/2016\/09\/dica-do-424x318.png\" alt=\"dica-do\" width=\"195\" height=\"146\" srcset=\"https:\/\/wp.ufpel.edu.br\/federalfm\/files\/2016\/09\/dica-do-424x318.png 424w, https:\/\/wp.ufpel.edu.br\/federalfm\/files\/2016\/09\/dica-do-212x159.png 212w, https:\/\/wp.ufpel.edu.br\/federalfm\/files\/2016\/09\/dica-do-768x576.png 768w, https:\/\/wp.ufpel.edu.br\/federalfm\/files\/2016\/09\/dica-do.png 864w\" sizes=\"(max-width: 195px) 100vw, 195px\" \/>Dica do Farmac\u00eautico<\/strong><\/em><\/p>\n<p>P\u00edlulas inform\u00e1ticas com foco em conte\u00fados de sa\u00fade. Visa informar resumidamente sobre determinado assunto escolhido, como, por exemplo, uso de medicamentos, doen\u00e7as e sa\u00fade no geral. Al\u00e9m de informar, objetivo \u00e9 conduzir o ouvinte aos profissionais de sa\u00fade ou at\u00e9 para sites com informa\u00e7\u00f5es detalhadas e confi\u00e1veis sobre o assunto tratado.<\/p>\n<p><strong>De seg a sex, \u00e0s 10h45min<\/strong><\/p>\n<p>&nbsp;<\/p>\n<p><em><strong><img class=\"wp-image-1160 alignleft\" src=\"https:\/\/wp.ufpel.edu.br\/federalfm\/files\/2016\/09\/sin-fronteiras-424x318.png\" alt=\"sin-fronteiras\" width=\"193\" height=\"145\" srcset=\"https:\/\/wp.ufpel.edu.br\/federalfm\/files\/2016\/09\/sin-fronteiras-424x318.png 424w, https:\/\/wp.ufpel.edu.br\/federalfm\/files\/2016\/09\/sin-fronteiras-212x159.png 212w, https:\/\/wp.ufpel.edu.br\/federalfm\/files\/2016\/09\/sin-fronteiras-768x576.png 768w, https:\/\/wp.ufpel.edu.br\/federalfm\/files\/2016\/09\/sin-fronteiras.png 864w\" sizes=\"(max-width: 193px) 100vw, 193px\" \/>Sin Fronteras <\/strong><\/em><\/p>\n<p>Cada programa \u00e9 dedicado a um pa\u00eds hispano americano. Al\u00e9m da an\u00e1lise da cultura e da m\u00fasica do pa\u00eds escolhido, o programa traz as influ\u00eancias\u00a0 da m\u00fasica para o resto do continente, dados sobre m\u00fasicos e os contextos das obras apresentadas.<\/p>\n<p><strong>De seg a sex, \u00e0s 8h15min<\/strong><\/p>\n","protected":false},"excerpt":{"rendered":"<p>Autour de la Chanson O projeto de pesquisa &#8220;O texto em sala de aula de l\u00edngua francesa\u201d e de extens\u00e3o \u201cIntrodu\u00e7\u00e3o \u00e0 compreens\u00e3o de leitura em l\u00edngua francesa\u201d convida os ouvintes a uma viagem de avi\u00e3o na \u00a0\u201ccompanhia Autour de la chanson\u201d para realizar um voo com destina\u00e7\u00f5es diversas. De seg a sex, \u00e0s 11h45min [&hellip;]<\/p>\n","protected":false},"author":181,"featured_media":0,"parent":0,"menu_order":0,"comment_status":"closed","ping_status":"closed","template":"","meta":{"jetpack_post_was_ever_published":false,"footnotes":""},"class_list":["post-1156","page","type-page","status-publish","hentry"],"jetpack_sharing_enabled":true,"jetpack_shortlink":"https:\/\/wp.me\/P6Slcq-iE","_links":{"self":[{"href":"https:\/\/wp.ufpel.edu.br\/federalfm\/wp-json\/wp\/v2\/pages\/1156","targetHints":{"allow":["GET"]}}],"collection":[{"href":"https:\/\/wp.ufpel.edu.br\/federalfm\/wp-json\/wp\/v2\/pages"}],"about":[{"href":"https:\/\/wp.ufpel.edu.br\/federalfm\/wp-json\/wp\/v2\/types\/page"}],"author":[{"embeddable":true,"href":"https:\/\/wp.ufpel.edu.br\/federalfm\/wp-json\/wp\/v2\/users\/181"}],"replies":[{"embeddable":true,"href":"https:\/\/wp.ufpel.edu.br\/federalfm\/wp-json\/wp\/v2\/comments?post=1156"}],"version-history":[{"count":9,"href":"https:\/\/wp.ufpel.edu.br\/federalfm\/wp-json\/wp\/v2\/pages\/1156\/revisions"}],"predecessor-version":[{"id":1234,"href":"https:\/\/wp.ufpel.edu.br\/federalfm\/wp-json\/wp\/v2\/pages\/1156\/revisions\/1234"}],"wp:attachment":[{"href":"https:\/\/wp.ufpel.edu.br\/federalfm\/wp-json\/wp\/v2\/media?parent=1156"}],"curies":[{"name":"wp","href":"https:\/\/api.w.org\/{rel}","templated":true}]}}

<p><em><strong><img class="wp-image-1161 alignleft" src="https://wp.ufpel.edu.br/federalfm/files/2016/09/autour-424x318.png" alt="autour" width="194" height="145" srcset="https://wp.ufpel.edu.br/federalfm/files/2016/09/autour-424x318.png 424w, https://wp.ufpel.edu.br/federalfm/files/2016/09/autour-212x159.png 212w, https://wp.ufpel.edu.br/federalfm/files/2016/09/autour-768x576.png 768w, https://wp.ufpel.edu.br/federalfm/files/2016/09/autour.png 864w" sizes="(max-width: 194px) 100vw, 194px" />Autour de la Chanson</strong></em></p>
<p>O projeto de pesquisa &#8220;O texto em sala de aula de língua francesa” e de extensão “Introdução à compreensão de leitura em língua francesa” convida os ouvintes a uma viagem de avião na  “companhia <em>Autour de la chanson” </em>para realizar um voo com destinações diversas.</p>
<p><strong>De seg a sex, às 11h45min e  15h45min</strong></p>
<p>&nbsp;</p>
<p><em><strong>Faixa <img class="wp-image-1162 alignleft" src="https://wp.ufpel.edu.br/federalfm/files/2016/09/faixa-424x318.png" alt="faixa" width="194" height="145" srcset="https://wp.ufpel.edu.br/federalfm/files/2016/09/faixa-424x318.png 424w, https://wp.ufpel.edu.br/federalfm/files/2016/09/faixa-212x159.png 212w, https://wp.ufpel.edu.br/federalfm/files/2016/09/faixa-768x576.png 768w, https://wp.ufpel.edu.br/federalfm/files/2016/09/faixa.png 864w" sizes="(max-width: 194px) 100vw, 194px" />Extra</strong></em></p>
<p>O programa traz diariamente uma música diferenciada para a programação da 107,9. Bandas independentes, músicos de outras nacionalidades ou aquele som que marcou uma época contempla o “Faixa Extra”. Quer enviar sua música ou da sua banda? Envie para <a href="mailto:radiofederalfm@gmail.com">radiofederalfm@gmail.com</a> ou no facebook da rádio.</p>
<p>&nbsp;</p>
<p><strong>De seg a sex, às 8h45min, às 14h45min e  17h45min</strong></p>
<p>&nbsp;</p>
<p><img class="wp-image-1163 alignleft" src="https://wp.ufpel.edu.br/federalfm/files/2016/09/ciencia-424x318.png" alt="ciencia" width="194" height="146" srcset="https://wp.ufpel.edu.br/federalfm/files/2016/09/ciencia-424x318.png 424w, https://wp.ufpel.edu.br/federalfm/files/2016/09/ciencia-212x159.png 212w, https://wp.ufpel.edu.br/federalfm/files/2016/09/ciencia-768x576.png 768w, https://wp.ufpel.edu.br/federalfm/files/2016/09/ciencia.png 864w" sizes="(max-width: 194px) 100vw, 194px" /></p>
<p><em><strong>Federal Ciência</strong></em></p>
<p>Nesse projeto, drops e  notícias que apresentam informes,resultados de pesquisa, curiosidades e eventos científicos, de abrangência institucional, regional, nacional e internacional, utilizando a linguagem jornalística do rádio, a fim de despertar o interesse dos ouvintes acerca da ciência.</p>
<p><strong>De seg a sex, às 11h30min, às 16h30min e às 21h30min</strong></p>
<p>&nbsp;</p>
<p><em><strong>Fotografia p<img class="wp-image-1164 alignleft" src="https://wp.ufpel.edu.br/federalfm/files/2016/09/fotografia-424x318.png" alt="fotografia" width="194" height="146" srcset="https://wp.ufpel.edu.br/federalfm/files/2016/09/fotografia-424x318.png 424w, https://wp.ufpel.edu.br/federalfm/files/2016/09/fotografia-212x159.png 212w, https://wp.ufpel.edu.br/federalfm/files/2016/09/fotografia-768x576.png 768w, https://wp.ufpel.edu.br/federalfm/files/2016/09/fotografia.png 864w" sizes="(max-width: 194px) 100vw, 194px" />ara ouvir</strong></em></p>
<p>Dizer pra ver é uma proposta de divulgação e discussão sobre os recursos de acessibilidade que podem contribuir com a promoção da inclusão cultural. A proposta é uma ação decorrente de experiências realizadas pela equipe proponente dentro do Programa de Extensão O Museu do Conhecimento para Todos, do projeto de ensino Fototeca Memória da UFPel e do projeto de pesquisa Ver sem Olhar, em parceria com o Museu do Doce da UFPel.</p>
<p><strong>De seg a sex, às 10h30min, às 15h30min e às 20h30min</strong></p>
<p>&nbsp;</p>
<p><em><strong><img class="wp-image-1165 alignleft" src="https://wp.ufpel.edu.br/federalfm/files/2016/09/dica-do-424x318.png" alt="dica-do" width="195" height="146" srcset="https://wp.ufpel.edu.br/federalfm/files/2016/09/dica-do-424x318.png 424w, https://wp.ufpel.edu.br/federalfm/files/2016/09/dica-do-212x159.png 212w, https://wp.ufpel.edu.br/federalfm/files/2016/09/dica-do-768x576.png 768w, https://wp.ufpel.edu.br/federalfm/files/2016/09/dica-do.png 864w" sizes="(max-width: 195px) 100vw, 195px" />Dica do Farmacêutico</strong></em></p>
<p>Pílulas informáticas com foco em conteúdos de saúde. Visa informar resumidamente sobre determinado assunto escolhido, como, por exemplo, uso de medicamentos, doenças e saúde no geral. Além de informar, objetivo é conduzir o ouvinte aos profissionais de saúde ou até para sites com informações detalhadas e confiáveis sobre o assunto tratado.</p>
<p><strong>De seg a sex, às 10h45min</strong></p>
<p>&nbsp;</p>
<p><em><strong><img class="wp-image-1160 alignleft" src="https://wp.ufpel.edu.br/federalfm/files/2016/09/sin-fronteiras-424x318.png" alt="sin-fronteiras" width="193" height="145" srcset="https://wp.ufpel.edu.br/federalfm/files/2016/09/sin-fronteiras-424x318.png 424w, https://wp.ufpel.edu.br/federalfm/files/2016/09/sin-fronteiras-212x159.png 212w, https://wp.ufpel.edu.br/federalfm/files/2016/09/sin-fronteiras-768x576.png 768w, https://wp.ufpel.edu.br/federalfm/files/2016/09/sin-fronteiras.png 864w" sizes="(max-width: 193px) 100vw, 193px" />Sin Fronteras </strong></em></p>
<p>Cada programa é dedicado a um país hispano americano. Além da análise da cultura e da música do país escolhido, o programa traz as influências  da música para o resto do continente, dados sobre músicos e os contextos das obras apresentadas.</p>
<p><strong>De seg a sex, às 8h15min</strong></p>

<p>Autour de la Chanson O projeto de pesquisa &#8220;O texto em sala de aula de língua francesa” e de extensão “Introdução à compreensão de leitura em língua francesa” convida os ouvintes a uma viagem de avião na  “companhia Autour de la chanson” para realizar um voo com destinações diversas. De seg a sex, às 11h45min [&hellip;]</p>
