{"id":1113,"date":"2016-09-30T09:19:08","date_gmt":"2016-09-30T12:19:08","guid":{"rendered":"https:\/\/wp.ufpel.edu.br\/federalfm\/?page_id=1113"},"modified":"2016-09-30T09:39:54","modified_gmt":"2016-09-30T12:39:54","slug":"identidade-visual","status":"publish","type":"page","link":"https:\/\/wp.ufpel.edu.br\/federalfm\/identidade-visual\/","title":{"rendered":"Identidade visual"},"content":{"rendered":"<p>Aqui\u00a0voc\u00ea poder\u00e1 baixar o logotipo da r\u00e1dio Federal FM\u00a0em duas\u00a0vers\u00f5es de arquivos.<\/p>\n<p><img class=\"wp-image-1110\" src=\"https:\/\/wp.ufpel.edu.br\/federalfm\/files\/2016\/09\/LOGO_R\u00c1RIO_PNG.png\" alt=\"logo_rario_png\" width=\"305\" height=\"171\" srcset=\"https:\/\/wp.ufpel.edu.br\/federalfm\/files\/2016\/09\/LOGO_R\u00c1RIO_PNG.png 1780w, https:\/\/wp.ufpel.edu.br\/federalfm\/files\/2016\/09\/LOGO_R\u00c1RIO_PNG-212x119.png 212w, https:\/\/wp.ufpel.edu.br\/federalfm\/files\/2016\/09\/LOGO_R\u00c1RIO_PNG-424x237.png 424w, https:\/\/wp.ufpel.edu.br\/federalfm\/files\/2016\/09\/LOGO_R\u00c1RIO_PNG-768x430.png 768w\" sizes=\"(max-width: 305px) 100vw, 305px\" \/><\/p>\n<p><a href=\"https:\/\/wp.ufpel.edu.br\/federalfm\/files\/2016\/09\/LOGO_R\u00c1RIO_PNG.zip\">Logo Federal FM em PNG<\/a><\/p>\n<p><a href=\"https:\/\/wp.ufpel.edu.br\/federalfm\/files\/2016\/09\/LOGO_R\u00c1DIO_EPS.zip\">Logotipo Federal FM em EPS<\/a><\/p>\n<p>&nbsp;<\/p>\n<p><img class=\"alignnone wp-image-1125\" src=\"https:\/\/wp.ufpel.edu.br\/federalfm\/files\/2016\/09\/frequencia_federalfm-png.png\" alt=\"frequencia_federalfm-png\" width=\"218\" height=\"153\" srcset=\"https:\/\/wp.ufpel.edu.br\/federalfm\/files\/2016\/09\/frequencia_federalfm-png.png 1234w, https:\/\/wp.ufpel.edu.br\/federalfm\/files\/2016\/09\/frequencia_federalfm-png-212x149.png 212w, https:\/\/wp.ufpel.edu.br\/federalfm\/files\/2016\/09\/frequencia_federalfm-png-424x299.png 424w, https:\/\/wp.ufpel.edu.br\/federalfm\/files\/2016\/09\/frequencia_federalfm-png-768x541.png 768w\" sizes=\"(max-width: 218px) 100vw, 218px\" \/><\/p>\n<p><a href=\"https:\/\/wp.ufpel.edu.br\/federalfm\/files\/2016\/09\/frequencia_federalfm-png.zip\">Logo Frequ\u00eancia Federal FM em PNG<\/a><\/p>\n<p><a href=\"https:\/\/wp.ufpel.edu.br\/federalfm\/files\/2016\/09\/Frequencia_federalfm.zip\">Logo Frequ\u00eancia Federal FM em EPS<\/a><\/p>\n","protected":false},"excerpt":{"rendered":"<p>Aqui\u00a0voc\u00ea poder\u00e1 baixar o logotipo da r\u00e1dio Federal FM\u00a0em duas\u00a0vers\u00f5es de arquivos. Logo Federal FM em PNG Logotipo Federal FM em EPS &nbsp; Logo Frequ\u00eancia Federal FM em PNG Logo Frequ\u00eancia Federal FM em EPS<\/p>\n","protected":false},"author":181,"featured_media":0,"parent":0,"menu_order":0,"comment_status":"closed","ping_status":"closed","template":"","meta":{"jetpack_post_was_ever_published":false,"footnotes":""},"class_list":["post-1113","page","type-page","status-publish","hentry"],"jetpack_sharing_enabled":true,"jetpack_shortlink":"https:\/\/wp.me\/P6Slcq-hX","_links":{"self":[{"href":"https:\/\/wp.ufpel.edu.br\/federalfm\/wp-json\/wp\/v2\/pages\/1113","targetHints":{"allow":["GET"]}}],"collection":[{"href":"https:\/\/wp.ufpel.edu.br\/federalfm\/wp-json\/wp\/v2\/pages"}],"about":[{"href":"https:\/\/wp.ufpel.edu.br\/federalfm\/wp-json\/wp\/v2\/types\/page"}],"author":[{"embeddable":true,"href":"https:\/\/wp.ufpel.edu.br\/federalfm\/wp-json\/wp\/v2\/users\/181"}],"replies":[{"embeddable":true,"href":"https:\/\/wp.ufpel.edu.br\/federalfm\/wp-json\/wp\/v2\/comments?post=1113"}],"version-history":[{"count":13,"href":"https:\/\/wp.ufpel.edu.br\/federalfm\/wp-json\/wp\/v2\/pages\/1113\/revisions"}],"predecessor-version":[{"id":1132,"href":"https:\/\/wp.ufpel.edu.br\/federalfm\/wp-json\/wp\/v2\/pages\/1113\/revisions\/1132"}],"wp:attachment":[{"href":"https:\/\/wp.ufpel.edu.br\/federalfm\/wp-json\/wp\/v2\/media?parent=1113"}],"curies":[{"name":"wp","href":"https:\/\/api.w.org\/{rel}","templated":true}]}}