{"id":367,"date":"2023-03-31T07:48:34","date_gmt":"2023-03-31T10:48:34","guid":{"rendered":"https:\/\/wp.ufpel.edu.br\/faurbnobairro\/?page_id=367"},"modified":"2023-04-27T17:03:10","modified_gmt":"2023-04-27T20:03:10","slug":"horta-da-faurb","status":"publish","type":"page","link":"https:\/\/wp.ufpel.edu.br\/faurbnobairro\/horta-da-faurb\/","title":{"rendered":"horta da FAUrb"},"content":{"rendered":"<p><img loading=\"lazy\" decoding=\"async\" class=\"alignnone size-medium wp-image-379\" src=\"https:\/\/wp.ufpel.edu.br\/faurbnobairro\/files\/2023\/04\/marca-2-400x128.png\" alt=\"\" width=\"400\" height=\"128\" srcset=\"https:\/\/wp.ufpel.edu.br\/faurbnobairro\/files\/2023\/04\/marca-2-400x128.png 400w, https:\/\/wp.ufpel.edu.br\/faurbnobairro\/files\/2023\/04\/marca-2-1024x327.png 1024w, https:\/\/wp.ufpel.edu.br\/faurbnobairro\/files\/2023\/04\/marca-2-768x245.png 768w, https:\/\/wp.ufpel.edu.br\/faurbnobairro\/files\/2023\/04\/marca-2-1536x491.png 1536w, https:\/\/wp.ufpel.edu.br\/faurbnobairro\/files\/2023\/04\/marca-2-2048x655.png 2048w, https:\/\/wp.ufpel.edu.br\/faurbnobairro\/files\/2023\/04\/marca-2-619x198.png 619w\" sizes=\"auto, (max-width: 400px) 100vw, 400px\" \/><\/p>\n<p style=\"text-align: justify;\">A\u00e7\u00e3o de extens\u00e3o do projeto FAUrb no Bairro, que pretende revitalizar a horta da Faculdade de Arquitetura e Urbanismo da UFPel, afim de proporcionar a produ\u00e7\u00e3o de alimentos saud\u00e1veis, contribuindo para o meio ambiente, valoriza\u00e7\u00e3o de culturas locais e empoderamento comunit\u00e1rio. Organizada pelo LabCom e LabUrb, da FAUrb\/UFPel.<\/p>\n<p><a href=\"https:\/\/www.instagram.com\/hortafaurb\/\">https:\/\/www.instagram.com\/hortafaurb\/\u00a0<\/a><\/p>\n<p><strong>Atividades iniciais:<\/strong><\/p>\n<p>1 &#8211; Levantamento de pr\u00e9-exist\u00eancia no campus FAUrb\/CA.<\/p>\n<p>2 &#8211; Reuni\u00f5es com o projeto &#8220;Hortas Urbanas&#8221; da UFPel.<\/p>\n<p>3 &#8211; Estudo de viabilidade da Horta Comunit\u00e1ria da FAUrb.<\/p>\n<p>4- A\u00e7\u00f5es de educa\u00e7\u00e3o ambiental em m\u00eddias sociais e programa\u00e7\u00e3o visual.<\/p>\n<p>5 &#8211; Instala\u00e7\u00e3o e manuten\u00e7\u00e3o de &#8220;Composterira&#8221; no sagu\u00e3o da FAUrb.<\/p>\n<p>6 &#8211; Instala\u00e7\u00e3o de floreiras com ervas e temperos para incentivar a re-implanta\u00e7\u00e3o da horta.<\/p>\n<p><img loading=\"lazy\" decoding=\"async\" class=\"alignnone wp-image-393 size-medium\" src=\"https:\/\/wp.ufpel.edu.br\/faurbnobairro\/files\/2023\/04\/1-400x400.jpg\" alt=\"\" width=\"400\" height=\"400\" srcset=\"https:\/\/wp.ufpel.edu.br\/faurbnobairro\/files\/2023\/04\/1-400x400.jpg 400w, https:\/\/wp.ufpel.edu.br\/faurbnobairro\/files\/2023\/04\/1-1024x1024.jpg 1024w, https:\/\/wp.ufpel.edu.br\/faurbnobairro\/files\/2023\/04\/1-200x200.jpg 200w, https:\/\/wp.ufpel.edu.br\/faurbnobairro\/files\/2023\/04\/1-768x768.jpg 768w, https:\/\/wp.ufpel.edu.br\/faurbnobairro\/files\/2023\/04\/1-619x619.jpg 619w, https:\/\/wp.ufpel.edu.br\/faurbnobairro\/files\/2023\/04\/1.jpg 1080w\" sizes=\"auto, (max-width: 400px) 100vw, 400px\" \/><\/p>\n","protected":false},"excerpt":{"rendered":"<p>A\u00e7\u00e3o de extens\u00e3o do projeto FAUrb no Bairro, que pretende revitalizar a horta da Faculdade de Arquitetura e Urbanismo da UFPel, afim de proporcionar a produ\u00e7\u00e3o de alimentos saud\u00e1veis, contribuindo para o meio ambiente, valoriza\u00e7\u00e3o de culturas locais e empoderamento comunit\u00e1rio. Organizada pelo LabCom e LabUrb, da FAUrb\/UFPel. https:\/\/www.instagram.com\/hortafaurb\/\u00a0 Atividades iniciais: 1 &#8211; Levantamento de [&hellip;]<\/p>\n","protected":false},"author":851,"featured_media":0,"parent":0,"menu_order":0,"comment_status":"closed","ping_status":"closed","template":"","meta":{"footnotes":""},"class_list":["post-367","page","type-page","status-publish","hentry"],"_links":{"self":[{"href":"https:\/\/wp.ufpel.edu.br\/faurbnobairro\/wp-json\/wp\/v2\/pages\/367","targetHints":{"allow":["GET"]}}],"collection":[{"href":"https:\/\/wp.ufpel.edu.br\/faurbnobairro\/wp-json\/wp\/v2\/pages"}],"about":[{"href":"https:\/\/wp.ufpel.edu.br\/faurbnobairro\/wp-json\/wp\/v2\/types\/page"}],"author":[{"embeddable":true,"href":"https:\/\/wp.ufpel.edu.br\/faurbnobairro\/wp-json\/wp\/v2\/users\/851"}],"replies":[{"embeddable":true,"href":"https:\/\/wp.ufpel.edu.br\/faurbnobairro\/wp-json\/wp\/v2\/comments?post=367"}],"version-history":[{"count":13,"href":"https:\/\/wp.ufpel.edu.br\/faurbnobairro\/wp-json\/wp\/v2\/pages\/367\/revisions"}],"predecessor-version":[{"id":394,"href":"https:\/\/wp.ufpel.edu.br\/faurbnobairro\/wp-json\/wp\/v2\/pages\/367\/revisions\/394"}],"wp:attachment":[{"href":"https:\/\/wp.ufpel.edu.br\/faurbnobairro\/wp-json\/wp\/v2\/media?parent=367"}],"curies":[{"name":"wp","href":"https:\/\/api.w.org\/{rel}","templated":true}]}}