{"id":252,"date":"2022-09-01T11:36:07","date_gmt":"2022-09-01T14:36:07","guid":{"rendered":"https:\/\/wp.ufpel.edu.br\/faurbnobairro\/?page_id=252"},"modified":"2022-09-29T09:38:48","modified_gmt":"2022-09-29T12:38:48","slug":"projeto-v-porto","status":"publish","type":"page","link":"https:\/\/wp.ufpel.edu.br\/faurbnobairro\/projeto-v-porto\/","title":{"rendered":"Projeto V\/PORTO"},"content":{"rendered":"<p>Nas primeiras duas semanas, a turma de gradua\u00e7\u00e3o de Projeto V fez a caminhografia urbana nos arredores dos terrenos onde ser\u00e3o realizados os trabalhos propostos pela disciplina. A entrega foi feita por interm\u00e9dio de pranchas, as quais est\u00e3o dispon\u00edveis a seguir.<\/p>\n<p><a href=\"https:\/\/drive.google.com\/drive\/folders\/1rhc0OXVGv0K5HQbWmBk-UstzHOWGaKV8?usp=sharing\">Google Drive<\/a><\/p>\n<p><a href=\"https:\/\/wp.ufpel.edu.br\/faurbnobairro\/files\/2022\/09\/PROJETO-V.pdf\">PROJETO V &#8211; An\u00e1lise dos materiais<\/a><\/p>\n","protected":false},"excerpt":{"rendered":"<p>Nas primeiras duas semanas, a turma de gradua\u00e7\u00e3o de Projeto V fez a caminhografia urbana nos arredores dos terrenos onde ser\u00e3o realizados os trabalhos propostos pela disciplina. A entrega foi feita por interm\u00e9dio de pranchas, as quais est\u00e3o dispon\u00edveis a seguir. Google Drive PROJETO V &#8211; An\u00e1lise dos materiais<\/p>\n","protected":false},"author":851,"featured_media":0,"parent":0,"menu_order":0,"comment_status":"closed","ping_status":"closed","template":"","meta":{"footnotes":""},"class_list":["post-252","page","type-page","status-publish","hentry"],"_links":{"self":[{"href":"https:\/\/wp.ufpel.edu.br\/faurbnobairro\/wp-json\/wp\/v2\/pages\/252","targetHints":{"allow":["GET"]}}],"collection":[{"href":"https:\/\/wp.ufpel.edu.br\/faurbnobairro\/wp-json\/wp\/v2\/pages"}],"about":[{"href":"https:\/\/wp.ufpel.edu.br\/faurbnobairro\/wp-json\/wp\/v2\/types\/page"}],"author":[{"embeddable":true,"href":"https:\/\/wp.ufpel.edu.br\/faurbnobairro\/wp-json\/wp\/v2\/users\/851"}],"replies":[{"embeddable":true,"href":"https:\/\/wp.ufpel.edu.br\/faurbnobairro\/wp-json\/wp\/v2\/comments?post=252"}],"version-history":[{"count":3,"href":"https:\/\/wp.ufpel.edu.br\/faurbnobairro\/wp-json\/wp\/v2\/pages\/252\/revisions"}],"predecessor-version":[{"id":305,"href":"https:\/\/wp.ufpel.edu.br\/faurbnobairro\/wp-json\/wp\/v2\/pages\/252\/revisions\/305"}],"wp:attachment":[{"href":"https:\/\/wp.ufpel.edu.br\/faurbnobairro\/wp-json\/wp\/v2\/media?parent=252"}],"curies":[{"name":"wp","href":"https:\/\/api.w.org\/{rel}","templated":true}]}}