{"id":52,"date":"2016-10-07T13:06:05","date_gmt":"2016-10-07T16:06:05","guid":{"rendered":"https:\/\/wp.ufpel.edu.br\/faurb\/?page_id=52"},"modified":"2025-09-29T11:37:18","modified_gmt":"2025-09-29T14:37:18","slug":"publicacoes","status":"publish","type":"page","link":"https:\/\/wp.ufpel.edu.br\/faurb\/publicacoes\/","title":{"rendered":"Publica\u00e7\u00f5es"},"content":{"rendered":"<p><span style=\"color: #838080; font-family: Verdana,Arial,Helvetica,sans-serif; font-size: xx-small;\">Espa\u00e7o para divulga\u00e7\u00e3o de produ\u00e7\u00e3o dos professores.<\/span><\/p>\n<p><span class=\"Titulo1-Tabela\"><a href=\"https:\/\/periodicos.ufpel.edu.br\/index.php\/Projectare\">Revista Projectare<\/a><\/span><\/p>\n<p><span class=\"Titulo1-Tabela\"><a href=\"https:\/\/periodicos.ufpel.edu.br\/index.php\/pixo\/index\">Revista Pixo<\/a><\/span><\/p>\n","protected":false},"excerpt":{"rendered":"<p>Espa\u00e7o para divulga\u00e7\u00e3o de produ\u00e7\u00e3o dos professores. Revista Projectare Revista Pixo<\/p>\n","protected":false},"author":296,"featured_media":0,"parent":0,"menu_order":0,"comment_status":"closed","ping_status":"closed","template":"","meta":{"jetpack_post_was_ever_published":false,"footnotes":""},"class_list":["post-52","page","type-page","status-publish","hentry"],"jetpack_sharing_enabled":true,"jetpack_shortlink":"https:\/\/wp.me\/P7YVy4-Q","jetpack-related-posts":[],"_links":{"self":[{"href":"https:\/\/wp.ufpel.edu.br\/faurb\/wp-json\/wp\/v2\/pages\/52","targetHints":{"allow":["GET"]}}],"collection":[{"href":"https:\/\/wp.ufpel.edu.br\/faurb\/wp-json\/wp\/v2\/pages"}],"about":[{"href":"https:\/\/wp.ufpel.edu.br\/faurb\/wp-json\/wp\/v2\/types\/page"}],"author":[{"embeddable":true,"href":"https:\/\/wp.ufpel.edu.br\/faurb\/wp-json\/wp\/v2\/users\/296"}],"replies":[{"embeddable":true,"href":"https:\/\/wp.ufpel.edu.br\/faurb\/wp-json\/wp\/v2\/comments?post=52"}],"version-history":[{"count":3,"href":"https:\/\/wp.ufpel.edu.br\/faurb\/wp-json\/wp\/v2\/pages\/52\/revisions"}],"predecessor-version":[{"id":3701,"href":"https:\/\/wp.ufpel.edu.br\/faurb\/wp-json\/wp\/v2\/pages\/52\/revisions\/3701"}],"wp:attachment":[{"href":"https:\/\/wp.ufpel.edu.br\/faurb\/wp-json\/wp\/v2\/media?parent=52"}],"curies":[{"name":"wp","href":"https:\/\/api.w.org\/{rel}","templated":true}]}}