{"id":49,"date":"2016-10-07T13:05:05","date_gmt":"2016-10-07T16:05:05","guid":{"rendered":"https:\/\/wp.ufpel.edu.br\/faurb\/?page_id=49"},"modified":"2025-05-29T15:34:16","modified_gmt":"2025-05-29T18:34:16","slug":"tecnicos-administrativos","status":"publish","type":"page","link":"https:\/\/wp.ufpel.edu.br\/faurb\/tecnicos-administrativos\/","title":{"rendered":"T\u00e9cnicos Administrativos"},"content":{"rendered":"<p>T\u00c9CNICOS ADMINISTRATIVOS:<\/p>\n<table width=\"678\">\n<tbody>\n<tr>\n<td width=\"329\"><strong>Nome<\/strong><\/td>\n<td width=\"343\"><strong>Cargo<\/strong><\/td>\n<\/tr>\n<tr>\n<td width=\"329\">ANTONIO CARLOS DE FREITAS CLEFF<\/td>\n<td width=\"343\">T\u00e9cnico em Eletrot\u00e9cnica<\/td>\n<\/tr>\n<tr>\n<td width=\"329\">CAMILA DA CUNHA SILVEIRA<\/td>\n<td width=\"343\">Assistente em Administra\u00e7\u00e3o<\/td>\n<\/tr>\n<tr>\n<td width=\"329\">CINTIA GRUPPELLI DA SILVA<\/td>\n<td width=\"343\">T\u00e9cnico em Artes Gr\u00e1ficas<\/td>\n<\/tr>\n<tr>\n<td width=\"329\">CRISTIANE DITTGEN MIRITZ<\/td>\n<td width=\"343\">Assistente em Administra\u00e7\u00e3o<\/td>\n<\/tr>\n<tr>\n<td width=\"329\">CRISTIANE DOS SANTOS NUNES<\/td>\n<td width=\"343\">Assistente em Administra\u00e7\u00e3o<\/td>\n<\/tr>\n<tr>\n<td width=\"329\">DIEGO PACHECO NOGUEIRA<\/td>\n<td width=\"343\">Assistente em Administra\u00e7\u00e3o<\/td>\n<\/tr>\n<tr>\n<td width=\"329\">FERNANDO STEPHAN MARRONI<\/td>\n<td width=\"343\">AFASTADO\u00a0&#8211; Engenheiro<\/td>\n<\/tr>\n<tr>\n<td width=\"329\">IVANA PATRICIA IAHNKE STEIM<\/td>\n<td width=\"343\">Analista de Tecnologia da Informa\u00e7\u00e3o<\/td>\n<\/tr>\n<tr>\n<td width=\"329\">JOSE EMIR RODRIGUES GONCALVES<\/td>\n<td width=\"343\">Auxiliar de Carpintaria<\/td>\n<\/tr>\n<tr>\n<td width=\"329\">LET\u00cdCIA DEMARI ANTUNES<\/td>\n<td width=\"343\">Auxiliar em Administra\u00e7\u00e3o<\/td>\n<\/tr>\n<tr>\n<td width=\"329\">LIADER DA SILVA OLIVEIRA<\/td>\n<td width=\"343\">Engenheiro<\/td>\n<\/tr>\n<tr>\n<td width=\"329\">NEUSA MARIA PRISCO GASQUE<\/td>\n<td width=\"343\">Assistente em Administra\u00e7\u00e3o<\/td>\n<\/tr>\n<tr>\n<td width=\"329\">PLINIO RIBEIRO FILHO<\/td>\n<td width=\"343\">Vigilante<\/td>\n<\/tr>\n<tr>\n<td width=\"329\">RENATA SILVA DE GARCIA<\/td>\n<td width=\"343\">Assistente em Administra\u00e7\u00e3o<\/td>\n<\/tr>\n<tr>\n<td width=\"329\">R\u00d3GER CHALMES BRAGA<\/td>\n<td width=\"343\">Assistente em Administra\u00e7\u00e3o<\/td>\n<\/tr>\n<\/tbody>\n<\/table>\n<p><\/p>\n","protected":false},"excerpt":{"rendered":"<p>T\u00c9CNICOS ADMINISTRATIVOS: Nome Cargo ANTONIO CARLOS DE FREITAS CLEFF T\u00e9cnico em Eletrot\u00e9cnica CAMILA DA CUNHA SILVEIRA Assistente em Administra\u00e7\u00e3o CINTIA GRUPPELLI DA SILVA T\u00e9cnico em Artes Gr\u00e1ficas CRISTIANE DITTGEN MIRITZ Assistente em Administra\u00e7\u00e3o CRISTIANE DOS SANTOS NUNES Assistente em Administra\u00e7\u00e3o DIEGO PACHECO NOGUEIRA Assistente em Administra\u00e7\u00e3o FERNANDO STEPHAN MARRONI AFASTADO\u00a0&#8211; Engenheiro IVANA PATRICIA IAHNKE STEIM [&hellip;]<\/p>\n","protected":false},"author":296,"featured_media":0,"parent":0,"menu_order":0,"comment_status":"closed","ping_status":"closed","template":"","meta":{"jetpack_post_was_ever_published":false,"footnotes":""},"class_list":["post-49","page","type-page","status-publish","hentry"],"jetpack_sharing_enabled":true,"jetpack_shortlink":"https:\/\/wp.me\/P7YVy4-N","jetpack-related-posts":[],"_links":{"self":[{"href":"https:\/\/wp.ufpel.edu.br\/faurb\/wp-json\/wp\/v2\/pages\/49","targetHints":{"allow":["GET"]}}],"collection":[{"href":"https:\/\/wp.ufpel.edu.br\/faurb\/wp-json\/wp\/v2\/pages"}],"about":[{"href":"https:\/\/wp.ufpel.edu.br\/faurb\/wp-json\/wp\/v2\/types\/page"}],"author":[{"embeddable":true,"href":"https:\/\/wp.ufpel.edu.br\/faurb\/wp-json\/wp\/v2\/users\/296"}],"replies":[{"embeddable":true,"href":"https:\/\/wp.ufpel.edu.br\/faurb\/wp-json\/wp\/v2\/comments?post=49"}],"version-history":[{"count":13,"href":"https:\/\/wp.ufpel.edu.br\/faurb\/wp-json\/wp\/v2\/pages\/49\/revisions"}],"predecessor-version":[{"id":3601,"href":"https:\/\/wp.ufpel.edu.br\/faurb\/wp-json\/wp\/v2\/pages\/49\/revisions\/3601"}],"wp:attachment":[{"href":"https:\/\/wp.ufpel.edu.br\/faurb\/wp-json\/wp\/v2\/media?parent=49"}],"curies":[{"name":"wp","href":"https:\/\/api.w.org\/{rel}","templated":true}]}}