{"id":3684,"date":"2025-09-25T09:17:13","date_gmt":"2025-09-25T12:17:13","guid":{"rendered":"https:\/\/wp.ufpel.edu.br\/faurb\/?page_id=3684"},"modified":"2025-09-25T09:39:11","modified_gmt":"2025-09-25T12:39:11","slug":"setores","status":"publish","type":"page","link":"https:\/\/wp.ufpel.edu.br\/faurb\/setores\/","title":{"rendered":"Setores"},"content":{"rendered":"<p><strong><em><u>Dire\u00e7\u00e3o<\/u><\/em><\/strong><\/p>\n<p>Diretor: Antonio Cesar Silveira Baptista da Silva<\/p>\n<p>Vice-Diretor: Charlei Marcelo Paliga<\/p>\n<p>Secretaria da Unidade: Cristiane dos Santos Nunes<\/p>\n<p>&nbsp;<\/p>\n<p><strong><em><u>N\u00facleo Administrativo<\/u><\/em><\/strong><\/p>\n<p>Chefe de N\u00facleo: Diego Pacheco Nogueira<\/p>\n<p>Chefe de N\u00facleo adjunto: Roger Chalmes Braga<\/p>\n<p>&nbsp;<\/p>\n<p><strong><em><u>Departamento de Arquitetura e Urbanismo (DAURB)<\/u><\/em><\/strong><\/p>\n<p>Chefe de Departamento: Luisa Rodrigues Felix\u00a0Dalla Vecchia<\/p>\n<p>Subchefe de Departamento: Ricardo Luis Sampaio Pintado<\/p>\n<p>Secretaria: Neusa Maria Prisco Gasque<\/p>\n<p>&nbsp;<\/p>\n<p><strong><em><u>Departamento da Tecnologia da Constru\u00e7\u00e3o (DTC)<\/u><\/em><\/strong><\/p>\n<p>Chefe de Departamento: F\u00e1bio Kellermann Schramm<\/p>\n<p>Subchefe de Departamento: Charlei Marcelo Paliga<\/p>\n<p>Secretaria: Renata Silva de Garcia<\/p>\n<p>&nbsp;<\/p>\n<p><strong><em><u>Colegiado do Curso de Gradua\u00e7\u00e3o em Arquitetura e Urbanismo<\/u><\/em><\/strong><\/p>\n<p>Coordenadora do Curso: Isabel Tourinho Salamoni<\/p>\n<p>Coordenadora Adjunta do Curso: Ana Paula Polidori Zechlinski<\/p>\n<p>Secretaria: Camila da Cunha Silveira<\/p>\n<p>&nbsp;<\/p>\n<p><strong><em><u>Programa de P\u00f3s-Gradua\u00e7\u00e3o em Arquitetura e Urbanismo (PROGRAU)<\/u><\/em><\/strong><\/p>\n<p>Coordenadora: Celina Maria Britto Correa<\/p>\n<p>Coordenadora Adjunta: Natalia Naumova<\/p>\n<p>Secretaria: Cristiane Dittgen Miritz, Roger Chalmes Braga<\/p>\n<p>&nbsp;<\/p>\n<p><strong><em><u>Especializa\u00e7\u00e3o em Gr\u00e1fica Digital a Dist\u00e2ncia<\/u><\/em><\/strong><\/p>\n<p>Coordenadora: Tassia de Borges Vasconselos<\/p>\n<p>Coordenadora Adjunta: Luisa Rodrigues F\u00e9lix Dalla Vecchia<\/p>\n<p>Secretaria: C\u00edntia Gruppelli da Silva<\/p>\n<p>&nbsp;<\/p>\n","protected":false},"excerpt":{"rendered":"<p>Dire\u00e7\u00e3o Diretor: Antonio Cesar Silveira Baptista da Silva Vice-Diretor: Charlei Marcelo Paliga Secretaria da Unidade: Cristiane dos Santos Nunes &nbsp; N\u00facleo Administrativo Chefe de N\u00facleo: Diego Pacheco Nogueira Chefe de N\u00facleo adjunto: Roger Chalmes Braga &nbsp; Departamento de Arquitetura e Urbanismo (DAURB) Chefe de Departamento: Luisa Rodrigues Felix\u00a0Dalla Vecchia Subchefe de Departamento: Ricardo Luis Sampaio [&hellip;]<\/p>\n","protected":false},"author":190,"featured_media":0,"parent":0,"menu_order":0,"comment_status":"closed","ping_status":"closed","template":"","meta":{"jetpack_post_was_ever_published":false,"footnotes":""},"class_list":["post-3684","page","type-page","status-publish","hentry"],"jetpack_sharing_enabled":true,"jetpack_shortlink":"https:\/\/wp.me\/P7YVy4-Xq","jetpack-related-posts":[],"_links":{"self":[{"href":"https:\/\/wp.ufpel.edu.br\/faurb\/wp-json\/wp\/v2\/pages\/3684","targetHints":{"allow":["GET"]}}],"collection":[{"href":"https:\/\/wp.ufpel.edu.br\/faurb\/wp-json\/wp\/v2\/pages"}],"about":[{"href":"https:\/\/wp.ufpel.edu.br\/faurb\/wp-json\/wp\/v2\/types\/page"}],"author":[{"embeddable":true,"href":"https:\/\/wp.ufpel.edu.br\/faurb\/wp-json\/wp\/v2\/users\/190"}],"replies":[{"embeddable":true,"href":"https:\/\/wp.ufpel.edu.br\/faurb\/wp-json\/wp\/v2\/comments?post=3684"}],"version-history":[{"count":3,"href":"https:\/\/wp.ufpel.edu.br\/faurb\/wp-json\/wp\/v2\/pages\/3684\/revisions"}],"predecessor-version":[{"id":3692,"href":"https:\/\/wp.ufpel.edu.br\/faurb\/wp-json\/wp\/v2\/pages\/3684\/revisions\/3692"}],"wp:attachment":[{"href":"https:\/\/wp.ufpel.edu.br\/faurb\/wp-json\/wp\/v2\/media?parent=3684"}],"curies":[{"name":"wp","href":"https:\/\/api.w.org\/{rel}","templated":true}]}}