{"id":194,"date":"2018-03-26T11:10:27","date_gmt":"2018-03-26T14:10:27","guid":{"rendered":"https:\/\/wp.ufpel.edu.br\/faurb\/?page_id=194"},"modified":"2020-12-16T14:50:44","modified_gmt":"2020-12-16T17:50:44","slug":"documentos-do-colegiado","status":"publish","type":"page","link":"https:\/\/wp.ufpel.edu.br\/faurb\/documentos-do-colegiado\/","title":{"rendered":"Documentos e Formul\u00e1rios"},"content":{"rendered":"<p><span style=\"color: #ff0000\">*NOVO<\/span><\/p>\n<p><span style=\"color: #ff0000\"> Termo de autoriza\u00e7\u00e3o para inserir TCC (Gradua\u00e7\u00e3o) e TCCP Especializa\u00e7\u00e3o nas bases de dados da UFPel<\/span><\/p>\n<p><a href=\"https:\/\/wp.ufpel.edu.br\/sisbi\/files\/2017\/05\/Termo-tcc-e-especializacao.pdf\" target=\"_blank\" rel=\"noopener noreferrer nofollow\">Clique para acessar o Termo-tcc-e-especializacao.pdf<\/a><\/p>\n<p>&nbsp;<\/p>\n<p><span style=\"color: #ff0000\">Termo de autoriza\u00e7\u00e3o para inserir teses e disserta\u00e7\u00f5es nas bases de dados da UFPel e IBICT<\/span><\/p>\n<p><a href=\"https:\/\/wp.ufpel.edu.br\/sisbi\/files\/2017\/05\/Termo-dissertacao-e-tese.pdf\" target=\"_blank\" rel=\"noopener noreferrer nofollow\">Clique para acessar o Termo-dissertacao-e-tese.pdf<\/a><\/p>\n<p>&nbsp;<\/p>\n<p>Solicita\u00e7\u00e3o de Quebra de Pr\u00e9-Requisito<\/p>\n<iframe src=\"\/\/docs.google.com\/viewer?url=https%3A%2F%2Fwp.ufpel.edu.br%2Ffaurb%2Ffiles%2F2019%2F11%2FQuebra-de-pr%C3%A9-requisito-1.pdf&hl=pt_BR&embedded=true\" class=\"gde-frame\" style=\"width:100%; height:500px; border: none;\" scrolling=\"no\"><\/iframe>\n<p class=\"gde-text\"><a href=\"https:\/\/wp.ufpel.edu.br\/faurb\/files\/2019\/11\/Quebra-de-pr\u00e9-requisito-1.pdf\" class=\"gde-link\">Download (PDF, 10KB)<\/a><\/p>\n<p>&nbsp;<\/p>\n<p>Solicita\u00e7\u00e3o de Quebra de Pr\u00e9-Requisito COCEPE<\/p>\n<iframe src=\"\/\/docs.google.com\/viewer?url=https%3A%2F%2Fwp.ufpel.edu.br%2Ffaurb%2Ffiles%2F2019%2F11%2FFormulario_para_recurso_de_QUEBRA_DE_PRE_REQUISITO_CG.pdf&hl=pt_BR&embedded=true\" class=\"gde-frame\" style=\"width:100%; height:500px; border: none;\" scrolling=\"no\"><\/iframe>\n<p class=\"gde-text\"><a href=\"https:\/\/wp.ufpel.edu.br\/faurb\/files\/2019\/11\/Formulario_para_recurso_de_QUEBRA_DE_PRE_REQUISITO_CG.pdf\" class=\"gde-link\">Download (PDF, 11KB)<\/a><\/p>\n<p>&nbsp;<\/p>\n<p><span style=\"color: #ff0000\"><span style=\"color: #000000\">Requerimento para solicita\u00e7\u00e3o de revis\u00e3o de Projeto<\/span><\/span><\/p>\n<iframe src=\"\/\/docs.google.com\/viewer?url=https%3A%2F%2Fwp.ufpel.edu.br%2Ffaurb%2Ffiles%2F2019%2F07%2FREQUERIMENTO-PARA-SOLICITAR-VISTAS-OU-REVIS%C3%83O-DE-PROJETO.doc&hl=pt_BR&embedded=true\" class=\"gde-frame\" style=\"width:100%; height:500px; border: none;\" scrolling=\"no\"><\/iframe>\n<p class=\"gde-text\"><a href=\"https:\/\/wp.ufpel.edu.br\/faurb\/files\/2019\/07\/REQUERIMENTO-PARA-SOLICITAR-VISTAS-OU-REVIS\u00c3O-DE-PROJETO.doc\" class=\"gde-link\">Download (DOC, 25KB)<\/a><\/p>\n<p>&nbsp;<\/p>\n<p><span style=\"color: #ff0000\"><span style=\"color: #000000\">Requerimento para solicita\u00e7\u00e3o de revis\u00e3o de Prova<\/span><\/span><\/p>\n<iframe src=\"\/\/docs.google.com\/viewer?url=https%3A%2F%2Fwp.ufpel.edu.br%2Ffaurb%2Ffiles%2F2019%2F07%2FREQUERIMENTO-PARA-SOLICITAR-VISTAS-OU-REVIS%C3%83O-DE-PROVAS-2013.doc&hl=pt_BR&embedded=true\" class=\"gde-frame\" style=\"width:100%; height:500px; border: none;\" scrolling=\"no\"><\/iframe>\n<p class=\"gde-text\"><a href=\"https:\/\/wp.ufpel.edu.br\/faurb\/files\/2019\/07\/REQUERIMENTO-PARA-SOLICITAR-VISTAS-OU-REVIS\u00c3O-DE-PROVAS-2013.doc\" class=\"gde-link\">Download (DOC, 25KB)<\/a><\/p>\n<p>&nbsp;<\/p>\n<p>Formul\u00e1rio de sugest\u00f5es para elabora\u00e7\u00e3o de hor\u00e1rios:<\/p>\n<iframe src=\"\/\/docs.google.com\/viewer?url=https%3A%2F%2Fwp.ufpel.edu.br%2Ffaurb%2Ffiles%2F2020%2F12%2FFICHA-ALTERACAO-DE-HORARIOS-1.doc&hl=pt_BR&embedded=true\" class=\"gde-frame\" style=\"width:100%; height:500px; border: none;\" scrolling=\"no\"><\/iframe>\n<p class=\"gde-text\"><a href=\"https:\/\/wp.ufpel.edu.br\/faurb\/files\/2020\/12\/FICHA-ALTERACAO-DE-HORARIOS-1.doc\" class=\"gde-link\">Download (DOC, 51KB)<\/a><\/p>\n<p>&nbsp;<\/p>\n<p>Autoriza\u00e7\u00e3o para realizar Matr\u00edcula Especial em outro curso:<\/p>\n<iframe src=\"\/\/docs.google.com\/viewer?url=https%3A%2F%2Fwp.ufpel.edu.br%2Ffaurb%2Ffiles%2F2019%2F03%2FAUTORIZA%C3%87%C3%83O-MATRICULA-ESPECIAL.pdf&hl=pt_BR&embedded=true\" class=\"gde-frame\" style=\"width:100%; height:500px; border: none;\" scrolling=\"no\"><\/iframe>\n<p class=\"gde-text\"><a href=\"https:\/\/wp.ufpel.edu.br\/faurb\/files\/2019\/03\/AUTORIZA\u00c7\u00c3O-MATRICULA-ESPECIAL.pdf\" class=\"gde-link\">Download (PDF, 28KB)<\/a><\/p>\n<p>&nbsp;<\/p>\n<p>Requerimento de Registro de Atividades (N\u00facleo de Forma\u00e7\u00e3o Complementar e N\u00facleo de Forma\u00e7\u00e3o Livre):<\/p>\n<iframe src=\"\/\/docs.google.com\/viewer?url=https%3A%2F%2Fwp.ufpel.edu.br%2Ffaurb%2Ffiles%2F2018%2F10%2FDoc-For.-Compl.-Livre.pdf&hl=pt_BR&embedded=true\" class=\"gde-frame\" style=\"width:100%; height:500px; border: none;\" scrolling=\"no\"><\/iframe>\n<p class=\"gde-text\"><a href=\"https:\/\/wp.ufpel.edu.br\/faurb\/files\/2018\/10\/Doc-For.-Compl.-Livre.pdf\" class=\"gde-link\">Download (PDF, 75KB)<\/a><\/p>\n<p>&nbsp;<\/p>\n<p>Aproveitamento de disciplinas:<\/p>\n<iframe src=\"\/\/docs.google.com\/viewer?url=https%3A%2F%2Fwp.ufpel.edu.br%2Ffaurb%2Ffiles%2F2018%2F04%2FAproveitamento_2014.doc&hl=pt_BR&embedded=true\" class=\"gde-frame\" style=\"width:100%; height:500px; border: none;\" scrolling=\"no\"><\/iframe>\n<p class=\"gde-text\"><a href=\"https:\/\/wp.ufpel.edu.br\/faurb\/files\/2018\/04\/Aproveitamento_2014.doc\" class=\"gde-link\">Download (DOC, 48KB)<\/a><\/p>\n<p>&nbsp;<\/p>\n<p>Trancamento de disciplinas:<\/p>\n<iframe src=\"\/\/docs.google.com\/viewer?url=https%3A%2F%2Fwp.ufpel.edu.br%2Ffaurb%2Ffiles%2F2018%2F04%2Ftrancamento-de-disciplina-2.docx&hl=pt_BR&embedded=true\" class=\"gde-frame\" style=\"width:100%; height:500px; border: none;\" scrolling=\"no\"><\/iframe>\n<p class=\"gde-text\"><a href=\"https:\/\/wp.ufpel.edu.br\/faurb\/files\/2018\/04\/trancamento-de-disciplina-2.docx\" class=\"gde-link\">Download (DOCX, 2.46MB)<\/a><\/p>\n<p>&nbsp;<\/p>\n<p>Atestado M\u00e9dico:<\/p>\n<iframe src=\"\/\/docs.google.com\/viewer?url=https%3A%2F%2Fwp.ufpel.edu.br%2Ffaurb%2Ffiles%2F2018%2F04%2FRequerimento-de-Aluno.doc&hl=pt_BR&embedded=true\" class=\"gde-frame\" style=\"width:100%; height:500px; border: none;\" scrolling=\"no\"><\/iframe>\n<p class=\"gde-text\"><a href=\"https:\/\/wp.ufpel.edu.br\/faurb\/files\/2018\/04\/Requerimento-de-Aluno.doc\" class=\"gde-link\">Download (DOC, 31KB)<\/a><\/p>\n<p>&nbsp;<\/p>\n<p>Requerimento para solicitar revis\u00e3o de TFG:<\/p>\n<iframe src=\"\/\/docs.google.com\/viewer?url=https%3A%2F%2Fwp.ufpel.edu.br%2Ffaurb%2Ffiles%2F2019%2F12%2FREQUERIMENTO-PARA-SOLICITAR-REVIS%C3%83O-DE-TFG.doc&hl=pt_BR&embedded=true\" class=\"gde-frame\" style=\"width:100%; height:500px; border: none;\" scrolling=\"no\"><\/iframe>\n<p class=\"gde-text\"><a href=\"https:\/\/wp.ufpel.edu.br\/faurb\/files\/2019\/12\/REQUERIMENTO-PARA-SOLICITAR-REVIS\u00c3O-DE-TFG.doc\" class=\"gde-link\">Download (DOC, 26KB)<\/a><\/p>\n","protected":false},"excerpt":{"rendered":"<p>*NOVO Termo de autoriza\u00e7\u00e3o para inserir TCC (Gradua\u00e7\u00e3o) e TCCP Especializa\u00e7\u00e3o nas bases de dados da UFPel Clique para acessar o Termo-tcc-e-especializacao.pdf &nbsp; Termo de autoriza\u00e7\u00e3o para inserir teses e disserta\u00e7\u00f5es nas bases de dados da UFPel e IBICT Clique para acessar o Termo-dissertacao-e-tese.pdf &nbsp; Solicita\u00e7\u00e3o de Quebra de Pr\u00e9-Requisito &nbsp; Solicita\u00e7\u00e3o de Quebra de [&hellip;]<\/p>\n","protected":false},"author":831,"featured_media":0,"parent":0,"menu_order":0,"comment_status":"closed","ping_status":"closed","template":"","meta":{"jetpack_post_was_ever_published":false,"footnotes":""},"class_list":["post-194","page","type-page","status-publish","hentry"],"jetpack_sharing_enabled":true,"jetpack_shortlink":"https:\/\/wp.me\/P7YVy4-38","jetpack-related-posts":[],"_links":{"self":[{"href":"https:\/\/wp.ufpel.edu.br\/faurb\/wp-json\/wp\/v2\/pages\/194","targetHints":{"allow":["GET"]}}],"collection":[{"href":"https:\/\/wp.ufpel.edu.br\/faurb\/wp-json\/wp\/v2\/pages"}],"about":[{"href":"https:\/\/wp.ufpel.edu.br\/faurb\/wp-json\/wp\/v2\/types\/page"}],"author":[{"embeddable":true,"href":"https:\/\/wp.ufpel.edu.br\/faurb\/wp-json\/wp\/v2\/users\/831"}],"replies":[{"embeddable":true,"href":"https:\/\/wp.ufpel.edu.br\/faurb\/wp-json\/wp\/v2\/comments?post=194"}],"version-history":[{"count":20,"href":"https:\/\/wp.ufpel.edu.br\/faurb\/wp-json\/wp\/v2\/pages\/194\/revisions"}],"predecessor-version":[{"id":1889,"href":"https:\/\/wp.ufpel.edu.br\/faurb\/wp-json\/wp\/v2\/pages\/194\/revisions\/1889"}],"wp:attachment":[{"href":"https:\/\/wp.ufpel.edu.br\/faurb\/wp-json\/wp\/v2\/media?parent=194"}],"curies":[{"name":"wp","href":"https:\/\/api.w.org\/{rel}","templated":true}]}}