{"id":1713,"date":"2020-07-28T21:27:08","date_gmt":"2020-07-29T00:27:08","guid":{"rendered":"https:\/\/wp.ufpel.edu.br\/faurb\/?page_id=1713"},"modified":"2025-10-29T12:03:45","modified_gmt":"2025-10-29T15:03:45","slug":"documentos-estagios","status":"publish","type":"page","link":"https:\/\/wp.ufpel.edu.br\/faurb\/documentos-estagios\/","title":{"rendered":"Est\u00e1gios"},"content":{"rendered":"<p style=\"text-align: justify;\">Por defini\u00e7\u00e3o do Art. 1\u00ba da lei n\u00ba 11788, de 25 de setembro de 2008, \u201co est\u00e1gio \u00e9 ato educativo escolar supervisionado, desenvolvido no ambiente de trabalho, que visa \u00e0 prepara\u00e7\u00e3o para o trabalho produtivo dos educandos, na modalidade profissional de jovens e adultos\u201d. A referida legisla\u00e7\u00e3o classifica-o em est\u00e1gio curricular obrigat\u00f3rio e n\u00e3o obrigat\u00f3rio.<\/p>\n<p style=\"text-align: justify;\">O est\u00e1gio curricular obrigat\u00f3rio \u00e9 aquele definido no projeto pedag\u00f3gico do curso de acordo com os requisitos para a obten\u00e7\u00e3o de aprova\u00e7\u00e3o e tem sua fundamenta\u00e7\u00e3o nas Diretrizes Curriculares Nacionais de cada curso. E o est\u00e1gio curricular n\u00e3o obrigat\u00f3rio \u00e9 aquele que necessariamente n\u00e3o atende a todos os alunos, tendo as horas realizadas computadas al\u00e9m da carga-hor\u00e1ria m\u00ednima para integraliza\u00e7\u00e3o curricular de cada curso. Esta tipologia de est\u00e1gio n\u00e3o \u00e9 exigida para obten\u00e7\u00e3o de diploma, por\u00e9m deve estar prevista no Projeto Pedag\u00f3gico de cada curso. Tanto o est\u00e1gio curricular obrigat\u00f3rio como o n\u00e3o obrigat\u00f3rio proporcionam oportunidades de aprendizado e do desenvolvimento de habilidades referentes \u00e0s rela\u00e7\u00f5es sociais do mundo profissional.<\/p>\n<p style=\"text-align: center;\">Legisla\u00e7\u00e3o sobre Est\u00e1gio<\/p>\n<p><a href=\"https:\/\/www.planalto.gov.br\/ccivil_03\/_ato2007-2010\/2008\/lei\/l11788.htm\">Lei 11788\/2008<\/a> \u2013 Disp\u00f5e sobre est\u00e1gio de estudantes<\/p>\n<p><a href=\"https:\/\/wp.ufpel.edu.br\/cec\/files\/2013\/04\/cartilha_lei_estagio.pdf\">Cartilha MTE<\/a> \u2013 Cartilha Esclarecedora Sobre a Lei do Est\u00e1gio \u2013 Minist\u00e9rio do Trabalho e Emprego<\/p>\n<p style=\"text-align: center;\">Resolu\u00e7\u00f5es COCEPE<\/p>\n<p><a href=\"https:\/\/wp.ufpel.edu.br\/scs\/files\/2010\/08\/2009_03.pdf\">03\/2009<\/a> \u2013 Normatiza os Est\u00e1gios obrigat\u00f3rios e n\u00e3o obrigat\u00f3rios, concedidos pela Universidade Federal de Pelotas<\/p>\n<p><a href=\"https:\/\/wp.ufpel.edu.br\/scs\/files\/2024\/11\/SEI_2848555_Resolucao_87.2024COCEPE.pdf\">87\/2024<\/a> \u2013 Disp\u00f5e sobre est\u00e1gios obrigat\u00f3rios e n\u00e3o obrigat\u00f3rios realizados por discentes regularmente matriculados nos cursos da UFPEL.<\/p>\n<p style=\"text-align: center;\">Termo de Compromisso<\/p>\n<p style=\"text-align: center;\">UFPEL \u2013 Institui\u00e7\u00e3o de Ensino<\/p>\n<p><a href=\"https:\/\/wp.ufpel.edu.br\/faurb\/files\/2025\/10\/Termo-de-Compromisso-UFPel-como-INSTITUICAO-DE-ENSINO-4.doc\">Termo de Compromisso \u2013 UFPEL IES<\/a><\/p>\n<p><a href=\"https:\/\/wp.ufpel.edu.br\/faurb\/files\/2025\/10\/Plano-de-atividades.docx\">Plano de Atividades \u2013 TCE<\/a><\/p>\n<p><a href=\"https:\/\/wp.ufpel.edu.br\/faurb\/files\/2025\/10\/Termo-Aditivo-TCE.doc\">Termo Aditivo \u2013 TCE<\/a><\/p>\n<p><a href=\"https:\/\/wp.ufpel.edu.br\/faurb\/files\/2025\/10\/Termo-de-Distrato-Editado.doc\">Termo de Distrato \u2013 TCE<\/a><\/p>\n<p style=\"text-align: center;\">UFPEL \u2013 Concedente<\/p>\n<p><a href=\"https:\/\/wp.ufpel.edu.br\/faurb\/files\/2025\/10\/Termo-de-Compromisso-UFPel-como-PARTE-CONCEDENTE.doc\">Termo de Compromisso \u2013 UFPEL Concedente<\/a><\/p>\n","protected":false},"excerpt":{"rendered":"<p>Por defini\u00e7\u00e3o do Art. 1\u00ba da lei n\u00ba 11788, de 25 de setembro de 2008, \u201co est\u00e1gio \u00e9 ato educativo escolar supervisionado, desenvolvido no ambiente de trabalho, que visa \u00e0 prepara\u00e7\u00e3o para o trabalho produtivo dos educandos, na modalidade profissional de jovens e adultos\u201d. A referida legisla\u00e7\u00e3o classifica-o em est\u00e1gio curricular obrigat\u00f3rio e n\u00e3o obrigat\u00f3rio. [&hellip;]<\/p>\n","protected":false},"author":831,"featured_media":0,"parent":0,"menu_order":0,"comment_status":"closed","ping_status":"closed","template":"","meta":{"jetpack_post_was_ever_published":false,"footnotes":""},"class_list":["post-1713","page","type-page","status-publish","hentry"],"jetpack_sharing_enabled":true,"jetpack_shortlink":"https:\/\/wp.me\/P7YVy4-rD","jetpack-related-posts":[],"_links":{"self":[{"href":"https:\/\/wp.ufpel.edu.br\/faurb\/wp-json\/wp\/v2\/pages\/1713","targetHints":{"allow":["GET"]}}],"collection":[{"href":"https:\/\/wp.ufpel.edu.br\/faurb\/wp-json\/wp\/v2\/pages"}],"about":[{"href":"https:\/\/wp.ufpel.edu.br\/faurb\/wp-json\/wp\/v2\/types\/page"}],"author":[{"embeddable":true,"href":"https:\/\/wp.ufpel.edu.br\/faurb\/wp-json\/wp\/v2\/users\/831"}],"replies":[{"embeddable":true,"href":"https:\/\/wp.ufpel.edu.br\/faurb\/wp-json\/wp\/v2\/comments?post=1713"}],"version-history":[{"count":4,"href":"https:\/\/wp.ufpel.edu.br\/faurb\/wp-json\/wp\/v2\/pages\/1713\/revisions"}],"predecessor-version":[{"id":3753,"href":"https:\/\/wp.ufpel.edu.br\/faurb\/wp-json\/wp\/v2\/pages\/1713\/revisions\/3753"}],"wp:attachment":[{"href":"https:\/\/wp.ufpel.edu.br\/faurb\/wp-json\/wp\/v2\/media?parent=1713"}],"curies":[{"name":"wp","href":"https:\/\/api.w.org\/{rel}","templated":true}]}}