{"id":276,"date":"2014-10-04T20:53:12","date_gmt":"2014-10-04T23:53:12","guid":{"rendered":"https:\/\/wp.ufpel.edu.br\/farmacia\/?page_id=276"},"modified":"2023-05-26T18:39:23","modified_gmt":"2023-05-26T21:39:23","slug":"contato","status":"publish","type":"page","link":"https:\/\/wp.ufpel.edu.br\/farmacia\/contato\/","title":{"rendered":"Contato"},"content":{"rendered":"<p style=\"text-align: center;\"><span style=\"font-family: 'trebuchet ms', geneva, sans-serif; font-size: 18pt; color: #ffc933;\"><strong><img loading=\"lazy\" decoding=\"async\" class=\"alignleft wp-image-2084\" src=\"https:\/\/wp.ufpel.edu.br\/farmacia\/files\/2023\/01\/cropped-Logo-site.png\" alt=\"\" width=\"334\" height=\"334\" srcset=\"https:\/\/wp.ufpel.edu.br\/farmacia\/files\/2023\/01\/cropped-Logo-site.png 512w, https:\/\/wp.ufpel.edu.br\/farmacia\/files\/2023\/01\/cropped-Logo-site-400x400.png 400w, https:\/\/wp.ufpel.edu.br\/farmacia\/files\/2023\/01\/cropped-Logo-site-200x200.png 200w, https:\/\/wp.ufpel.edu.br\/farmacia\/files\/2023\/01\/cropped-Logo-site-150x150.png 150w, https:\/\/wp.ufpel.edu.br\/farmacia\/files\/2023\/01\/cropped-Logo-site-270x270.png 270w, https:\/\/wp.ufpel.edu.br\/farmacia\/files\/2023\/01\/cropped-Logo-site-192x192.png 192w, https:\/\/wp.ufpel.edu.br\/farmacia\/files\/2023\/01\/cropped-Logo-site-180x180.png 180w, https:\/\/wp.ufpel.edu.br\/farmacia\/files\/2023\/01\/cropped-Logo-site-32x32.png 32w\" sizes=\"auto, (max-width: 334px) 100vw, 334px\" \/>Curso de Farm\u00e1cia<\/strong><\/span><\/p>\n<p><span style=\"font-family: 'trebuchet ms', geneva, sans-serif; font-size: 14pt;\">Centro de Ci\u00eancias Qu\u00edmicas, Farmac\u00eauticas e de Alimentos(CCQFA)<\/span><\/p>\n<p><span style=\"font-family: 'trebuchet ms', geneva, sans-serif; font-size: 14pt;\">Universidade Federal de Pelotas<\/span><\/p>\n<p><span style=\"font-family: 'trebuchet ms', geneva, sans-serif; font-size: 14pt;\">Campus Cap\u00e3o do Le\u00e3o<\/span><\/p>\n<p><span style=\"font-family: 'trebuchet ms', geneva, sans-serif; font-size: 14pt;\">Telefone:(53) 3275-7454<\/span><\/p>\n<p><span style=\"font-family: 'trebuchet ms', geneva, sans-serif; font-size: 14pt;\">E-mail: farmacia.ufpel@gmail.com<\/span><\/p>\n","protected":false},"excerpt":{"rendered":"<p>Curso de Farm\u00e1cia Centro de Ci\u00eancias Qu\u00edmicas, Farmac\u00eauticas e de Alimentos(CCQFA) Universidade Federal de Pelotas Campus Cap\u00e3o do Le\u00e3o Telefone:(53) 3275-7454 E-mail: farmacia.ufpel@gmail.com<\/p>\n","protected":false},"author":222,"featured_media":0,"parent":0,"menu_order":0,"comment_status":"closed","ping_status":"closed","template":"","meta":{"jetpack_post_was_ever_published":false,"footnotes":""},"class_list":["post-276","page","type-page","status-publish","hentry","nodate","item-wrap"],"jetpack_sharing_enabled":true,"jetpack_shortlink":"https:\/\/wp.me\/P6QO3Z-4s","_links":{"self":[{"href":"https:\/\/wp.ufpel.edu.br\/farmacia\/wp-json\/wp\/v2\/pages\/276","targetHints":{"allow":["GET"]}}],"collection":[{"href":"https:\/\/wp.ufpel.edu.br\/farmacia\/wp-json\/wp\/v2\/pages"}],"about":[{"href":"https:\/\/wp.ufpel.edu.br\/farmacia\/wp-json\/wp\/v2\/types\/page"}],"author":[{"embeddable":true,"href":"https:\/\/wp.ufpel.edu.br\/farmacia\/wp-json\/wp\/v2\/users\/222"}],"replies":[{"embeddable":true,"href":"https:\/\/wp.ufpel.edu.br\/farmacia\/wp-json\/wp\/v2\/comments?post=276"}],"version-history":[{"count":11,"href":"https:\/\/wp.ufpel.edu.br\/farmacia\/wp-json\/wp\/v2\/pages\/276\/revisions"}],"predecessor-version":[{"id":2837,"href":"https:\/\/wp.ufpel.edu.br\/farmacia\/wp-json\/wp\/v2\/pages\/276\/revisions\/2837"}],"wp:attachment":[{"href":"https:\/\/wp.ufpel.edu.br\/farmacia\/wp-json\/wp\/v2\/media?parent=276"}],"curies":[{"name":"wp","href":"https:\/\/api.w.org\/{rel}","templated":true}]}}