{"id":2718,"date":"2023-03-09T17:05:04","date_gmt":"2023-03-09T20:05:04","guid":{"rendered":"https:\/\/wp.ufpel.edu.br\/farmacia\/?page_id=2718"},"modified":"2023-03-09T17:06:08","modified_gmt":"2023-03-09T20:06:08","slug":"vivencias-praticas-em-farmacia-oncologica","status":"publish","type":"page","link":"https:\/\/wp.ufpel.edu.br\/farmacia\/vivencias-praticas-em-farmacia-oncologica\/","title":{"rendered":"Viv\u00eancias pr\u00e1ticas em Farm\u00e1cia Oncol\u00f3gica"},"content":{"rendered":"<h4 style=\"text-align: center;\"><span style=\"color: #ffc933;\"><b>Resumo<\/b><\/span><\/h4>\n<p style=\"text-align: justify;\"><span style=\"font-weight: 400;\">As neoplasias t\u00eam atingido milhares de pessoas em todo mundo. A descoberta de um diagn\u00f3stico acarreta na necessidade de um tratamento farmacol\u00f3gico. Os quimioter\u00e1picos s\u00e3o medicamentos que precisam da presen\u00e7a de um profissional farmac\u00eautico para a sua manipula\u00e7\u00e3o e\/ou dispensa\u00e7\u00e3o. Esse atendimento e contato direto com o paciente \u00e9 fundamental para a garantia da compreens\u00e3o e do uso correto dos medicamentos. A falha nessa comunica\u00e7\u00e3o pode gerar efeitos indesejados ou a n\u00e3o obten\u00e7\u00e3o do objetivo terap\u00eautico desejado. Sendo assim, \u00e9 primordial que sejam desenvolvidas a\u00e7\u00f5es de cuidado e educa\u00e7\u00e3o farmac\u00eautica aos pacientes oncol\u00f3gicos. Diante disso, esse projeto de extens\u00e3o visa proporcionar mais informa\u00e7\u00e3o ao paciente que vem buscar seus medicamentos no servi\u00e7o de oncologia no ambulat\u00f3rio do HE-UFPel\/EBSERH e\/ou realizar sess\u00f5es de quimioterapia no local. Toda as a\u00e7\u00f5es de educa\u00e7\u00e3o em sa\u00fade ser\u00e3o realizadas pelos acad\u00eamicos sob supervis\u00e3o de um <\/span><span style=\"font-weight: 400;\">farmac\u00eautico especialista e\/ou docentes do Curso de Farm\u00e1cia por meio de consultas farmac\u00eauticas individualizadas, dispensa\u00e7\u00e3o de medicamentos e revis\u00e3o da prescri\u00e7\u00e3o, al\u00e9m de aux\u00edlio e manipula\u00e7\u00e3o de quimioter\u00e1picos, avalia\u00e7\u00e3o e garantia da seguran\u00e7a do tratamento e atua\u00e7\u00e3o interprofissional. Dessa forma, espera-se aumentar a informa\u00e7\u00e3o sobre o uso correto de medicamentos e reduzir os danos que podem ser gerados pelo tratamento ao promover ades\u00e3o ao tratamento e o uso racional de medicamentos.<\/span><\/p>\n<p style=\"text-align: center;\"><span style=\"color: #ffc933;\"><b>Objetivos<\/b><\/span><\/p>\n<ul>\n<li style=\"font-weight: 400; text-align: justify;\" aria-level=\"1\"><span style=\"font-weight: 400;\">Realizar a\u00e7\u00f5es educativas e de cuidado farmac\u00eautico a pacientes oncol\u00f3gicos atendidos pelo Servi\u00e7o de farm\u00e1cia oncol\u00f3gica do HEUFPEL\/EBSERH, de forma a oportunizar aos graduandos de farm\u00e1cia uma vis\u00e3o pr\u00e1tica das atividades desenvolvidas pelo farmac\u00eautico oncologista no \u00e2mbito hospitalar.<\/span><\/li>\n<\/ul>\n<p>&nbsp;<\/p>\n<p><b>Coordenadora:<\/b><span style=\"font-weight: 400;\"> Prof<\/span><span style=\"font-weight: 400;\">a<\/span><span style=\"font-weight: 400;\">. Dr<\/span><span style=\"font-weight: 400;\">a<\/span><span style=\"font-weight: 400;\">. Juliane Fernandes Monks da Silva<\/span><\/p>\n<p><b>Contato:<\/b> <a href=\"mailto:julianemonks@gmail.com\"><span style=\"font-weight: 400;\">julianemonks@gmail.com<\/span><\/a><\/p>\n","protected":false},"excerpt":{"rendered":"<p>Resumo As neoplasias t\u00eam atingido milhares de pessoas em todo mundo. A descoberta de um diagn\u00f3stico acarreta na necessidade de um tratamento farmacol\u00f3gico. Os quimioter\u00e1picos s\u00e3o medicamentos que precisam da presen\u00e7a de um profissional farmac\u00eautico para a sua manipula\u00e7\u00e3o e\/ou dispensa\u00e7\u00e3o. Esse atendimento e contato direto com o paciente \u00e9 fundamental para a garantia da &hellip; <\/p>\n<p><a class=\"more-link btn\" href=\"https:\/\/wp.ufpel.edu.br\/farmacia\/vivencias-praticas-em-farmacia-oncologica\/\">Continue lendo<\/a><\/p>\n","protected":false},"author":222,"featured_media":0,"parent":0,"menu_order":0,"comment_status":"closed","ping_status":"closed","template":"","meta":{"jetpack_post_was_ever_published":false,"footnotes":""},"class_list":["post-2718","page","type-page","status-publish","hentry","nodate","item-wrap"],"jetpack_sharing_enabled":false,"jetpack_shortlink":"https:\/\/wp.me\/P6QO3Z-HQ","_links":{"self":[{"href":"https:\/\/wp.ufpel.edu.br\/farmacia\/wp-json\/wp\/v2\/pages\/2718","targetHints":{"allow":["GET"]}}],"collection":[{"href":"https:\/\/wp.ufpel.edu.br\/farmacia\/wp-json\/wp\/v2\/pages"}],"about":[{"href":"https:\/\/wp.ufpel.edu.br\/farmacia\/wp-json\/wp\/v2\/types\/page"}],"author":[{"embeddable":true,"href":"https:\/\/wp.ufpel.edu.br\/farmacia\/wp-json\/wp\/v2\/users\/222"}],"replies":[{"embeddable":true,"href":"https:\/\/wp.ufpel.edu.br\/farmacia\/wp-json\/wp\/v2\/comments?post=2718"}],"version-history":[{"count":1,"href":"https:\/\/wp.ufpel.edu.br\/farmacia\/wp-json\/wp\/v2\/pages\/2718\/revisions"}],"predecessor-version":[{"id":2719,"href":"https:\/\/wp.ufpel.edu.br\/farmacia\/wp-json\/wp\/v2\/pages\/2718\/revisions\/2719"}],"wp:attachment":[{"href":"https:\/\/wp.ufpel.edu.br\/farmacia\/wp-json\/wp\/v2\/media?parent=2718"}],"curies":[{"name":"wp","href":"https:\/\/api.w.org\/{rel}","templated":true}]}}