{"id":2690,"date":"2023-03-09T16:35:55","date_gmt":"2023-03-09T19:35:55","guid":{"rendered":"https:\/\/wp.ufpel.edu.br\/farmacia\/?page_id=2690"},"modified":"2023-03-09T16:36:16","modified_gmt":"2023-03-09T19:36:16","slug":"insercao-da-assistencia-farmaceutica-na-resolucao-de-processos-de-judicializacao-da-saude","status":"publish","type":"page","link":"https:\/\/wp.ufpel.edu.br\/farmacia\/insercao-da-assistencia-farmaceutica-na-resolucao-de-processos-de-judicializacao-da-saude\/","title":{"rendered":"Inser\u00e7\u00e3o da Assist\u00eancia Farmac\u00eautica na resolu\u00e7\u00e3o de processos de judicializa\u00e7\u00e3o da sa\u00fade."},"content":{"rendered":"<h4 style=\"text-align: center;\"><strong><span style=\"color: #ffc933;\">Resumo<\/span><\/strong><\/h4>\n<p style=\"text-align: justify;\">Considerando a import\u00e2ncia da melhoria do acesso e promo\u00e7\u00e3o do uso racional de medicamentos pela popula\u00e7\u00e3o, bem como o compromisso social da Universidade Federal de Pelotas com a comunidade, o presente projeto objetiva promover o uso racional de medicamentos e de recursos dispendidos na judicializa\u00e7\u00e3o da sa\u00fade, buscando equacionar e otimizar as solicita\u00e7\u00f5es de medicamentos encaminhadas por meio da via judicial na Defensoria P\u00fablica estadual de Pelotas. Al\u00e9m disso, busca igualmente, promovera intera\u00e7\u00e3o entre academia e o \u00e2mbito da judicializa\u00e7\u00e3o da sa\u00fade por meio de coopera\u00e7\u00e3o t\u00e9cnico-cient\u00edfica entre Universidade Federal de Pelotas, Coordenadoria de Defensoria P\u00fablica e Conselho Regional de Farm\u00e1cia do Rio Grande do Sul (CRF-RS). A partir dos resultados alcan\u00e7ados, pretende-se melhorar os resultados de sa\u00fade na popula\u00e7\u00e3o envolvida, bem como possibilitar a abertura de campos de atua\u00e7\u00e3o farmac\u00eautica, seja na forma de est\u00e1gio ou demais parceiras que objetivem a qualifica\u00e7\u00e3o das a\u00e7\u00f5es de judicializa\u00e7\u00e3o da sa\u00fade no \u00e2mbito espec\u00edfico da assist\u00eancia farmac\u00eautica. Participar\u00e3o deste projeto docentes do Curso de Farm\u00e1cia da UFPel, defensoria P\u00fablica do Estado e equipe assessora do Conselho Regional de Farm\u00e1cia-RS que comp\u00f5e o Grupo T\u00e9cnico de Apoio aos Munic\u00edpios, al\u00e9m de, no m\u00ednimo, 02 discentes do Curso supracitado com possibilidade de amplia\u00e7\u00e3o e implanta\u00e7\u00e3o de um programa permanente.<\/p>\n<p style=\"text-align: center;\"><span style=\"color: #ffc933;\">Objetivos<\/span><\/p>\n<ul>\n<li>Promover o uso racional de medicamentos e a racionaliza\u00e7\u00e3o de recursos decorrentes de solicita\u00e7\u00f5es de medicamentos demandadas por via judicial.<\/li>\n<\/ul>\n<p>Coordenador: Prof. Dr. Claiton Leoneti Lencina<br \/>\nCoordenador adjunto: Prof. Dr. Paulo Maximiliano Corr\u00eaa<br \/>\nContato: Claiton.ufpel@gmail.com<\/p>\n","protected":false},"excerpt":{"rendered":"<p>Resumo Considerando a import\u00e2ncia da melhoria do acesso e promo\u00e7\u00e3o do uso racional de medicamentos pela popula\u00e7\u00e3o, bem como o compromisso social da Universidade Federal de Pelotas com a comunidade, o presente projeto objetiva promover o uso racional de medicamentos e de recursos dispendidos na judicializa\u00e7\u00e3o da sa\u00fade, buscando equacionar e otimizar as solicita\u00e7\u00f5es de &hellip; <\/p>\n<p><a class=\"more-link btn\" href=\"https:\/\/wp.ufpel.edu.br\/farmacia\/insercao-da-assistencia-farmaceutica-na-resolucao-de-processos-de-judicializacao-da-saude\/\">Continue lendo<\/a><\/p>\n","protected":false},"author":222,"featured_media":0,"parent":0,"menu_order":0,"comment_status":"closed","ping_status":"closed","template":"","meta":{"jetpack_post_was_ever_published":false,"footnotes":""},"class_list":["post-2690","page","type-page","status-publish","hentry","nodate","item-wrap"],"jetpack_sharing_enabled":false,"jetpack_shortlink":"https:\/\/wp.me\/P6QO3Z-Ho","_links":{"self":[{"href":"https:\/\/wp.ufpel.edu.br\/farmacia\/wp-json\/wp\/v2\/pages\/2690","targetHints":{"allow":["GET"]}}],"collection":[{"href":"https:\/\/wp.ufpel.edu.br\/farmacia\/wp-json\/wp\/v2\/pages"}],"about":[{"href":"https:\/\/wp.ufpel.edu.br\/farmacia\/wp-json\/wp\/v2\/types\/page"}],"author":[{"embeddable":true,"href":"https:\/\/wp.ufpel.edu.br\/farmacia\/wp-json\/wp\/v2\/users\/222"}],"replies":[{"embeddable":true,"href":"https:\/\/wp.ufpel.edu.br\/farmacia\/wp-json\/wp\/v2\/comments?post=2690"}],"version-history":[{"count":2,"href":"https:\/\/wp.ufpel.edu.br\/farmacia\/wp-json\/wp\/v2\/pages\/2690\/revisions"}],"predecessor-version":[{"id":2692,"href":"https:\/\/wp.ufpel.edu.br\/farmacia\/wp-json\/wp\/v2\/pages\/2690\/revisions\/2692"}],"wp:attachment":[{"href":"https:\/\/wp.ufpel.edu.br\/farmacia\/wp-json\/wp\/v2\/media?parent=2690"}],"curies":[{"name":"wp","href":"https:\/\/api.w.org\/{rel}","templated":true}]}}

Inserção da Assistência Farmacêutica na resolução de processos de judicialização da saúde.

<h4 style="text-align: center;"><strong><span style="color: #ffc933;">Resumo</span></strong></h4>
<p style="text-align: justify;">Considerando a importância da melhoria do acesso e promoção do uso racional de medicamentos pela população, bem como o compromisso social da Universidade Federal de Pelotas com a comunidade, o presente projeto objetiva promover o uso racional de medicamentos e de recursos dispendidos na judicialização da saúde, buscando equacionar e otimizar as solicitações de medicamentos encaminhadas por meio da via judicial na Defensoria Pública estadual de Pelotas. Além disso, busca igualmente, promovera interação entre academia e o âmbito da judicialização da saúde por meio de cooperação técnico-científica entre Universidade Federal de Pelotas, Coordenadoria de Defensoria Pública e Conselho Regional de Farmácia do Rio Grande do Sul (CRF-RS). A partir dos resultados alcançados, pretende-se melhorar os resultados de saúde na população envolvida, bem como possibilitar a abertura de campos de atuação farmacêutica, seja na forma de estágio ou demais parceiras que objetivem a qualificação das ações de judicialização da saúde no âmbito específico da assistência farmacêutica. Participarão deste projeto docentes do Curso de Farmácia da UFPel, defensoria Pública do Estado e equipe assessora do Conselho Regional de Farmácia-RS que compõe o Grupo Técnico de Apoio aos Municípios, além de, no mínimo, 02 discentes do Curso supracitado com possibilidade de ampliação e implantação de um programa permanente.</p>
<p style="text-align: center;"><span style="color: #ffc933;">Objetivos</span></p>
<ul>
<li>Promover o uso racional de medicamentos e a racionalização de recursos decorrentes de solicitações de medicamentos demandadas por via judicial.</li>
</ul>
<p>Coordenador: Prof. Dr. Claiton Leoneti Lencina<br />
Coordenador adjunto: Prof. Dr. Paulo Maximiliano Corrêa<br />
Contato: Claiton.ufpel@gmail.com</p>

<p>Resumo Considerando a importância da melhoria do acesso e promoção do uso racional de medicamentos pela população, bem como o compromisso social da Universidade Federal de Pelotas com a comunidade, o presente projeto objetiva promover o uso racional de medicamentos e de recursos dispendidos na judicialização da saúde, buscando equacionar e otimizar as solicitações de &hellip; </p>
<p><a class="more-link btn" href="https://wp.ufpel.edu.br/farmacia/insercao-da-assistencia-farmaceutica-na-resolucao-de-processos-de-judicializacao-da-saude/">Continue lendo</a></p>
