{"id":2683,"date":"2023-03-09T16:32:16","date_gmt":"2023-03-09T19:32:16","guid":{"rendered":"https:\/\/wp.ufpel.edu.br\/farmacia\/?page_id=2683"},"modified":"2023-03-09T16:33:22","modified_gmt":"2023-03-09T19:33:22","slug":"farmacia-escola-de-dispensacao-de-medicamentos-na-ubs-csu-ufpel","status":"publish","type":"page","link":"https:\/\/wp.ufpel.edu.br\/farmacia\/farmacia-escola-de-dispensacao-de-medicamentos-na-ubs-csu-ufpel\/","title":{"rendered":"Farm\u00e1cia Escola de dispensa\u00e7\u00e3o de medicamentos na UBS CSU UFPel."},"content":{"rendered":"<h4 style=\"text-align: center;\"><span style=\"font-family: 'trebuchet ms', geneva, sans-serif;\"><strong><span style=\"color: #ffc933;\">Resumo<\/span><\/strong><\/span><\/h4>\n<p style=\"text-align: justify;\"><span style=\"font-family: 'trebuchet ms', geneva, sans-serif;\"> A presen\u00e7a de uma farm\u00e1cia escola universit\u00e1ria e p\u00fablica promove melhoria na qualidade no ensino e servi\u00e7os de sa\u00fade relacionados ao uso correto de medicamentos ainda n\u00e3o disponibilizados \u00e0 comunidade beneficiada. Sendo assim, este projeto tem como objetivo criar e desenvolver uma farm\u00e1cia escola de dispensa\u00e7\u00e3o de medicamentos vinculada a Unidade B\u00e1sica de Sa\u00fade CSU Areal &#8211; UFPel\/SMS para atender a comunidade a fim de promover a garantia do acesso aos medicamentos prescritos e o uso racional de <\/span><span style=\"font-family: 'trebuchet ms', geneva, sans-serif;\">medicamentos. A presen\u00e7a do farmac\u00eautico para a organiza\u00e7\u00e3o, gest\u00e3o, dispensa\u00e7\u00e3o de medicamentos e educa\u00e7\u00e3o em sa\u00fade em uma unidade b\u00e1sica de sa\u00fade (UBS) impacta positivamente na redu\u00e7\u00e3o de custos com medicamentos, na melhoria da qualidade do medicamento dispensado \u00e0 popula\u00e7\u00e3o, na melhoria da compreens\u00e3o e ades\u00e3o ao tratamento, na garantia da seguran\u00e7a do paciente. O olhar interprofissional no cuidado em sa\u00fade promove qualidade de vida e satisfa\u00e7\u00e3o ao usu\u00e1rio pelos servi\u00e7os de sa\u00fade prestados na aten\u00e7\u00e3o prim\u00e1ria.<\/span><\/p>\n<h4 style=\"text-align: center;\"><span style=\"color: #ffc933; font-family: 'trebuchet ms', geneva, sans-serif;\">Objetivos:<\/span><\/h4>\n<ul>\n<li style=\"text-align: justify;\"><span style=\"font-family: 'trebuchet ms', geneva, sans-serif;\">\u00a0Criar e desenvolver uma farm\u00e1cia escola de dispensa\u00e7\u00e3o de medicamentos vinculada a <\/span><span style=\"font-family: 'trebuchet ms', geneva, sans-serif;\">Unidade B\u00e1sica de Sa\u00fade CSU Areal &#8211; UFPel\/SMS para atender a comunidade do territ\u00f3rio e <\/span><span style=\"font-family: 'trebuchet ms', geneva, sans-serif;\">vizinhan\u00e7as a fim de promover a garantia do acesso aos medicamentos prescritos e o uso <\/span><span style=\"font-family: 'trebuchet ms', geneva, sans-serif;\">racional de medicamentos.<\/span><\/li>\n<\/ul>\n<p>&nbsp;<\/p>\n<p><span style=\"font-family: 'trebuchet ms', geneva, sans-serif;\">Coordenadora: Prof a . Dr a . Juliane Fernandes Monks da Silva<\/span><br \/>\n<span style=\"font-family: 'trebuchet ms', geneva, sans-serif;\">Coordenador adjunto: Prof. Dr. Paulo Maximiliano Corr\u00eaa<\/span><br \/>\n<span style=\"font-family: 'trebuchet ms', geneva, sans-serif;\">Contato: julianemonks@gmail.com<\/span><\/p>\n","protected":false},"excerpt":{"rendered":"<p>Resumo A presen\u00e7a de uma farm\u00e1cia escola universit\u00e1ria e p\u00fablica promove melhoria na qualidade no ensino e servi\u00e7os de sa\u00fade relacionados ao uso correto de medicamentos ainda n\u00e3o disponibilizados \u00e0 comunidade beneficiada. Sendo assim, este projeto tem como objetivo criar e desenvolver uma farm\u00e1cia escola de dispensa\u00e7\u00e3o de medicamentos vinculada a Unidade B\u00e1sica de Sa\u00fade &hellip; <\/p>\n<p><a class=\"more-link btn\" href=\"https:\/\/wp.ufpel.edu.br\/farmacia\/farmacia-escola-de-dispensacao-de-medicamentos-na-ubs-csu-ufpel\/\">Continue lendo<\/a><\/p>\n","protected":false},"author":222,"featured_media":0,"parent":0,"menu_order":0,"comment_status":"closed","ping_status":"closed","template":"","meta":{"jetpack_post_was_ever_published":false,"footnotes":""},"class_list":["post-2683","page","type-page","status-publish","hentry","nodate","item-wrap"],"jetpack_sharing_enabled":false,"jetpack_shortlink":"https:\/\/wp.me\/P6QO3Z-Hh","_links":{"self":[{"href":"https:\/\/wp.ufpel.edu.br\/farmacia\/wp-json\/wp\/v2\/pages\/2683","targetHints":{"allow":["GET"]}}],"collection":[{"href":"https:\/\/wp.ufpel.edu.br\/farmacia\/wp-json\/wp\/v2\/pages"}],"about":[{"href":"https:\/\/wp.ufpel.edu.br\/farmacia\/wp-json\/wp\/v2\/types\/page"}],"author":[{"embeddable":true,"href":"https:\/\/wp.ufpel.edu.br\/farmacia\/wp-json\/wp\/v2\/users\/222"}],"replies":[{"embeddable":true,"href":"https:\/\/wp.ufpel.edu.br\/farmacia\/wp-json\/wp\/v2\/comments?post=2683"}],"version-history":[{"count":3,"href":"https:\/\/wp.ufpel.edu.br\/farmacia\/wp-json\/wp\/v2\/pages\/2683\/revisions"}],"predecessor-version":[{"id":2689,"href":"https:\/\/wp.ufpel.edu.br\/farmacia\/wp-json\/wp\/v2\/pages\/2683\/revisions\/2689"}],"wp:attachment":[{"href":"https:\/\/wp.ufpel.edu.br\/farmacia\/wp-json\/wp\/v2\/media?parent=2683"}],"curies":[{"name":"wp","href":"https:\/\/api.w.org\/{rel}","templated":true}]}}

Farmácia Escola de dispensação de medicamentos na UBS CSU UFPel.

<h4 style="text-align: center;"><span style="font-family: 'trebuchet ms', geneva, sans-serif;"><strong><span style="color: #ffc933;">Resumo</span></strong></span></h4>
<p style="text-align: justify;"><span style="font-family: 'trebuchet ms', geneva, sans-serif;"> A presença de uma farmácia escola universitária e pública promove melhoria na qualidade no ensino e serviços de saúde relacionados ao uso correto de medicamentos ainda não disponibilizados à comunidade beneficiada. Sendo assim, este projeto tem como objetivo criar e desenvolver uma farmácia escola de dispensação de medicamentos vinculada a Unidade Básica de Saúde CSU Areal &#8211; UFPel/SMS para atender a comunidade a fim de promover a garantia do acesso aos medicamentos prescritos e o uso racional de </span><span style="font-family: 'trebuchet ms', geneva, sans-serif;">medicamentos. A presença do farmacêutico para a organização, gestão, dispensação de medicamentos e educação em saúde em uma unidade básica de saúde (UBS) impacta positivamente na redução de custos com medicamentos, na melhoria da qualidade do medicamento dispensado à população, na melhoria da compreensão e adesão ao tratamento, na garantia da segurança do paciente. O olhar interprofissional no cuidado em saúde promove qualidade de vida e satisfação ao usuário pelos serviços de saúde prestados na atenção primária.</span></p>
<h4 style="text-align: center;"><span style="color: #ffc933; font-family: 'trebuchet ms', geneva, sans-serif;">Objetivos:</span></h4>
<ul>
<li style="text-align: justify;"><span style="font-family: 'trebuchet ms', geneva, sans-serif;"> Criar e desenvolver uma farmácia escola de dispensação de medicamentos vinculada a </span><span style="font-family: 'trebuchet ms', geneva, sans-serif;">Unidade Básica de Saúde CSU Areal &#8211; UFPel/SMS para atender a comunidade do território e </span><span style="font-family: 'trebuchet ms', geneva, sans-serif;">vizinhanças a fim de promover a garantia do acesso aos medicamentos prescritos e o uso </span><span style="font-family: 'trebuchet ms', geneva, sans-serif;">racional de medicamentos.</span></li>
</ul>
<p>&nbsp;</p>
<p><span style="font-family: 'trebuchet ms', geneva, sans-serif;">Coordenadora: Prof a . Dr a . Juliane Fernandes Monks da Silva</span><br />
<span style="font-family: 'trebuchet ms', geneva, sans-serif;">Coordenador adjunto: Prof. Dr. Paulo Maximiliano Corrêa</span><br />
<span style="font-family: 'trebuchet ms', geneva, sans-serif;">Contato: julianemonks@gmail.com</span></p>

<p>Resumo A presença de uma farmácia escola universitária e pública promove melhoria na qualidade no ensino e serviços de saúde relacionados ao uso correto de medicamentos ainda não disponibilizados à comunidade beneficiada. Sendo assim, este projeto tem como objetivo criar e desenvolver uma farmácia escola de dispensação de medicamentos vinculada a Unidade Básica de Saúde &hellip; </p>
<p><a class="more-link btn" href="https://wp.ufpel.edu.br/farmacia/farmacia-escola-de-dispensacao-de-medicamentos-na-ubs-csu-ufpel/">Continue lendo</a></p>
