{"id":2649,"date":"2023-03-05T20:36:31","date_gmt":"2023-03-05T23:36:31","guid":{"rendered":"https:\/\/wp.ufpel.edu.br\/farmacia\/?page_id=2649"},"modified":"2023-03-05T20:39:25","modified_gmt":"2023-03-05T23:39:25","slug":"prospeccao-de-uma-nova-estrategia-terapeutica-para-a-comorbidade-depressao-e-deficit-cognitivo-doenca-de-alzheimer-utilizando-um-derivado-de-quinolina-envolvimento-de-moleculas-de-sinalizacao-celular","status":"publish","type":"page","link":"https:\/\/wp.ufpel.edu.br\/farmacia\/prospeccao-de-uma-nova-estrategia-terapeutica-para-a-comorbidade-depressao-e-deficit-cognitivo-doenca-de-alzheimer-utilizando-um-derivado-de-quinolina-envolvimento-de-moleculas-de-sinalizacao-celular\/","title":{"rendered":"Prospec\u00e7\u00e3o de uma nova estrat\u00e9gia terap\u00eautica para a comorbidade depress\u00e3o e d\u00e9ficit cognitivo\/doen\u00e7a de Alzheimer utilizando um derivado de quinolina: envolvimento de mol\u00e9culas de sinaliza\u00e7\u00e3o celular e dos sistemas colin\u00e9rgico e monoamin\u00e9rgico."},"content":{"rendered":"<h4 style=\"text-align: center;\"><span style=\"color: #ffc933; font-family: 'trebuchet ms', geneva, sans-serif;\">Resumo<\/span><\/h4>\n<p style=\"text-align: justify;\"><span style=\"color: #000000; font-family: 'trebuchet ms', geneva, sans-serif;\"> A longevidade humana aumentou significativamente ao longo do \u00faltimo s\u00e9culo e, com isso, ampliou-se <\/span><span style=\"color: #000000; font-family: 'trebuchet ms', geneva, sans-serif;\">o n\u00famero de indiv\u00edduos que atingem uma idade cr\u00edtica para o desenvolvimento de doen\u00e7as neurodegenerativas, <\/span><span style=\"color: #000000; font-family: 'trebuchet ms', geneva, sans-serif;\">tais como a doen\u00e7a de Alzheimer (DA). Embora a perda de mem\u00f3ria seja a principal queixa apresentada pelos <\/span><span style=\"color: #000000; font-family: 'trebuchet ms', geneva, sans-serif;\">indiv\u00edduos, em alguns casos, algumas complica\u00e7\u00f5es neuropsiqui\u00e1tricas, como a depress\u00e3o, s\u00e3o extremamente <\/span><span style=\"color: #000000; font-family: 'trebuchet ms', geneva, sans-serif;\">comuns nos est\u00e1gios iniciais da DA. Dada a etiologia multifatorial da comorbidade depress\u00e3o e DA, e ainda, aos <\/span><span style=\"color: #000000; font-family: 'trebuchet ms', geneva, sans-serif;\">efeitos adversos da utiliza\u00e7\u00e3o de medicamentos combinados, mol\u00e9culas multifuncionais com duas ou mais <\/span><span style=\"color: #000000; font-family: 'trebuchet ms', geneva, sans-serif;\">atividades biol\u00f3gicas complementares podem representar um avan\u00e7o importante para o tratamento destas <\/span><span style=\"color: #000000; font-family: 'trebuchet ms', geneva, sans-serif;\">doen\u00e7as. Diante deste contexto, nosso grupo de pesquisa tem buscado mol\u00e9culas multifuncionais direcionadas ao <\/span><span style=\"color: #000000; font-family: 'trebuchet ms', geneva, sans-serif;\">tratamento de desordens neurodegenerativas e psiqui\u00e1tricas. Inspirados por essas estrat\u00e9gias de design de <\/span><span style=\"color: #000000; font-family: 'trebuchet ms', geneva, sans-serif;\">drogas, uma das alternativas visa o uso de agentes contento o n\u00facleo quinolina para o tratamento de doen\u00e7as. O <\/span><span style=\"color: #000000; font-family: 'trebuchet ms', geneva, sans-serif;\">7-cloro-4-(fenilselanil) quinolina (4-PSQ) tem sido extensivamente estudado por nosso grupo de pesquisa. <\/span><span style=\"color: #000000; font-family: 'trebuchet ms', geneva, sans-serif;\">Anteriormente, foi demonstrado que o 4-PSQ teve efeito em modelos de ansiedade, estresse oxidativo e DA. <\/span><span style=\"color: #000000; font-family: 'trebuchet ms', geneva, sans-serif;\">Al\u00e9m disso, foi evidenciado que esta mol\u00e9cula apresenta uma caracter\u00edstica multifuncional, tornando-se uma <\/span><span style=\"color: #000000; font-family: 'trebuchet ms', geneva, sans-serif;\">alternativa promissora para o tratamento da comorbidade depress\u00e3o e DA. O desafio desta proposta \u00e9 <\/span><span style=\"color: #000000; font-family: 'trebuchet ms', geneva, sans-serif;\">determinar a atividade terap\u00eautica do 4-PSQ na comorbidade depress\u00e3o e d\u00e9ficit cognitivo\/DA, bem como <\/span><span style=\"color: #000000; font-family: 'trebuchet ms', geneva, sans-serif;\">investigar o envolvimento de mol\u00e9culas de sinaliza\u00e7\u00e3o celular e dos sistemas colin\u00e9rgicos e monoamin\u00e9rgico <\/span><span style=\"color: #000000; font-family: 'trebuchet ms', geneva, sans-serif;\">cerebrais no estabelecimento desta comorbidade. Adicionalmente, pretende-se investigar se o 4-PSQ apresenta <\/span><span style=\"color: #000000; font-family: 'trebuchet ms', geneva, sans-serif;\">efeito antioxidante no tratamento da d\u00edade depress\u00e3o e d\u00e9ficit cognitivo\/DA e avaliar a altera\u00e7\u00e3o no eixo HPA nos <\/span><span style=\"color: #000000; font-family: 'trebuchet ms', geneva, sans-serif;\">modelos experimentais. Por fim, a toxicidade hep\u00e1tica e renal do 4-PSQ nos diferentes protocolos experimentais <\/span><span style=\"color: #000000; font-family: 'trebuchet ms', geneva, sans-serif;\">ser\u00e1 avaliada.<\/span><\/p>\n<h4 style=\"text-align: center;\"><span style=\"color: #ffc933; font-family: 'trebuchet ms', geneva, sans-serif;\">Objetivos:<\/span><\/h4>\n<ul>\n<li style=\"text-align: left;\"><span style=\"color: #000000; font-family: 'trebuchet ms', geneva, sans-serif;\">Elucidar o envolvimento de mol\u00e9culas de sinaliza\u00e7\u00e3o celular e dos sistemas colin\u00e9rgicos e <\/span><span style=\"color: #000000; font-family: 'trebuchet ms', geneva, sans-serif;\">monoamin\u00e9rgicos <\/span><span style=\"color: #000000; font-family: 'trebuchet ms', geneva, sans-serif;\">cerebrais no estabelecimento da comorbidade depress\u00e3o e d\u00e9ficit cognitivo\/doen\u00e7a de Alzheimer;<\/span><\/li>\n<li><span style=\"color: #000000; font-family: 'trebuchet ms', geneva, sans-serif;\">Determinar a atividade terap\u00eautica de um derivado de quinolina, o 4-PSQ.<\/span><\/li>\n<\/ul>\n<p><span style=\"color: #000000; font-family: 'trebuchet ms', geneva, sans-serif;\">Coordenadora: Prof a . Dr a . Cristiane Luchese<\/span><br \/>\n<span style=\"color: #000000; font-family: 'trebuchet ms', geneva, sans-serif;\">Contato: cristiane_luchese@yahoo.com.br<\/span><\/p>\n","protected":false},"excerpt":{"rendered":"<p>Resumo A longevidade humana aumentou significativamente ao longo do \u00faltimo s\u00e9culo e, com isso, ampliou-se o n\u00famero de indiv\u00edduos que atingem uma idade cr\u00edtica para o desenvolvimento de doen\u00e7as neurodegenerativas, tais como a doen\u00e7a de Alzheimer (DA). Embora a perda de mem\u00f3ria seja a principal queixa apresentada pelos indiv\u00edduos, em alguns casos, algumas complica\u00e7\u00f5es neuropsiqui\u00e1tricas, &hellip; <\/p>\n<p><a class=\"more-link btn\" href=\"https:\/\/wp.ufpel.edu.br\/farmacia\/prospeccao-de-uma-nova-estrategia-terapeutica-para-a-comorbidade-depressao-e-deficit-cognitivo-doenca-de-alzheimer-utilizando-um-derivado-de-quinolina-envolvimento-de-moleculas-de-sinalizacao-celular\/\">Continue lendo<\/a><\/p>\n","protected":false},"author":222,"featured_media":0,"parent":0,"menu_order":0,"comment_status":"closed","ping_status":"closed","template":"","meta":{"jetpack_post_was_ever_published":false,"footnotes":""},"class_list":["post-2649","page","type-page","status-publish","hentry","nodate","item-wrap"],"jetpack_sharing_enabled":true,"jetpack_shortlink":"https:\/\/wp.me\/P6QO3Z-GJ","_links":{"self":[{"href":"https:\/\/wp.ufpel.edu.br\/farmacia\/wp-json\/wp\/v2\/pages\/2649","targetHints":{"allow":["GET"]}}],"collection":[{"href":"https:\/\/wp.ufpel.edu.br\/farmacia\/wp-json\/wp\/v2\/pages"}],"about":[{"href":"https:\/\/wp.ufpel.edu.br\/farmacia\/wp-json\/wp\/v2\/types\/page"}],"author":[{"embeddable":true,"href":"https:\/\/wp.ufpel.edu.br\/farmacia\/wp-json\/wp\/v2\/users\/222"}],"replies":[{"embeddable":true,"href":"https:\/\/wp.ufpel.edu.br\/farmacia\/wp-json\/wp\/v2\/comments?post=2649"}],"version-history":[{"count":6,"href":"https:\/\/wp.ufpel.edu.br\/farmacia\/wp-json\/wp\/v2\/pages\/2649\/revisions"}],"predecessor-version":[{"id":2662,"href":"https:\/\/wp.ufpel.edu.br\/farmacia\/wp-json\/wp\/v2\/pages\/2649\/revisions\/2662"}],"wp:attachment":[{"href":"https:\/\/wp.ufpel.edu.br\/farmacia\/wp-json\/wp\/v2\/media?parent=2649"}],"curies":[{"name":"wp","href":"https:\/\/api.w.org\/{rel}","templated":true}]}}

Prospecção de uma nova estratégia terapêutica para a comorbidade depressão e déficit cognitivo/doença de Alzheimer utilizando um derivado de quinolina: envolvimento de moléculas de sinalização celular e dos sistemas colinérgico e monoaminérgico.

<h4 style="text-align: center;"><span style="color: #ffc933; font-family: 'trebuchet ms', geneva, sans-serif;">Resumo</span></h4>
<p style="text-align: justify;"><span style="color: #000000; font-family: 'trebuchet ms', geneva, sans-serif;"> A longevidade humana aumentou significativamente ao longo do último século e, com isso, ampliou-se </span><span style="color: #000000; font-family: 'trebuchet ms', geneva, sans-serif;">o número de indivíduos que atingem uma idade crítica para o desenvolvimento de doenças neurodegenerativas, </span><span style="color: #000000; font-family: 'trebuchet ms', geneva, sans-serif;">tais como a doença de Alzheimer (DA). Embora a perda de memória seja a principal queixa apresentada pelos </span><span style="color: #000000; font-family: 'trebuchet ms', geneva, sans-serif;">indivíduos, em alguns casos, algumas complicações neuropsiquiátricas, como a depressão, são extremamente </span><span style="color: #000000; font-family: 'trebuchet ms', geneva, sans-serif;">comuns nos estágios iniciais da DA. Dada a etiologia multifatorial da comorbidade depressão e DA, e ainda, aos </span><span style="color: #000000; font-family: 'trebuchet ms', geneva, sans-serif;">efeitos adversos da utilização de medicamentos combinados, moléculas multifuncionais com duas ou mais </span><span style="color: #000000; font-family: 'trebuchet ms', geneva, sans-serif;">atividades biológicas complementares podem representar um avanço importante para o tratamento destas </span><span style="color: #000000; font-family: 'trebuchet ms', geneva, sans-serif;">doenças. Diante deste contexto, nosso grupo de pesquisa tem buscado moléculas multifuncionais direcionadas ao </span><span style="color: #000000; font-family: 'trebuchet ms', geneva, sans-serif;">tratamento de desordens neurodegenerativas e psiquiátricas. Inspirados por essas estratégias de design de </span><span style="color: #000000; font-family: 'trebuchet ms', geneva, sans-serif;">drogas, uma das alternativas visa o uso de agentes contento o núcleo quinolina para o tratamento de doenças. O </span><span style="color: #000000; font-family: 'trebuchet ms', geneva, sans-serif;">7-cloro-4-(fenilselanil) quinolina (4-PSQ) tem sido extensivamente estudado por nosso grupo de pesquisa. </span><span style="color: #000000; font-family: 'trebuchet ms', geneva, sans-serif;">Anteriormente, foi demonstrado que o 4-PSQ teve efeito em modelos de ansiedade, estresse oxidativo e DA. </span><span style="color: #000000; font-family: 'trebuchet ms', geneva, sans-serif;">Além disso, foi evidenciado que esta molécula apresenta uma característica multifuncional, tornando-se uma </span><span style="color: #000000; font-family: 'trebuchet ms', geneva, sans-serif;">alternativa promissora para o tratamento da comorbidade depressão e DA. O desafio desta proposta é </span><span style="color: #000000; font-family: 'trebuchet ms', geneva, sans-serif;">determinar a atividade terapêutica do 4-PSQ na comorbidade depressão e déficit cognitivo/DA, bem como </span><span style="color: #000000; font-family: 'trebuchet ms', geneva, sans-serif;">investigar o envolvimento de moléculas de sinalização celular e dos sistemas colinérgicos e monoaminérgico </span><span style="color: #000000; font-family: 'trebuchet ms', geneva, sans-serif;">cerebrais no estabelecimento desta comorbidade. Adicionalmente, pretende-se investigar se o 4-PSQ apresenta </span><span style="color: #000000; font-family: 'trebuchet ms', geneva, sans-serif;">efeito antioxidante no tratamento da díade depressão e déficit cognitivo/DA e avaliar a alteração no eixo HPA nos </span><span style="color: #000000; font-family: 'trebuchet ms', geneva, sans-serif;">modelos experimentais. Por fim, a toxicidade hepática e renal do 4-PSQ nos diferentes protocolos experimentais </span><span style="color: #000000; font-family: 'trebuchet ms', geneva, sans-serif;">será avaliada.</span></p>
<h4 style="text-align: center;"><span style="color: #ffc933; font-family: 'trebuchet ms', geneva, sans-serif;">Objetivos:</span></h4>
<ul>
<li style="text-align: left;"><span style="color: #000000; font-family: 'trebuchet ms', geneva, sans-serif;">Elucidar o envolvimento de moléculas de sinalização celular e dos sistemas colinérgicos e </span><span style="color: #000000; font-family: 'trebuchet ms', geneva, sans-serif;">monoaminérgicos </span><span style="color: #000000; font-family: 'trebuchet ms', geneva, sans-serif;">cerebrais no estabelecimento da comorbidade depressão e déficit cognitivo/doença de Alzheimer;</span></li>
<li><span style="color: #000000; font-family: 'trebuchet ms', geneva, sans-serif;">Determinar a atividade terapêutica de um derivado de quinolina, o 4-PSQ.</span></li>
</ul>
<p><span style="color: #000000; font-family: 'trebuchet ms', geneva, sans-serif;">Coordenadora: Prof a . Dr a . Cristiane Luchese</span><br />
<span style="color: #000000; font-family: 'trebuchet ms', geneva, sans-serif;">Contato: cristiane_luchese@yahoo.com.br</span></p>

<p>Resumo A longevidade humana aumentou significativamente ao longo do último século e, com isso, ampliou-se o número de indivíduos que atingem uma idade crítica para o desenvolvimento de doenças neurodegenerativas, tais como a doença de Alzheimer (DA). Embora a perda de memória seja a principal queixa apresentada pelos indivíduos, em alguns casos, algumas complicações neuropsiquiátricas, &hellip; </p>
<p><a class="more-link btn" href="https://wp.ufpel.edu.br/farmacia/prospeccao-de-uma-nova-estrategia-terapeutica-para-a-comorbidade-depressao-e-deficit-cognitivo-doenca-de-alzheimer-utilizando-um-derivado-de-quinolina-envolvimento-de-moleculas-de-sinalizacao-celular/">Continue lendo</a></p>
