{"id":228,"date":"2014-10-04T20:34:14","date_gmt":"2014-10-04T23:34:14","guid":{"rendered":"https:\/\/wp.ufpel.edu.br\/farmacia\/?page_id=228"},"modified":"2024-05-01T17:25:26","modified_gmt":"2024-05-01T20:25:26","slug":"colegiado","status":"publish","type":"page","link":"https:\/\/wp.ufpel.edu.br\/farmacia\/colegiado\/","title":{"rendered":"Colegiado e NDE"},"content":{"rendered":"<p><span style=\"font-family: 'trebuchet ms', geneva, sans-serif;\">Nesta p\u00e1gina voc\u00ea encontra as portarias do Colegiado e N\u00facleo Docente Estruturante (NDE) do Curso de Farm\u00e1cia.<\/span><\/p>\n<ul>\n<li><a href=\"https:\/\/wp.ufpel.edu.br\/farmacia\/files\/2024\/05\/Portaria-Colegiado-2024.pdf\">Portaria Colegiado 2024<\/a><\/li>\n<li><span style=\"font-family: 'trebuchet ms', geneva, sans-serif;\"><a href=\"https:\/\/wp.ufpel.edu.br\/farmacia\/files\/2023\/05\/Portaria-NDE.pdf\" target=\"_blank\" rel=\"noopener\">Portaria NDE<\/a><\/span><\/li>\n<\/ul>\n","protected":false},"excerpt":{"rendered":"<p>Nesta p\u00e1gina voc\u00ea encontra as portarias do Colegiado e N\u00facleo Docente Estruturante (NDE) do Curso de Farm\u00e1cia. Portaria Colegiado 2024 Portaria NDE<\/p>\n","protected":false},"author":222,"featured_media":0,"parent":0,"menu_order":0,"comment_status":"closed","ping_status":"closed","template":"","meta":{"jetpack_post_was_ever_published":false,"footnotes":""},"class_list":["post-228","page","type-page","status-publish","hentry","nodate","item-wrap"],"jetpack_sharing_enabled":false,"jetpack_shortlink":"https:\/\/wp.me\/P6QO3Z-3G","_links":{"self":[{"href":"https:\/\/wp.ufpel.edu.br\/farmacia\/wp-json\/wp\/v2\/pages\/228","targetHints":{"allow":["GET"]}}],"collection":[{"href":"https:\/\/wp.ufpel.edu.br\/farmacia\/wp-json\/wp\/v2\/pages"}],"about":[{"href":"https:\/\/wp.ufpel.edu.br\/farmacia\/wp-json\/wp\/v2\/types\/page"}],"author":[{"embeddable":true,"href":"https:\/\/wp.ufpel.edu.br\/farmacia\/wp-json\/wp\/v2\/users\/222"}],"replies":[{"embeddable":true,"href":"https:\/\/wp.ufpel.edu.br\/farmacia\/wp-json\/wp\/v2\/comments?post=228"}],"version-history":[{"count":7,"href":"https:\/\/wp.ufpel.edu.br\/farmacia\/wp-json\/wp\/v2\/pages\/228\/revisions"}],"predecessor-version":[{"id":3156,"href":"https:\/\/wp.ufpel.edu.br\/farmacia\/wp-json\/wp\/v2\/pages\/228\/revisions\/3156"}],"wp:attachment":[{"href":"https:\/\/wp.ufpel.edu.br\/farmacia\/wp-json\/wp\/v2\/media?parent=228"}],"curies":[{"name":"wp","href":"https:\/\/api.w.org\/{rel}","templated":true}]}}