{"id":2182,"date":"2023-01-19T17:33:34","date_gmt":"2023-01-19T20:33:34","guid":{"rendered":"https:\/\/wp.ufpel.edu.br\/farmacia\/?page_id=2182"},"modified":"2026-03-13T22:35:34","modified_gmt":"2026-03-14T01:35:34","slug":"colegiado-2","status":"publish","type":"page","link":"https:\/\/wp.ufpel.edu.br\/farmacia\/colegiado-2\/","title":{"rendered":"Colegiado do Curso de Farm\u00e1cia"},"content":{"rendered":"<p style=\"text-align: justify;\"><span style=\"font-family: 'trebuchet ms', geneva, sans-serif; text-align: justify;\">O Colegiado \u00e9 o \u00f3rg\u00e3o respons\u00e1vel pela coordena\u00e7\u00e3o did\u00e1tica do curso, ou seja, pela administra\u00e7\u00e3o das quest\u00f5es de ensino.<\/span><\/p>\n<ul>\n<li style=\"text-align: justify;\"><span style=\"font-family: 'trebuchet ms', geneva, sans-serif;\">A composi\u00e7\u00e3o do colegiado envolve docentes das \u00e1reas b\u00e1sica e profissional na propor\u00e7\u00e3o de 50% (cinquenta por cento) para cada uma, havendo representantes de todos os n\u00facleos, al\u00e9m da representa\u00e7\u00e3o estudantil. O presidente do Colegiado \u00e9 o Coordenador do Curso.<\/span><br \/>\n<span style=\"font-family: 'trebuchet ms', geneva, sans-serif;\">De forma resumida, o colegiado do curso possui como atribui\u00e7\u00f5es:<\/span><br \/>\n<span style=\"font-family: 'trebuchet ms', geneva, sans-serif;\">&#8211; coordenar e supervisionar o curso;<\/span><br \/>\n<span style=\"font-family: 'trebuchet ms', geneva, sans-serif;\">&#8211; receber reclama\u00e7\u00f5es e recursos na \u00e1rea de ensino;<\/span><br \/>\n<span style=\"font-family: 'trebuchet ms', geneva, sans-serif;\">&#8211; avaliar os pedidos de equival\u00eancia de disciplinas;<\/span><br \/>\n<span style=\"font-family: 'trebuchet ms', geneva, sans-serif;\">&#8211; avaliar os pedidos de quebra de pr\u00e9-requisitos;<\/span><br \/>\n<span style=\"font-family: 'trebuchet ms', geneva, sans-serif;\">&#8211; elaborar ou rever o curr\u00edculo, com aux\u00edlio do N\u00facleo Docente Estruturante (NDE), submetendo-o, posteriormente, a inst\u00e2ncias superiores;<\/span><br \/>\n<span style=\"font-family: 'trebuchet ms', geneva, sans-serif;\">&#8211; assegurar a comunica\u00e7\u00e3o entre o ciclo b\u00e1sico e o ciclo profissional;<\/span><br \/>\n<span style=\"font-family: 'trebuchet ms', geneva, sans-serif;\">&#8211; deliberar sobre assuntos discutidos em outras comiss\u00f5es, como CEMFA e CTOLC;<\/span><br \/>\n<span style=\"font-family: 'trebuchet ms', geneva, sans-serif;\">&#8211; aprovar a lista de ofertas das disciplinas do curso correspondente para cada per\u00edodo letivo;<\/span><br \/>\n<span style=\"font-family: 'trebuchet ms', geneva, sans-serif;\">&#8211; elaborar seu Regimento, para aprova\u00e7\u00e3o pelo Conselho Coordenador do Ensino da Pesquisa e da Extens\u00e3o (COCEPE).<\/span><\/li>\n<\/ul>\n<p style=\"text-align: center;\"><span style=\"font-family: 'trebuchet ms', geneva, sans-serif;\">COMPOSI\u00c7\u00c3O DO COLEGIADO DO CURSO DE FARM\u00c1CIA:<\/span><\/p>\n<p style=\"text-align: center;\"><a href=\"https:\/\/wp.ufpel.edu.br\/farmacia\/files\/2026\/03\/SEI_3473575_Portaria_Interna_97.pdf\">PORTARIA N\u00ba 97, DE 17 DE NOVEMBRO DE 2025<\/a><\/p>\n","protected":false},"excerpt":{"rendered":"<p>O Colegiado \u00e9 o \u00f3rg\u00e3o respons\u00e1vel pela coordena\u00e7\u00e3o did\u00e1tica do curso, ou seja, pela administra\u00e7\u00e3o das quest\u00f5es de ensino. A composi\u00e7\u00e3o do colegiado envolve docentes das \u00e1reas b\u00e1sica e profissional na propor\u00e7\u00e3o de 50% (cinquenta por cento) para cada uma, havendo representantes de todos os n\u00facleos, al\u00e9m da representa\u00e7\u00e3o estudantil. O presidente do Colegiado \u00e9 &hellip; <\/p>\n<p><a class=\"more-link btn\" href=\"https:\/\/wp.ufpel.edu.br\/farmacia\/colegiado-2\/\">Continue lendo<\/a><\/p>\n","protected":false},"author":222,"featured_media":0,"parent":0,"menu_order":0,"comment_status":"closed","ping_status":"closed","template":"","meta":{"jetpack_post_was_ever_published":false,"footnotes":""},"class_list":["post-2182","page","type-page","status-publish","hentry","nodate","item-wrap"],"jetpack_sharing_enabled":false,"jetpack_shortlink":"https:\/\/wp.me\/P6QO3Z-zc","_links":{"self":[{"href":"https:\/\/wp.ufpel.edu.br\/farmacia\/wp-json\/wp\/v2\/pages\/2182","targetHints":{"allow":["GET"]}}],"collection":[{"href":"https:\/\/wp.ufpel.edu.br\/farmacia\/wp-json\/wp\/v2\/pages"}],"about":[{"href":"https:\/\/wp.ufpel.edu.br\/farmacia\/wp-json\/wp\/v2\/types\/page"}],"author":[{"embeddable":true,"href":"https:\/\/wp.ufpel.edu.br\/farmacia\/wp-json\/wp\/v2\/users\/222"}],"replies":[{"embeddable":true,"href":"https:\/\/wp.ufpel.edu.br\/farmacia\/wp-json\/wp\/v2\/comments?post=2182"}],"version-history":[{"count":4,"href":"https:\/\/wp.ufpel.edu.br\/farmacia\/wp-json\/wp\/v2\/pages\/2182\/revisions"}],"predecessor-version":[{"id":3364,"href":"https:\/\/wp.ufpel.edu.br\/farmacia\/wp-json\/wp\/v2\/pages\/2182\/revisions\/3364"}],"wp:attachment":[{"href":"https:\/\/wp.ufpel.edu.br\/farmacia\/wp-json\/wp\/v2\/media?parent=2182"}],"curies":[{"name":"wp","href":"https:\/\/api.w.org\/{rel}","templated":true}]}}