{"id":2156,"date":"2023-01-19T17:19:29","date_gmt":"2023-01-19T20:19:29","guid":{"rendered":"https:\/\/wp.ufpel.edu.br\/farmacia\/?page_id=2156"},"modified":"2023-05-25T16:57:02","modified_gmt":"2023-05-25T19:57:02","slug":"formas-de-ingresso-2","status":"publish","type":"page","link":"https:\/\/wp.ufpel.edu.br\/farmacia\/formas-de-ingresso-2\/","title":{"rendered":"Formas de Ingresso"},"content":{"rendered":"<p style=\"text-align: justify;\"><span style=\"font-family: 'trebuchet ms', geneva, sans-serif;\">Para ingressar no Curso de Farm\u00e1cia da UFPel h\u00e1 tr\u00eas caminhos:<\/span><\/p>\n<p style=\"text-align: justify;\">\n<span style=\"font-family: 'trebuchet ms', geneva, sans-serif;\">&#8211; atrav\u00e9s do Sistema de Sele\u00e7\u00e3o Unificada SiSu, que utiliza a nota obtida no Exame Nacional do Ensino M\u00e9dio (Enem).<\/span><br \/>\n<span style=\"font-family: 'trebuchet ms', geneva, sans-serif;\">&#8211; atrav\u00e9s do Programa de avalia\u00e7\u00e3o da Vida Escolar (PAVE), modalidade alternativa de sele\u00e7\u00e3o que se constitui em um processo gradual e sistem\u00e1tico que acontece ao longo do Ensino M\u00e9dio .<\/span><br \/>\n<span style=\"font-family: 'trebuchet ms', geneva, sans-serif;\">&#8211; atrav\u00e9s de Editais de Reop\u00e7\u00e3o, Reingresso, Transfer\u00eancia e Portador de diploma, que constitui uma modalidade de ingresso que pode ser escolhida por quem \u00e9 aluno da UFPel e gostaria de trocar de curso, quem desistiu de um curso anteriormente cursado e por aqueles que gostariam de trocar de universidade ou que j\u00e1 possuem um diploma e desejam realizar outro curso de gradua\u00e7\u00e3o.<\/span><\/p>\n<p style=\"text-align: justify;\"><span style=\"font-family: 'trebuchet ms', geneva, sans-serif;\">Para mais informa\u00e7\u00f5es, acesse:<\/span><br \/>\n<span style=\"font-family: 'trebuchet ms', geneva, sans-serif;\">https:\/\/wp.ufpel.edu.br\/mostradecursos\/formas-de-ingresso\/<\/span><\/p>\n","protected":false},"excerpt":{"rendered":"<p>Para ingressar no Curso de Farm\u00e1cia da UFPel h\u00e1 tr\u00eas caminhos: &#8211; atrav\u00e9s do Sistema de Sele\u00e7\u00e3o Unificada SiSu, que utiliza a nota obtida no Exame Nacional do Ensino M\u00e9dio (Enem). &#8211; atrav\u00e9s do Programa de avalia\u00e7\u00e3o da Vida Escolar (PAVE), modalidade alternativa de sele\u00e7\u00e3o que se constitui em um processo gradual e sistem\u00e1tico que &hellip; <\/p>\n<p><a class=\"more-link btn\" href=\"https:\/\/wp.ufpel.edu.br\/farmacia\/formas-de-ingresso-2\/\">Continue lendo<\/a><\/p>\n","protected":false},"author":222,"featured_media":0,"parent":0,"menu_order":0,"comment_status":"closed","ping_status":"closed","template":"","meta":{"jetpack_post_was_ever_published":false,"footnotes":""},"class_list":["post-2156","page","type-page","status-publish","hentry","nodate","item-wrap"],"jetpack_sharing_enabled":false,"jetpack_shortlink":"https:\/\/wp.me\/P6QO3Z-yM","_links":{"self":[{"href":"https:\/\/wp.ufpel.edu.br\/farmacia\/wp-json\/wp\/v2\/pages\/2156","targetHints":{"allow":["GET"]}}],"collection":[{"href":"https:\/\/wp.ufpel.edu.br\/farmacia\/wp-json\/wp\/v2\/pages"}],"about":[{"href":"https:\/\/wp.ufpel.edu.br\/farmacia\/wp-json\/wp\/v2\/types\/page"}],"author":[{"embeddable":true,"href":"https:\/\/wp.ufpel.edu.br\/farmacia\/wp-json\/wp\/v2\/users\/222"}],"replies":[{"embeddable":true,"href":"https:\/\/wp.ufpel.edu.br\/farmacia\/wp-json\/wp\/v2\/comments?post=2156"}],"version-history":[{"count":2,"href":"https:\/\/wp.ufpel.edu.br\/farmacia\/wp-json\/wp\/v2\/pages\/2156\/revisions"}],"predecessor-version":[{"id":2827,"href":"https:\/\/wp.ufpel.edu.br\/farmacia\/wp-json\/wp\/v2\/pages\/2156\/revisions\/2827"}],"wp:attachment":[{"href":"https:\/\/wp.ufpel.edu.br\/farmacia\/wp-json\/wp\/v2\/media?parent=2156"}],"curies":[{"name":"wp","href":"https:\/\/api.w.org\/{rel}","templated":true}]}}