{"id":54,"date":"2022-07-07T12:05:17","date_gmt":"2022-07-07T15:05:17","guid":{"rendered":"https:\/\/wp.ufpel.edu.br\/famedcol\/?page_id=54"},"modified":"2022-07-07T12:05:36","modified_gmt":"2022-07-07T15:05:36","slug":"perfil-do-a-egresso-a","status":"publish","type":"page","link":"https:\/\/wp.ufpel.edu.br\/famedcol\/perfil-do-a-egresso-a\/","title":{"rendered":"Perfil do (a) egresso (a)"},"content":{"rendered":"<p style=\"text-align: justify;\">O (A) egresso (a) do curso de Medicina \u00e9 dotado (a) de forma\u00e7\u00e3o generalista, humanista, cr\u00edtica e reflexiva, estando capacitado (a) a atuar no processo sa\u00fade-doen\u00e7a em seus diferentes n\u00edveis de aten\u00e7\u00e3o, realizando atendimentos nas \u00e1reas cl\u00ednicas e cir\u00fargicas ambulatoriais e de urg\u00eancia \/ emerg\u00eancia, encaminhando o (a) paciente quando necess\u00e1rio, usando o sistema de refer\u00eancia e contra-refer\u00eancia da regi\u00e3o onde estiver inserido. Deve pautar suas decis\u00f5es na an\u00e1lise criteriosa da Medicina baseada em evid\u00eancias. Realiza a\u00e7\u00f5es de promo\u00e7\u00e3o, preven\u00e7\u00e3o, recupera\u00e7\u00e3o e reabilita\u00e7\u00e3o, na perspectiva da integralidade da assist\u00eancia, com senso de responsabilidade social e compromisso com a cidadania, como promotor da sa\u00fade integral do ser humano.<\/p>\n","protected":false},"excerpt":{"rendered":"<p>O (A) egresso (a) do curso de Medicina \u00e9 dotado (a) de forma\u00e7\u00e3o generalista, humanista, cr\u00edtica e reflexiva, estando capacitado (a) a atuar no processo sa\u00fade-doen\u00e7a em seus diferentes n\u00edveis de aten\u00e7\u00e3o, realizando atendimentos nas \u00e1reas cl\u00ednicas e cir\u00fargicas ambulatoriais e de urg\u00eancia \/ emerg\u00eancia, encaminhando o (a) paciente quando necess\u00e1rio, usando o sistema de&#8230; <\/p>\n<div class=\"link-more\"><a href=\"https:\/\/wp.ufpel.edu.br\/famedcol\/perfil-do-a-egresso-a\/\">Leia mais<\/a><\/div>\n","protected":false},"author":1245,"featured_media":0,"parent":0,"menu_order":3,"comment_status":"closed","ping_status":"closed","template":"","meta":{"footnotes":""},"class_list":["post-54","page","type-page","status-publish","hentry"],"_links":{"self":[{"href":"https:\/\/wp.ufpel.edu.br\/famedcol\/wp-json\/wp\/v2\/pages\/54","targetHints":{"allow":["GET"]}}],"collection":[{"href":"https:\/\/wp.ufpel.edu.br\/famedcol\/wp-json\/wp\/v2\/pages"}],"about":[{"href":"https:\/\/wp.ufpel.edu.br\/famedcol\/wp-json\/wp\/v2\/types\/page"}],"author":[{"embeddable":true,"href":"https:\/\/wp.ufpel.edu.br\/famedcol\/wp-json\/wp\/v2\/users\/1245"}],"replies":[{"embeddable":true,"href":"https:\/\/wp.ufpel.edu.br\/famedcol\/wp-json\/wp\/v2\/comments?post=54"}],"version-history":[{"count":1,"href":"https:\/\/wp.ufpel.edu.br\/famedcol\/wp-json\/wp\/v2\/pages\/54\/revisions"}],"predecessor-version":[{"id":56,"href":"https:\/\/wp.ufpel.edu.br\/famedcol\/wp-json\/wp\/v2\/pages\/54\/revisions\/56"}],"wp:attachment":[{"href":"https:\/\/wp.ufpel.edu.br\/famedcol\/wp-json\/wp\/v2\/media?parent=54"}],"curies":[{"name":"wp","href":"https:\/\/api.w.org\/{rel}","templated":true}]}}