{"id":32,"date":"2022-07-07T10:40:02","date_gmt":"2022-07-07T13:40:02","guid":{"rendered":"https:\/\/wp.ufpel.edu.br\/famedcol\/?page_id=32"},"modified":"2023-03-07T09:36:21","modified_gmt":"2023-03-07T12:36:21","slug":"formularios-uteis","status":"publish","type":"page","link":"https:\/\/wp.ufpel.edu.br\/famedcol\/formularios-uteis\/","title":{"rendered":"Formul\u00e1rios \u00dateis"},"content":{"rendered":"<p><a href=\"https:\/\/wp.ufpel.edu.br\/famedcol\/files\/2022\/07\/Requerimento-de-Aproveitamento-de-Estudos.pdf\">Requerimento de Aproveitamento de Estudos<\/a><\/p>\n<p>O aluno dever\u00e1 encaminhar <strong>para cada disciplina que seja solicitado o aproveitamento uma via do requerimento (devidamente preenchido) + hist\u00f3rico + ementa \/ plano de ensino em um \u00fanico arquivo (identificando a disciplina), para famedcol@ufpel.edu.br<\/strong><\/p>\n<p><a href=\"https:\/\/wp.ufpel.edu.br\/famedcol\/files\/2022\/07\/Pre-requisito-1.pdf\">Requerimento de Quebra de Pr\u00e9-Requisito<\/a><\/p>\n<p>O aluno dever\u00e1 encaminhar o formul\u00e1rio acima + hist\u00f3rico acad\u00eamico + integraliza\u00e7\u00e3o curricular\u00a0 <strong>em um \u00fanico arquivo em pdf<\/strong> para famedcol@ufpel.edu.br, at\u00e9 a data prevista no Calend\u00e1rio Acad\u00eamico.<\/p>\n<p><a href=\"https:\/\/wp.ufpel.edu.br\/famedcol\/files\/2022\/07\/Recurso-pre.pdf\">Recurso de Quebra de Pr\u00e9-Requisitos<\/a><\/p>\n<p>Se o pedido de quebra de pr\u00e9-requisito for indeferido, poder\u00e1 o (a) discente ingressar com recurso junto ao COCEPE. Para isso, dever\u00e1 encaminhar o formul\u00e1rio e documentos correlatos <strong>(em pdf) <\/strong>para famedcol@ufpel.edu.br, no prazo previsto no Calend\u00e1rio Acad\u00eamico.<\/p>\n<p><a href=\"https:\/\/wp.ufpel.edu.br\/famedcol\/files\/2023\/02\/controlador.php_.pdf\">Requerimento de Exerc\u00edcios Domiciliares<\/a><\/p>\n<p>Quando o afastamento for superior a 3 (tr\u00eas) dias, o (a) discente dever\u00e1 encaminhar o requerimento acima e atestado m\u00e9dico para: <a class=\"\" href=\"mailto:pericia.medica@ufpel.edu.br\" data-usuario=\"pericia.medica\" data-dominio=\"ufpel.edu.br\">pericia.medica@ufpel.edu.br<\/a><\/p>\n<p><a href=\"https:\/\/wp.ufpel.edu.br\/famedcol\/files\/2022\/07\/Requerimento-de-revisao-de-desempenho.pdf\">Requerimento de Revis\u00e3o de D<\/a><a href=\"https:\/\/wp.ufpel.edu.br\/famedcol\/files\/2022\/07\/Requerimento-de-revisao-de-desempenho.pdf\">esempenho<\/a><\/p>\n<p>O (a) discente dever\u00e1 encaminhar o formul\u00e1rio acima e documentos correlatos <strong>(em pdf) <\/strong>para famedcol@ufpel.edu.br, de acordo com as orienta\u00e7\u00f5es da Resolu\u00e7\u00e3o abaixo.<\/p>\n<p><a href=\"https:\/\/wp.ufpel.edu.br\/famedcol\/files\/2022\/07\/Resolucao-COCEPE.pdf\">Resolu\u00e7\u00e3o COCEPE<\/a><\/p>\n<p><a href=\"https:\/\/wp.ufpel.edu.br\/famedcol\/files\/2022\/07\/Requerimento-de-Trancamento-Geral-de-Matricula.pdf\">Requerimento de Trancamento Geral de Matr\u00edcula<\/a><\/p>\n<p>O trancamento geral de matr\u00edcula deve ser solicitado \u00e0 CRA pelo discente ou seu representante legal, nos prazos previstos no calend\u00e1rio acad\u00eamico. A solicita\u00e7\u00e3o deve ser encaminhada atrav\u00e9s do endere\u00e7o:<\/p>\n<p><a href=\"https:\/\/atendimento.ufpel.edu.br\/\">https:\/\/atendimento.ufpel.edu.br\/<\/a><\/p>\n<p>Reserva de salas e audit\u00f3rios<\/p>\n<p>Para reservar uma sala ou audit\u00f3rio, o (a) discente interessado (a) dever\u00e1 encaminhar a solicita\u00e7\u00e3o para <a class=\"email\" title=\"Compor mensagem para\" href=\"mailto:apoiofamed@ufpel.edu.br\">apoiofamed@ufpel.edu.br<\/a><\/p>\n","protected":false},"excerpt":{"rendered":"<p>Requerimento de Aproveitamento de Estudos O aluno dever\u00e1 encaminhar para cada disciplina que seja solicitado o aproveitamento uma via do requerimento (devidamente preenchido) + hist\u00f3rico + ementa \/ plano de ensino em um \u00fanico arquivo (identificando a disciplina), para famedcol@ufpel.edu.br Requerimento de Quebra de Pr\u00e9-Requisito O aluno dever\u00e1 encaminhar o formul\u00e1rio acima + hist\u00f3rico acad\u00eamico&#8230; <\/p>\n<div class=\"link-more\"><a href=\"https:\/\/wp.ufpel.edu.br\/famedcol\/formularios-uteis\/\">Leia mais<\/a><\/div>\n","protected":false},"author":1245,"featured_media":0,"parent":0,"menu_order":8,"comment_status":"closed","ping_status":"closed","template":"","meta":{"footnotes":""},"class_list":["post-32","page","type-page","status-publish","hentry"],"_links":{"self":[{"href":"https:\/\/wp.ufpel.edu.br\/famedcol\/wp-json\/wp\/v2\/pages\/32","targetHints":{"allow":["GET"]}}],"collection":[{"href":"https:\/\/wp.ufpel.edu.br\/famedcol\/wp-json\/wp\/v2\/pages"}],"about":[{"href":"https:\/\/wp.ufpel.edu.br\/famedcol\/wp-json\/wp\/v2\/types\/page"}],"author":[{"embeddable":true,"href":"https:\/\/wp.ufpel.edu.br\/famedcol\/wp-json\/wp\/v2\/users\/1245"}],"replies":[{"embeddable":true,"href":"https:\/\/wp.ufpel.edu.br\/famedcol\/wp-json\/wp\/v2\/comments?post=32"}],"version-history":[{"count":21,"href":"https:\/\/wp.ufpel.edu.br\/famedcol\/wp-json\/wp\/v2\/pages\/32\/revisions"}],"predecessor-version":[{"id":376,"href":"https:\/\/wp.ufpel.edu.br\/famedcol\/wp-json\/wp\/v2\/pages\/32\/revisions\/376"}],"wp:attachment":[{"href":"https:\/\/wp.ufpel.edu.br\/famedcol\/wp-json\/wp\/v2\/media?parent=32"}],"curies":[{"name":"wp","href":"https:\/\/api.w.org\/{rel}","templated":true}]}}

Formulários Úteis

<p><a href="https://wp.ufpel.edu.br/famedcol/files/2022/07/Requerimento-de-Aproveitamento-de-Estudos.pdf">Requerimento de Aproveitamento de Estudos</a></p>
<p>O aluno deverá encaminhar <strong>para cada disciplina que seja solicitado o aproveitamento uma via do requerimento (devidamente preenchido) + histórico + ementa / plano de ensino em um único arquivo (identificando a disciplina), para famedcol@ufpel.edu.br</strong></p>
<p><a href="https://wp.ufpel.edu.br/famedcol/files/2022/07/Pre-requisito-1.pdf">Requerimento de Quebra de Pré-Requisito</a></p>
<p>O aluno deverá encaminhar o formulário acima + histórico acadêmico + integralização curricular  <strong>em um único arquivo em pdf</strong> para famedcol@ufpel.edu.br, até a data prevista no Calendário Acadêmico.</p>
<p><a href="https://wp.ufpel.edu.br/famedcol/files/2022/07/Recurso-pre.pdf">Recurso de Quebra de Pré-Requisitos</a></p>
<p>Se o pedido de quebra de pré-requisito for indeferido, poderá o (a) discente ingressar com recurso junto ao COCEPE. Para isso, deverá encaminhar o formulário e documentos correlatos <strong>(em pdf) </strong>para famedcol@ufpel.edu.br, no prazo previsto no Calendário Acadêmico.</p>
<p><a href="https://wp.ufpel.edu.br/famedcol/files/2023/02/controlador.php_.pdf">Requerimento de Exercícios Domiciliares</a></p>
<p>Quando o afastamento for superior a 3 (três) dias, o (a) discente deverá encaminhar o requerimento acima e atestado médico para: <a class="" href="mailto:pericia.medica@ufpel.edu.br" data-usuario="pericia.medica" data-dominio="ufpel.edu.br">pericia.medica@ufpel.edu.br</a></p>
<p><a href="https://wp.ufpel.edu.br/famedcol/files/2022/07/Requerimento-de-revisao-de-desempenho.pdf">Requerimento de Revisão de D</a><a href="https://wp.ufpel.edu.br/famedcol/files/2022/07/Requerimento-de-revisao-de-desempenho.pdf">esempenho</a></p>
<p>O (a) discente deverá encaminhar o formulário acima e documentos correlatos <strong>(em pdf) </strong>para famedcol@ufpel.edu.br, de acordo com as orientações da Resolução abaixo.</p>
<p><a href="https://wp.ufpel.edu.br/famedcol/files/2022/07/Resolucao-COCEPE.pdf">Resolução COCEPE</a></p>
<p><a href="https://wp.ufpel.edu.br/famedcol/files/2022/07/Requerimento-de-Trancamento-Geral-de-Matricula.pdf">Requerimento de Trancamento Geral de Matrícula</a></p>
<p>O trancamento geral de matrícula deve ser solicitado à CRA pelo discente ou seu representante legal, nos prazos previstos no calendário acadêmico. A solicitação deve ser encaminhada através do endereço:</p>
<p><a href="https://atendimento.ufpel.edu.br/">https://atendimento.ufpel.edu.br/</a></p>
<p>Reserva de salas e auditórios</p>
<p>Para reservar uma sala ou auditório, o (a) discente interessado (a) deverá encaminhar a solicitação para <a class="email" title="Compor mensagem para" href="mailto:apoiofamed@ufpel.edu.br">apoiofamed@ufpel.edu.br</a></p>

<p>Requerimento de Aproveitamento de Estudos O aluno deverá encaminhar para cada disciplina que seja solicitado o aproveitamento uma via do requerimento (devidamente preenchido) + histórico + ementa / plano de ensino em um único arquivo (identificando a disciplina), para famedcol@ufpel.edu.br Requerimento de Quebra de Pré-Requisito O aluno deverá encaminhar o formulário acima + histórico acadêmico&#8230; </p>
<div class="link-more"><a href="https://wp.ufpel.edu.br/famedcol/formularios-uteis/">Leia mais</a></div>
