{"id":13,"date":"2022-07-07T10:18:25","date_gmt":"2022-07-07T13:18:25","guid":{"rendered":"https:\/\/wp.ufpel.edu.br\/famedcol\/?page_id=13"},"modified":"2022-07-07T12:02:36","modified_gmt":"2022-07-07T15:02:36","slug":"perfil-do-curso","status":"publish","type":"page","link":"https:\/\/wp.ufpel.edu.br\/famedcol\/perfil-do-curso\/","title":{"rendered":"Perfil do Curso"},"content":{"rendered":"<p style=\"text-align: justify;\">O Curso de Bacharelado em Medicina da Universidade Federal de Pelotas, tem por finalidade a forma\u00e7\u00e3o, o aperfei\u00e7oamento e a especializa\u00e7\u00e3o do (a) profissional para o desenvolvimento da medicina, propondo-se no cumprimento dos seguinte miss\u00e3o:<\/p>\n<ul>\n<li style=\"text-align: justify;\">Formar m\u00e9dicos (as) dotados (as) de conhecimentos e profici\u00eancia que os (as) habilitem a ampla concep\u00e7\u00e3o biol\u00f3gico-social de sa\u00fade e doen\u00e7a, orientando-o (a) na pr\u00e1tica de princ\u00edpios \u00e9ticos e humanit\u00e1rios, nos diferentes n\u00edveis de aten\u00e7\u00e3o, com a\u00e7\u00f5es de promo\u00e7\u00e3o, preven\u00e7\u00e3o, recupera\u00e7\u00e3o e reabilita\u00e7\u00e3o \u00e0 sa\u00fade, na perspectiva da integralidade da assist\u00eancia, com senso de responsabilidade social e compromisso com a cidadania, como promotor (a) da sa\u00fade integral do ser humano. &#8211; Promover e incentivar a pesquisa nos seus v\u00e1rios setores; &#8211; Propiciar especializa\u00e7\u00e3o e aperfei\u00e7oamento permanente, incentivando os h\u00e1bitos da educa\u00e7\u00e3o continuada.<\/li>\n<li style=\"text-align: justify;\">Formar m\u00e9dicos (as) dotados (as)\u00a0 de conhecimentos e profici\u00eancia que os habilitem a: Ampla concep\u00e7\u00e3o bio-psico-social de sa\u00fade e doen\u00e7a, orientando-o na pr\u00e1tica de princ\u00edpios \u00e9ticos e humanit\u00e1rios, nos diferentes n\u00edveis de aten\u00e7\u00e3o, com a\u00e7\u00f5es de promo\u00e7\u00e3o, preven\u00e7\u00e3o, recupera\u00e7\u00e3o e reabilita\u00e7\u00e3o \u00e0 sa\u00fade, na perspectiva da integralidade da assist\u00eancia, com senso de responsabilidade social e compromisso com a cidadania, como promotor da sa\u00fade integral do ser humano,<br \/>\nPromovendo e incentivando a pesquisa nos v\u00e1rios setores por ela abrangidos, propiciando a especializa\u00e7\u00e3o e aperfei\u00e7oamento permanente, incentivando os h\u00e1bitos de aprendizado continuado.<\/li>\n<\/ul>\n<p>A miss\u00e3o da Faculdade de Medicina ser\u00e1 cumprida mediante o desenvolvimento simult\u00e2neo e associada das atividades de ensino, pesquisa, extens\u00e3o e assist\u00eancia, inclu\u00edda nesta, a presta\u00e7\u00e3o de servi\u00e7os \u00e0 comunidade.<br \/>\nConstituir\u00e1 motiva\u00e7\u00e3o b\u00e1sica de seu desenvolvimento, o programa de medicina que atenda os problemas prevalentes da comunidade, objetivando a proje\u00e7\u00e3o para toda a \u00e1rea de influ\u00eancia, a solu\u00e7\u00e3o de seus problemas m\u00e9dico-sociais.<\/p>\n","protected":false},"excerpt":{"rendered":"<p>O Curso de Bacharelado em Medicina da Universidade Federal de Pelotas, tem por finalidade a forma\u00e7\u00e3o, o aperfei\u00e7oamento e a especializa\u00e7\u00e3o do (a) profissional para o desenvolvimento da medicina, propondo-se no cumprimento dos seguinte miss\u00e3o: Formar m\u00e9dicos (as) dotados (as) de conhecimentos e profici\u00eancia que os (as) habilitem a ampla concep\u00e7\u00e3o biol\u00f3gico-social de sa\u00fade e&#8230; <\/p>\n<div class=\"link-more\"><a href=\"https:\/\/wp.ufpel.edu.br\/famedcol\/perfil-do-curso\/\">Leia mais<\/a><\/div>\n","protected":false},"author":1245,"featured_media":0,"parent":0,"menu_order":1,"comment_status":"closed","ping_status":"closed","template":"","meta":{"footnotes":""},"class_list":["post-13","page","type-page","status-publish","hentry"],"_links":{"self":[{"href":"https:\/\/wp.ufpel.edu.br\/famedcol\/wp-json\/wp\/v2\/pages\/13","targetHints":{"allow":["GET"]}}],"collection":[{"href":"https:\/\/wp.ufpel.edu.br\/famedcol\/wp-json\/wp\/v2\/pages"}],"about":[{"href":"https:\/\/wp.ufpel.edu.br\/famedcol\/wp-json\/wp\/v2\/types\/page"}],"author":[{"embeddable":true,"href":"https:\/\/wp.ufpel.edu.br\/famedcol\/wp-json\/wp\/v2\/users\/1245"}],"replies":[{"embeddable":true,"href":"https:\/\/wp.ufpel.edu.br\/famedcol\/wp-json\/wp\/v2\/comments?post=13"}],"version-history":[{"count":3,"href":"https:\/\/wp.ufpel.edu.br\/famedcol\/wp-json\/wp\/v2\/pages\/13\/revisions"}],"predecessor-version":[{"id":51,"href":"https:\/\/wp.ufpel.edu.br\/famedcol\/wp-json\/wp\/v2\/pages\/13\/revisions\/51"}],"wp:attachment":[{"href":"https:\/\/wp.ufpel.edu.br\/famedcol\/wp-json\/wp\/v2\/media?parent=13"}],"curies":[{"name":"wp","href":"https:\/\/api.w.org\/{rel}","templated":true}]}}

<p style="text-align: justify;">O Curso de Bacharelado em Medicina da Universidade Federal de Pelotas, tem por finalidade a formação, o aperfeiçoamento e a especialização do (a) profissional para o desenvolvimento da medicina, propondo-se no cumprimento dos seguinte missão:</p>
<ul>
<li style="text-align: justify;">Formar médicos (as) dotados (as) de conhecimentos e proficiência que os (as) habilitem a ampla concepção biológico-social de saúde e doença, orientando-o (a) na prática de princípios éticos e humanitários, nos diferentes níveis de atenção, com ações de promoção, prevenção, recuperação e reabilitação à saúde, na perspectiva da integralidade da assistência, com senso de responsabilidade social e compromisso com a cidadania, como promotor (a) da saúde integral do ser humano. &#8211; Promover e incentivar a pesquisa nos seus vários setores; &#8211; Propiciar especialização e aperfeiçoamento permanente, incentivando os hábitos da educação continuada.</li>
<li style="text-align: justify;">Formar médicos (as) dotados (as)  de conhecimentos e proficiência que os habilitem a: Ampla concepção bio-psico-social de saúde e doença, orientando-o na prática de princípios éticos e humanitários, nos diferentes níveis de atenção, com ações de promoção, prevenção, recuperação e reabilitação à saúde, na perspectiva da integralidade da assistência, com senso de responsabilidade social e compromisso com a cidadania, como promotor da saúde integral do ser humano,<br />
Promovendo e incentivando a pesquisa nos vários setores por ela abrangidos, propiciando a especialização e aperfeiçoamento permanente, incentivando os hábitos de aprendizado continuado.</li>
</ul>
<p>A missão da Faculdade de Medicina será cumprida mediante o desenvolvimento simultâneo e associada das atividades de ensino, pesquisa, extensão e assistência, incluída nesta, a prestação de serviços à comunidade.<br />
Constituirá motivação básica de seu desenvolvimento, o programa de medicina que atenda os problemas prevalentes da comunidade, objetivando a projeção para toda a área de influência, a solução de seus problemas médico-sociais.</p>

<p>O Curso de Bacharelado em Medicina da Universidade Federal de Pelotas, tem por finalidade a formação, o aperfeiçoamento e a especialização do (a) profissional para o desenvolvimento da medicina, propondo-se no cumprimento dos seguinte missão: Formar médicos (as) dotados (as) de conhecimentos e proficiência que os (as) habilitem a ampla concepção biológico-social de saúde e&#8230; </p>
<div class="link-more"><a href="https://wp.ufpel.edu.br/famedcol/perfil-do-curso/">Leia mais</a></div>
