{"id":381,"date":"2018-11-22T10:33:49","date_gmt":"2018-11-22T12:33:49","guid":{"rendered":"https:\/\/wp.ufpel.edu.br\/famed\/?page_id=381"},"modified":"2025-02-13T10:16:05","modified_gmt":"2025-02-13T13:16:05","slug":"residencia-medica","status":"publish","type":"page","link":"https:\/\/wp.ufpel.edu.br\/famed\/residencia-medica\/","title":{"rendered":"Resid\u00eancia M\u00e9dica"},"content":{"rendered":"<h1 style=\"text-align: center;\"><strong>FAMED\/UFPel: Resid\u00eancia M\u00e9dica<\/strong><\/h1>\n<p>&nbsp;<\/p>\n<ul>\n<li>Cl\u00ednica M\u00e9dica<\/li>\n<li>Endocrinologia e Metabologia<\/li>\n<li>Gastroenterologia<\/li>\n<li>Ginecologia e Obstetr\u00edcia<\/li>\n<li>Medicina da Fam\u00edlia e Comunidade<\/li>\n<li>Medicina da Fam\u00edlia e Comunidade \u2013 R3 em Aten\u00e7\u00e3o Domiciliar<\/li>\n<li>Neonatologia<\/li>\n<li>Oncologia Cl\u00ednica<\/li>\n<li>Pediatria<\/li>\n<li>Psiquiatria<\/li>\n<\/ul>\n<p>&nbsp;<\/p>\n<p style=\"text-align: left;\">Para mais informa\u00e7\u00f5es acesse a p\u00e1gina da <a href=\"https:\/\/wp.ufpel.edu.br\/coreme\/\">Comiss\u00e3o de Resid\u00eancia M\u00e9dica COREME<\/a>.<\/p>\n<p>&nbsp;<\/p>\n<p><b>Contato<\/b><\/p>\n<p>E-mail: coreme@ufpel.edu.br<br \/>\nTelefone: (53) 3284-4102<\/p>\n<p>&nbsp;<\/p>\n<p><strong>Coordena\u00e7\u00e3o<\/strong><\/p>\n<p>Coordenador &#8211; Prof.\u00aa Dr.\u00aa Cecilia Fernandes Lorea<br \/>\nCoordenador Adjunto &#8211; Prof. Dr. Daniel Brito de Ara\u00fajo<\/p>\n<p>&nbsp;<\/p>\n<h4><strong><a href=\"https:\/\/wp.ufpel.edu.br\/famed\/files\/2018\/11\/Imagem-Med.jpg\"><img class=\" wp-image-107 aligncenter\" src=\"https:\/\/wp.ufpel.edu.br\/famed\/files\/2018\/11\/Imagem-Med.jpg\" alt=\"\" width=\"169\" height=\"170\" srcset=\"https:\/\/wp.ufpel.edu.br\/famed\/files\/2018\/11\/Imagem-Med.jpg 225w, https:\/\/wp.ufpel.edu.br\/famed\/files\/2018\/11\/Imagem-Med-200x200.jpg 200w\" sizes=\"(max-width: 169px) 100vw, 169px\" \/><\/a><\/strong><\/h4>\n","protected":false},"excerpt":{"rendered":"<p>FAMED\/UFPel: Resid\u00eancia M\u00e9dica &nbsp; Cl\u00ednica M\u00e9dica Endocrinologia e Metabologia Gastroenterologia Ginecologia e Obstetr\u00edcia Medicina da Fam\u00edlia e Comunidade Medicina da Fam\u00edlia e Comunidade \u2013 R3 em Aten\u00e7\u00e3o Domiciliar Neonatologia Oncologia Cl\u00ednica Pediatria Psiquiatria &nbsp; Para mais informa\u00e7\u00f5es acesse a p\u00e1gina da Comiss\u00e3o de Resid\u00eancia M\u00e9dica COREME. &nbsp; Contato E-mail: coreme@ufpel.edu.br Telefone: (53) 3284-4102 &nbsp; Coordena\u00e7\u00e3o [&hellip;]<\/p>\n","protected":false},"author":166,"featured_media":0,"parent":0,"menu_order":0,"comment_status":"closed","ping_status":"closed","template":"","meta":{"jetpack_post_was_ever_published":false,"footnotes":""},"class_list":["post-381","page","type-page","status-publish","hentry"],"jetpack_sharing_enabled":true,"jetpack_shortlink":"https:\/\/wp.me\/P8YhqL-69","_links":{"self":[{"href":"https:\/\/wp.ufpel.edu.br\/famed\/wp-json\/wp\/v2\/pages\/381","targetHints":{"allow":["GET"]}}],"collection":[{"href":"https:\/\/wp.ufpel.edu.br\/famed\/wp-json\/wp\/v2\/pages"}],"about":[{"href":"https:\/\/wp.ufpel.edu.br\/famed\/wp-json\/wp\/v2\/types\/page"}],"author":[{"embeddable":true,"href":"https:\/\/wp.ufpel.edu.br\/famed\/wp-json\/wp\/v2\/users\/166"}],"replies":[{"embeddable":true,"href":"https:\/\/wp.ufpel.edu.br\/famed\/wp-json\/wp\/v2\/comments?post=381"}],"version-history":[{"count":13,"href":"https:\/\/wp.ufpel.edu.br\/famed\/wp-json\/wp\/v2\/pages\/381\/revisions"}],"predecessor-version":[{"id":3861,"href":"https:\/\/wp.ufpel.edu.br\/famed\/wp-json\/wp\/v2\/pages\/381\/revisions\/3861"}],"wp:attachment":[{"href":"https:\/\/wp.ufpel.edu.br\/famed\/wp-json\/wp\/v2\/media?parent=381"}],"curies":[{"name":"wp","href":"https:\/\/api.w.org\/{rel}","templated":true}]}}