{"id":358,"date":"2018-11-22T09:06:44","date_gmt":"2018-11-22T11:06:44","guid":{"rendered":"https:\/\/wp.ufpel.edu.br\/famed\/?page_id=358"},"modified":"2021-05-05T10:33:59","modified_gmt":"2021-05-05T13:33:59","slug":"projetos-unificados-famed","status":"publish","type":"page","link":"https:\/\/wp.ufpel.edu.br\/famed\/projetos-unificados-famed\/","title":{"rendered":"Projetos de Extens\u00e3o &#8211; FAMED"},"content":{"rendered":"<table style=\"width: 746px\" width=\"750\">\n<tbody>\n<tr style=\"font-style: inherit;font-weight: inherit\">\n<td style=\"font-style: inherit;width: 746px;height: 21px\" width=\"750\">Acesse os detalhes dos projetos:\u00a0<a href=\"https:\/\/institucional.ufpel.edu.br\/projetos\">Portal Institucional UFPel<\/a><\/td>\n<\/tr>\n<tr style=\"font-style: inherit;font-weight: inherit\">\n<td style=\"font-style: inherit;width: 746px;height: 63px\">\n<h4 style=\"text-align: center\">Projetos de Extens\u00e3o \u2013 FAMED\/UFPel<\/h4>\n<\/td>\n<\/tr>\n<tr style=\"height: 21px\">\n<td style=\"width: 746px;height: 21px\">AMBULAT\u00d3RIO DE PSICOTERAPIA<\/td>\n<\/tr>\n<tr style=\"height: 21px\">\n<td style=\"width: 746px;height: 21px\">Pro-Crescer: Programa de acompanhamento do desenvolvimento neuropsicomotor de prematuros<\/td>\n<\/tr>\n<tr style=\"height: 21px\">\n<td style=\"width: 746px;height: 21px\">AMBULATORIO DE ATENDIMENTO A PACIENTES COINFECTADOS<\/td>\n<\/tr>\n<tr style=\"height: 21px\">\n<td style=\"width: 746px;height: 21px\">AMBULATORIO DE ATENDIMENTO AOS PACIENTES COM HEPATITE C EM TRATAMENTO<\/td>\n<\/tr>\n<tr style=\"height: 21px\">\n<td style=\"width: 746px;height: 21px\">AMBULATORIO DOEN\u00c7A INFLAMAT\u00d3RIA INTESTINAL<\/td>\n<\/tr>\n<tr style=\"height: 21px\">\n<td style=\"width: 746px;height: 21px\">AMBULAT\u00d3RIO DE GASTROENTEROLOGIA GERAL<\/td>\n<\/tr>\n<tr style=\"height: 44px\">\n<td style=\"width: 746px;height: 44px\">CUIDATIVA: INTEGRALIDADE DO CUIDADO E QUALIDADE DE VIDA &#8211; Centro Regional de Cuidados Paliativos UFPel<\/td>\n<\/tr>\n<tr style=\"height: 21px\">\n<td style=\"width: 746px;height: 21px\">Projeto de Extens\u00e3o \u201cGrupo MovimentA\u00c7\u00c3O\u201d<\/td>\n<\/tr>\n<tr style=\"height: 21px\">\n<td style=\"width: 746px;height: 21px\">Coagulopatia &#8211; Atendimento e Educa\u00e7\u00e3o<\/td>\n<\/tr>\n<tr style=\"height: 21px\">\n<td style=\"width: 746px;height: 21px\">Hemangioma &#8211; Atendimento e Educa\u00e7\u00e3o<\/td>\n<\/tr>\n<tr style=\"height: 21px\">\n<td style=\"width: 746px;height: 21px\">Ambulat\u00f3rio de pr\u00e1ticas e vivencias em neurodesenvolvimento (Vive-Neuro)<\/td>\n<\/tr>\n<tr style=\"height: 21px\">\n<td style=\"width: 746px;height: 21px\">Internato Extracurricular na Maternidade da Santa Casa de Miseric\u00f3rdia de Pelotas<\/td>\n<\/tr>\n<tr style=\"height: 21px\">\n<td style=\"width: 746px;height: 21px\">Teledermatologia com a Unidade B\u00e1sica de Sa\u00fade<\/td>\n<\/tr>\n<tr style=\"height: 21px\">\n<td style=\"width: 746px;height: 21px\">Ambulat\u00f3rio de Refer\u00eancia em Triagem Neonatal<\/td>\n<\/tr>\n<tr style=\"height: 21px\">\n<td style=\"width: 746px;height: 21px\">S\u00c1BIO AMIGO<\/td>\n<\/tr>\n<tr style=\"height: 21px\">\n<td style=\"width: 746px;height: 21px\">Gen\u00e9tica e Doen\u00e7as raras<\/td>\n<\/tr>\n<tr style=\"height: 21px\">\n<td style=\"width: 746px;height: 21px\">O brincar e o cuidar em Terapia Ocupacional Social<\/td>\n<\/tr>\n<tr style=\"height: 21px\">\n<td style=\"width: 746px;height: 21px\">LAPSO: Laborat\u00f3rio de Arte e Psicologia Social<\/td>\n<\/tr>\n<tr style=\"height: 21px\">\n<td style=\"width: 746px;height: 21px\">Produ\u00e7\u00e3o de processos educativos emancipat\u00f3rios na aten\u00e7\u00e3o prim\u00e1ria \u00e0 sa\u00fade<\/td>\n<\/tr>\n<tr style=\"height: 21px\">\n<td style=\"width: 746px;height: 21px\">Narrativas corporais<\/td>\n<\/tr>\n<tr style=\"height: 21px\">\n<td style=\"width: 746px;height: 21px\">Sa\u00fade Mental, Cotidiano e Terapia Ocupacional<\/td>\n<\/tr>\n<tr style=\"height: 21px\">\n<td style=\"width: 746px;height: 21px\">M\u00f3dulos Educacionais em Aten\u00e7\u00e3o Prim\u00e1ria \u00e0 Sa\u00fade II<\/td>\n<\/tr>\n<tr style=\"height: 21px\">\n<td style=\"width: 746px;height: 21px\">Programa Multic\u00eantrico de Qualifica\u00e7\u00e3o Profissional em Aten\u00e7\u00e3o Domiciliar \u00e0 Dist\u00e2ncia II<\/td>\n<\/tr>\n<tr style=\"height: 21px\">\n<td style=\"width: 746px;height: 21px\">Ambulatorio de Oncologia Cl\u00ednica<\/td>\n<\/tr>\n<tr style=\"height: 21px\">\n<td style=\"width: 746px;height: 21px\">Avalia\u00e7\u00e3o e interven\u00e7\u00e3o em Crian\u00e7as com Hist\u00f3ria de Fracasso Escolar<\/td>\n<\/tr>\n<tr style=\"height: 21px\">\n<td style=\"width: 746px;height: 21px\">Ambulat\u00f3rio de Triagem em Gastroenterologia<\/td>\n<\/tr>\n<tr style=\"height: 21px\">\n<td style=\"width: 746px;height: 21px\">Programa de Terapia Ocupacional em Gerontologia (PRO-GERONTO)<\/td>\n<\/tr>\n<tr style=\"height: 21px\">\n<td style=\"width: 746px;height: 21px\">PSICON &#8211; Empresa J\u00fanior do Curso de Psicologia<\/td>\n<\/tr>\n<tr style=\"height: 21px\">\n<td style=\"width: 746px;height: 21px\">Se Toca: discutindo sexualidade nas escolas<\/td>\n<\/tr>\n<tr style=\"height: 21px\">\n<td style=\"width: 746px;height: 21px\">TO AI &#8211; Terapia Ocupacional &#8211; Acessibilidade e Inclus\u00e3o<\/td>\n<\/tr>\n<tr style=\"height: 21px\">\n<td style=\"width: 746px;height: 21px\">Prevenindo o dano renal: seguindo malforma\u00e7\u00f5es<\/td>\n<\/tr>\n<tr style=\"height: 44px\">\n<td style=\"width: 746px;height: 44px\">ComportamentA\u00e7\u00e3o: Desenvolvendo engajamento social por meio de habilidades socioemocionais em pacientes psicol\u00f3gicos<\/td>\n<\/tr>\n<tr style=\"height: 21px\">\n<td style=\"width: 746px;height: 21px\">Liga Acad\u00eamica de Aten\u00e7\u00e3o Prim\u00e1ria \u00e0 Sa\u00fade \u2013 UFPEL (LAPS \u2013 UFPEL)<\/td>\n<\/tr>\n<tr style=\"height: 21px\">\n<td style=\"width: 746px;height: 21px\">Teleconsultoria em pediatria e especialidades pedi\u00e1tricas<\/td>\n<\/tr>\n<tr style=\"height: 21px\">\n<td style=\"width: 746px;height: 21px\">Disfun\u00e7\u00e3o do trato urin\u00e1rio inferior: adequando o controle das elimina\u00e7\u00f5es \u00e0 realidade virtual<\/td>\n<\/tr>\n<tr style=\"height: 44px\">\n<td style=\"width: 746px;height: 44px\">Garantia da Longitudinalidade do Cuidado na Aten\u00e7\u00e3o Prim\u00e1ria em Sa\u00fade durante a Pandemia de Covid-19: a UBS On-line<\/td>\n<\/tr>\n<tr style=\"height: 21px\">\n<td style=\"width: 746px;height: 21px\">Podcasts em Sa\u00fade da Mulher: Comunica\u00e7\u00e3o em Ginecologia e Obstetr\u00edcia<\/td>\n<\/tr>\n<tr style=\"height: 21px\">\n<td style=\"width: 746px;height: 21px\">Servi\u00e7os de Aten\u00e7\u00e3o Primaria \u00e0 Sa\u00fade nas Unidades B\u00e1sicas de Sa\u00fade vinculadas \u00e0 UFPel<\/td>\n<\/tr>\n<tr style=\"height: 21px\">\n<td style=\"width: 746px;height: 21px\" width=\"605\">Mata Sensorial CuidATIVA: Inspirar Expirar A\u00c7\u00c3O<\/td>\n<\/tr>\n<tr style=\"height: 21px\">\n<td style=\"width: 746px;height: 21px\" width=\"605\">Internato Extracurricular em Obstetr\u00edcia na Maternidade do Hospital Escola UFPEL<\/td>\n<\/tr>\n<tr>\n<td style=\"width: 746px\" width=\"605\" data-order=\"2024-12-01\">CAMPANHA DE PREVEN\u00c7\u00c3O \u00c0 S\u00cdNDROME ALCO\u00d3LICA FETAL<\/td>\n<\/tr>\n<tr>\n<td style=\"width: 746px\" data-order=\"2021-12-20\">NEPSI &#8211; N\u00facleo de Sa\u00fade Mental, Cogni\u00e7\u00e3o e Comportamento<\/td>\n<\/tr>\n<tr>\n<td style=\"width: 746px\" data-order=\"2024-03-11\">Comunidade de Pr\u00e1ticas no territ\u00f3rio Dunas: constru\u00e7\u00e3o de processos emancipat\u00f3rios<\/td>\n<\/tr>\n<\/tbody>\n<\/table>\n<p>&nbsp;<\/p>\n","protected":false},"excerpt":{"rendered":"<p>Acesse os detalhes dos projetos:\u00a0Portal Institucional UFPel Projetos de Extens\u00e3o \u2013 FAMED\/UFPel AMBULAT\u00d3RIO DE PSICOTERAPIA Pro-Crescer: Programa de acompanhamento do desenvolvimento neuropsicomotor de prematuros AMBULATORIO DE ATENDIMENTO A PACIENTES COINFECTADOS AMBULATORIO DE ATENDIMENTO AOS PACIENTES COM HEPATITE C EM TRATAMENTO AMBULATORIO DOEN\u00c7A INFLAMAT\u00d3RIA INTESTINAL AMBULAT\u00d3RIO DE GASTROENTEROLOGIA GERAL CUIDATIVA: INTEGRALIDADE DO CUIDADO E QUALIDADE DE [&hellip;]<\/p>\n","protected":false},"author":166,"featured_media":0,"parent":0,"menu_order":0,"comment_status":"closed","ping_status":"closed","template":"","meta":{"jetpack_post_was_ever_published":false,"footnotes":""},"class_list":["post-358","page","type-page","status-publish","hentry"],"jetpack_sharing_enabled":true,"jetpack_shortlink":"https:\/\/wp.me\/P8YhqL-5M","_links":{"self":[{"href":"https:\/\/wp.ufpel.edu.br\/famed\/wp-json\/wp\/v2\/pages\/358","targetHints":{"allow":["GET"]}}],"collection":[{"href":"https:\/\/wp.ufpel.edu.br\/famed\/wp-json\/wp\/v2\/pages"}],"about":[{"href":"https:\/\/wp.ufpel.edu.br\/famed\/wp-json\/wp\/v2\/types\/page"}],"author":[{"embeddable":true,"href":"https:\/\/wp.ufpel.edu.br\/famed\/wp-json\/wp\/v2\/users\/166"}],"replies":[{"embeddable":true,"href":"https:\/\/wp.ufpel.edu.br\/famed\/wp-json\/wp\/v2\/comments?post=358"}],"version-history":[{"count":15,"href":"https:\/\/wp.ufpel.edu.br\/famed\/wp-json\/wp\/v2\/pages\/358\/revisions"}],"predecessor-version":[{"id":1778,"href":"https:\/\/wp.ufpel.edu.br\/famed\/wp-json\/wp\/v2\/pages\/358\/revisions\/1778"}],"wp:attachment":[{"href":"https:\/\/wp.ufpel.edu.br\/famed\/wp-json\/wp\/v2\/media?parent=358"}],"curies":[{"name":"wp","href":"https:\/\/api.w.org\/{rel}","templated":true}]}}