{"id":2359,"date":"2022-01-06T14:33:26","date_gmt":"2022-01-06T17:33:26","guid":{"rendered":"https:\/\/wp.ufpel.edu.br\/famed\/?page_id=2359"},"modified":"2022-11-25T13:47:40","modified_gmt":"2022-11-25T16:47:40","slug":"portarias-internas-faculdade-de-medicina","status":"publish","type":"page","link":"https:\/\/wp.ufpel.edu.br\/famed\/portarias-internas-faculdade-de-medicina\/","title":{"rendered":"Portarias Internas Faculdade de Medicina"},"content":{"rendered":"<p>PORTARIA N\u00ba 34, DE 23 DE NOVEMBRO DE 2022 &#8211; Revogar a Portaria n\u00ba 04, de 20 de janeiro de 2022 e Constituir a nova Composi\u00e7\u00e3o do Comit\u00ea de \u00c9tica em Pesquisa da Faculdade de Medicina da Universidade Federal de Pelotas<\/p>\n<p><a href=\"https:\/\/wp.ufpel.edu.br\/famed\/files\/2022\/11\/SEI_UFPel-1955155-Portaria-Interna-33.pdf\">PORTARIA N\u00ba 33, DE 23 DE NOVEMBRO DE 2022<\/a> &#8211; HOMOLOGAR o resultado final do EDITAL PROGRAMA DE GEST\u00c3O E DESEMPENHO N\u00ba 1\/2022 FAMED\/UFPEL (1929522) e restando vinculados(as) ao Programa de Gest\u00e3o de Desempenho no ano de 2022, no \u00e2mbito da FAMED<\/p>\n<p><a href=\"https:\/\/wp.ufpel.edu.br\/famed\/files\/2022\/11\/SEI_UFPel-1948587-Portaria-Interna-32.pdf\">PORTARIA N\u00ba 32, DE 18 DE NOVEMBRO DE 2022<\/a> &#8211; Nomear os seguintes membros para comporem a banca examinadora do concurso para professor efetivo \u00e1rea Aten\u00e7\u00e3o B\u00e1sica \u00e0 Sa\u00fade Edital 020\/2022<\/p>\n<p><a href=\"https:\/\/wp.ufpel.edu.br\/famed\/files\/2022\/11\/SEI_UFPel-1948579-Portaria-Interna-31.pdf\">PORTARIA N\u00ba 31, DE 18 DE NOVEMBRO DE 2022<\/a> &#8211; Nomear os seguintes membros para comporem a banca examinadora do concurso para\u00a0professor efetivo \u00e1rea Epidemiologia Edital 020\/2022<\/p>\n<p><a href=\"https:\/\/wp.ufpel.edu.br\/famed\/files\/2022\/11\/SEI_UFPel-1948550-Portaria-Interna-30.pdf\">PORTARIA N\u00ba 30, DE 18 DE NOVEMBRO DE 2022<\/a> &#8211; Nomear os seguintes membros para comporem a banca examinadora do concurso para professor efetivo \u00e1rea Cl\u00ednica M\u00e9dica -Gastroenterologia Edital 020\/2022<\/p>\n<p><a href=\"https:\/\/wp.ufpel.edu.br\/famed\/files\/2022\/11\/SEI_UFPel-1920377-Portaria-Interna-28.pdf\">PORTARIA N\u00ba 28, DE 31 DE OUTUBRO DE 2022<\/a> &#8211; Retificar a Portaria n\u00ba 26, de 25 de outubro de 2022 e nomear os seguintes membros para composi\u00e7\u00e3o do Colegiado do Curso de Medicina<\/p>\n<p><a href=\"https:\/\/wp.ufpel.edu.br\/famed\/files\/2022\/11\/SEI_UFPel-1914469-Portaria-Interna-27.pdf\">PORTARIA N\u00ba 27, DE 25 DE OUTUBRO DE 2022<\/a>\u00a0&#8211; Revogar a Portaria n\u00ba 2, de 04 de janeiro de 2022 e nomear os seguintes membros para composi\u00e7\u00e3o do N\u00facleo Docente Estruturante do Curso de Medicina<\/p>\n<p><a href=\"https:\/\/wp.ufpel.edu.br\/famed\/files\/2022\/11\/SEI_UFPel-1914467-Portaria-Interna-26.pdf\">PORTARIA N\u00ba 26, DE 25 DE OUTUBRO DE 2022<\/a>\u00a0&#8211; Revogar a Portaria n\u00ba 1, de 04 de janeiro de 2022 e nomear os seguintes membros para composi\u00e7\u00e3o do Colegiado do Curso de Medicina<\/p>\n<p><a href=\"https:\/\/wp.ufpel.edu.br\/famed\/files\/2022\/11\/SEI_UFPel-1908627-Portaria-Interna-25.pdf\">PORTARIA N\u00ba 25, DE 20 DE OUTUBRO DE 2022<\/a>\u00a0&#8211; Aletrar a Portaria n\u00ba 24, de 17 de outubro de 2022 e designar os seguintes membros para comporem a Comiss\u00e3o de Est\u00e1gios do Curso de Psicologia (Bi\u00eanio 2022-2023)<\/p>\n<p><a href=\"https:\/\/wp.ufpel.edu.br\/famed\/files\/2022\/11\/SEI_UFPel-1902795-Portaria-Interna-24.pdf\">PORTARIA N\u00ba 24, DE 17 DE OUTUBRO DE 2022<\/a> &#8211; Revogar a Portaria n\u00ba 22, de 17 de agosto de 2022 e designar os seguintes membros para\u00a0comporem a Comiss\u00e3o de Est\u00e1gios do Curso de Psicologia (Bi\u00eanio 2022-2023)<\/p>\n<p><a href=\"https:\/\/wp.ufpel.edu.br\/famed\/files\/2022\/10\/SEI_UFPel-1825378-Portaria-Interna-22.pdf\">PORTARIA N\u00ba 22, DE 17 DE AGOSTO DE 2022<\/a>\u00a0&#8211; Revogar a Portaria n\u00ba 16, de 02\u00a0de maio\u00a0de\u00a02022 e designar\u00a0os seguintes membros para comporem a Comiss\u00e3o de Est\u00e1gios do\u00a0Curso de Psicologia (Bi\u00eanio 2022-2023)<\/p>\n<p><a href=\"https:\/\/wp.ufpel.edu.br\/famed\/files\/2022\/08\/SEI_UFPel-1775944-Portaria-Interna-21.pdf\">PORTARIA N\u00ba 21, DE 11 DE JULHO DE 2022<\/a> &#8211; Designar os (as) docentes para an\u00e1lise documental referente ao processo Processo Seletivo Complementar &#8211; Medicina &#8211; 2022\/1<\/p>\n<p><a href=\"https:\/\/wp.ufpel.edu.br\/famed\/files\/2022\/08\/SEI_UFPel-1772351-Portaria-Interna-20.pdf\">PORTARIA N\u00ba 20, DE 08 DE JULHO DE 2022<\/a> &#8211; CONSOLIDAR a nova composi\u00e7\u00e3o do Colegiado do Curso de Psicologia<\/p>\n<p><a href=\"https:\/\/wp.ufpel.edu.br\/famed\/files\/2022\/08\/SEI_UFPel-1764464-Portaria-Interna-19.pdf\">PORTARIA N\u00ba 19, DE 01 DE JULHO DE 2022<\/a> &#8211; Constituir a Comiss\u00e3o que ir\u00e1 trabalhar na atualiza\u00e7\u00e3o do Regimento Interno da Faculdade de Medicina da UFPel<\/p>\n<p><a href=\"https:\/\/wp.ufpel.edu.br\/famed\/files\/2022\/08\/SEI_UFPel-1753246-Portaria-Interna-18.pdf\">PORTARIA N\u00ba 18, DE 24 DE JUNHO DE 2022<\/a> &#8211; Designar chefia avaliadora e tutor do docente Gustavo Carvalho Coutinho Rosa durante a avalia\u00e7\u00e3o do est\u00e1gio probat\u00f3rio<\/p>\n<p><a href=\"https:\/\/wp.ufpel.edu.br\/famed\/files\/2022\/07\/SEI_UFPel-1746498-Portaria-Interna-17.pdf\">PORTARIA N\u00ba 17, DE 21 DE JUNHO DE 2022<\/a>\u00a0&#8211; Constituir a Comiss\u00e3o Eleitoral incumbida de organizar a elei\u00e7\u00e3o para recompor o Conselho Departamental da Faculdade de Medicina<\/p>\n<p><a href=\"https:\/\/wp.ufpel.edu.br\/famed\/files\/2022\/07\/SEI_UFPel-1682712-Portaria-Interna-16.pdf\">PORTARIA N\u00ba 16, DE 02 DE MAIO DE 2022<\/a> &#8211; Revogar a Portaria n\u00ba 20, de 25 de setembro de 2020 e Constituir a Nova Comiss\u00e3o de Est\u00e1gios do Curso de Psicologia (Bi\u00eanio 2022-2023)<\/p>\n<p><a href=\"https:\/\/wp.ufpel.edu.br\/famed\/files\/2022\/07\/SEI_UFPel-1662878-Portaria-Interna-15.pdf\">PORTARIA N\u00ba 15, DE 14 DE ABRIL DE 2022<\/a>\u00a0&#8211; CONSOLIDAR a nova composi\u00e7\u00e3o do N\u00facleo Docente Estruturante do Curso de Terapia Ocupacional<\/p>\n<p><a href=\"https:\/\/wp.ufpel.edu.br\/famed\/files\/2022\/07\/SEI_UFPel-1662877-Portaria-Interna-14.pdf\">PORTARIA N\u00ba 14, DE 14 DE ABRIL DE 2022<\/a> &#8211; CONSOLIDAR a nova composi\u00e7\u00e3o do Colegiado do Curso de Terapia Ocupacional<\/p>\n<p><a href=\"https:\/\/wp.ufpel.edu.br\/famed\/files\/2022\/07\/SEI_UFPel-1660361-Portaria-Interna-13.pdf\">PORTARIA N\u00ba 13, DE 13 DE ABRIL DE 2022<\/a> &#8211; Designar o professor Hudson Cristiano Wander de Carvalho como tutor da docente Helen Bedinoto Durgante durante a avalia\u00e7\u00e3o do est\u00e1gio probat\u00f3rio<\/p>\n<p><a href=\"https:\/\/wp.ufpel.edu.br\/famed\/files\/2022\/07\/SEI_UFPel-1639013-Portaria-Interna-10.pdf\">PORTARIA N\u00ba 10, DE 28 DE MAR\u00c7O DE 2022<\/a> &#8211; Nomear os seguintes Membros para comporem a Comiss\u00e3o Examinadora do Processo Seletivo para Contrata\u00e7\u00e3o de Professor Substituto, \u00e1rea de Neurologia, Edital COODEC n\u00ba 004\/2022<\/p>\n<p><a href=\"https:\/\/wp.ufpel.edu.br\/famed\/files\/2022\/07\/SEI_UFPel-1638990-Portaria-Interna-09.pdf\">PORTARIA N\u00ba 9, DE 28 DE MAR\u00c7O DE 2022<\/a> &#8211; Nomear os seguintes Membros para comporem a Comiss\u00e3o Examinadora do Processo Seletivo para Contrata\u00e7\u00e3o de Professor Substituto para o curso de Psicologia, Edital COODEC n\u00ba 004\/2022<\/p>\n<p><a href=\"https:\/\/wp.ufpel.edu.br\/famed\/files\/2022\/07\/SEI_UFPel-1638980-Portaria-Interna-08.pdf\">PORTARIA N\u00ba 8, DE 28 DE MAR\u00c7O DE 2022<\/a>\u00a0&#8211; Nomear os seguintes Membros para comporem a Comiss\u00e3o Examinadora do Processo Seletivo para Contrata\u00e7\u00e3o de Professor Substituto para o curso de Terapia Ocupacional<\/p>\n<p><a href=\"https:\/\/wp.ufpel.edu.br\/famed\/files\/2022\/03\/SEI_UFPel-1627688-Portaria-Interna-07.pdf\">PORTARIA N\u00ba 7, DE 18 DE MAR\u00c7O DE 2022<\/a> &#8211; Nomear os seguintes Membros para comporem o\u00a0 NDE do\u00a0Curso de Psicologia\u00a0da Faculdade de Medicina da Universidade Federal de Pelotas (UFPel)<\/p>\n<p><a href=\"https:\/\/wp.ufpel.edu.br\/famed\/files\/2022\/03\/SEI_UFPel-1627654-Portaria-Interna-06.pdf\">PORTARIA N\u00ba 6, DE 18 DE MAR\u00c7O DE 2022<\/a> &#8211; Designar a professora Camilla Oleiro da Costa Milczarski como chefia imediata da\u00a0servidora\u00a0ELLEN CRISTINA RICCI<\/p>\n<p><a href=\"https:\/\/wp.ufpel.edu.br\/famed\/files\/2022\/03\/SEI_UFPel-1627623-Portaria-Interna-05.pdf\">PORTARIA N\u00ba 5, DE 18 DE MAR\u00c7O DE 2022<\/a> &#8211; \u00a0CONSOLIDAR a nova composi\u00e7\u00e3o do Colegiado do Curso de Psicologia da Faculdade de Medicina da Universidade Federal de Pelotas<\/p>\n<p>PORTARIA N\u00ba 4, DE 20 DE JANEIRO DE 2022 &#8211; Revogar a Portaria n\u00ba 27\/2021, de 08 de novembro de 2021\u00a0e Constituir a nova Composi\u00e7\u00e3o do Comit\u00ea de \u00c9tica em Pesquisa da Faculdade de Medicina da Universidade Federal de Pelotas<\/p>\n<p><a href=\"https:\/\/wp.ufpel.edu.br\/famed\/files\/2022\/01\/SEI_UFPel-1556296-Portaria-Interna-03.pdf\">PORTARIA N\u00ba 3, DE 06 DE JANEIRO DE 2022<\/a> &#8211; DESIGNAR a Comiss\u00e3o Eleitoral incumbida de organizar a consulta \u00e0 comunidade sobre a pr\u00f3xima Coordena\u00e7\u00e3o do curso de Terapia Ocupacional<\/p>\n<p><a href=\"https:\/\/wp.ufpel.edu.br\/famed\/files\/2022\/01\/SEI_UFPel-1554856-Portaria-Interna-02.pdf\" target=\"_blank\" rel=\"noopener\">PORTARIA N\u00ba 2, DE 04 DE JANEIRO DE 2022<\/a> &#8211; Nomear os seguintes Membros para composi\u00e7\u00e3o do N\u00facleo Docente Estruturante do Curso de Medicina<\/p>\n<p><a href=\"https:\/\/wp.ufpel.edu.br\/famed\/files\/2022\/01\/SEI_UFPel-1554845-Portaria-Interna.pdf\" target=\"_blank\" rel=\"noopener\">PORTARIA N\u00ba 1, DE 04 DE JANEIRO DE 2022<\/a> &#8211; Nomear os seguintes Membros para composi\u00e7\u00e3o do Colegiado do Curso de Medicina<\/p>\n","protected":false},"excerpt":{"rendered":"<p>PORTARIA N\u00ba 34, DE 23 DE NOVEMBRO DE 2022 &#8211; Revogar a Portaria n\u00ba 04, de 20 de janeiro de 2022 e Constituir a nova Composi\u00e7\u00e3o do Comit\u00ea de \u00c9tica em Pesquisa da Faculdade de Medicina da Universidade Federal de Pelotas PORTARIA N\u00ba 33, DE 23 DE NOVEMBRO DE 2022 &#8211; HOMOLOGAR o resultado final [&hellip;]<\/p>\n","protected":false},"author":166,"featured_media":0,"parent":0,"menu_order":0,"comment_status":"closed","ping_status":"closed","template":"","meta":{"jetpack_post_was_ever_published":false,"footnotes":""},"class_list":["post-2359","page","type-page","status-publish","hentry"],"jetpack_sharing_enabled":true,"jetpack_shortlink":"https:\/\/wp.me\/P8YhqL-C3","_links":{"self":[{"href":"https:\/\/wp.ufpel.edu.br\/famed\/wp-json\/wp\/v2\/pages\/2359","targetHints":{"allow":["GET"]}}],"collection":[{"href":"https:\/\/wp.ufpel.edu.br\/famed\/wp-json\/wp\/v2\/pages"}],"about":[{"href":"https:\/\/wp.ufpel.edu.br\/famed\/wp-json\/wp\/v2\/types\/page"}],"author":[{"embeddable":true,"href":"https:\/\/wp.ufpel.edu.br\/famed\/wp-json\/wp\/v2\/users\/166"}],"replies":[{"embeddable":true,"href":"https:\/\/wp.ufpel.edu.br\/famed\/wp-json\/wp\/v2\/comments?post=2359"}],"version-history":[{"count":9,"href":"https:\/\/wp.ufpel.edu.br\/famed\/wp-json\/wp\/v2\/pages\/2359\/revisions"}],"predecessor-version":[{"id":3091,"href":"https:\/\/wp.ufpel.edu.br\/famed\/wp-json\/wp\/v2\/pages\/2359\/revisions\/3091"}],"wp:attachment":[{"href":"https:\/\/wp.ufpel.edu.br\/famed\/wp-json\/wp\/v2\/media?parent=2359"}],"curies":[{"name":"wp","href":"https:\/\/api.w.org\/{rel}","templated":true}]}}

<p>PORTARIA Nº 34, DE 23 DE NOVEMBRO DE 2022 &#8211; Revogar a Portaria nº 04, de 20 de janeiro de 2022 e Constituir a nova Composição do Comitê de Ética em Pesquisa da Faculdade de Medicina da Universidade Federal de Pelotas</p>
<p><a href="https://wp.ufpel.edu.br/famed/files/2022/11/SEI_UFPel-1955155-Portaria-Interna-33.pdf">PORTARIA Nº 33, DE 23 DE NOVEMBRO DE 2022</a> &#8211; HOMOLOGAR o resultado final do EDITAL PROGRAMA DE GESTÃO E DESEMPENHO Nº 1/2022 FAMED/UFPEL (1929522) e restando vinculados(as) ao Programa de Gestão de Desempenho no ano de 2022, no âmbito da FAMED</p>
<p><a href="https://wp.ufpel.edu.br/famed/files/2022/11/SEI_UFPel-1948587-Portaria-Interna-32.pdf">PORTARIA Nº 32, DE 18 DE NOVEMBRO DE 2022</a> &#8211; Nomear os seguintes membros para comporem a banca examinadora do concurso para professor efetivo área Atenção Básica à Saúde Edital 020/2022</p>
<p><a href="https://wp.ufpel.edu.br/famed/files/2022/11/SEI_UFPel-1948579-Portaria-Interna-31.pdf">PORTARIA Nº 31, DE 18 DE NOVEMBRO DE 2022</a> &#8211; Nomear os seguintes membros para comporem a banca examinadora do concurso para professor efetivo área Epidemiologia Edital 020/2022</p>
<p><a href="https://wp.ufpel.edu.br/famed/files/2022/11/SEI_UFPel-1948550-Portaria-Interna-30.pdf">PORTARIA Nº 30, DE 18 DE NOVEMBRO DE 2022</a> &#8211; Nomear os seguintes membros para comporem a banca examinadora do concurso para professor efetivo área Clínica Médica -Gastroenterologia Edital 020/2022</p>
<p><a href="https://wp.ufpel.edu.br/famed/files/2022/11/SEI_UFPel-1920377-Portaria-Interna-28.pdf">PORTARIA Nº 28, DE 31 DE OUTUBRO DE 2022</a> &#8211; Retificar a Portaria nº 26, de 25 de outubro de 2022 e nomear os seguintes membros para composição do Colegiado do Curso de Medicina</p>
<p><a href="https://wp.ufpel.edu.br/famed/files/2022/11/SEI_UFPel-1914469-Portaria-Interna-27.pdf">PORTARIA Nº 27, DE 25 DE OUTUBRO DE 2022</a> &#8211; Revogar a Portaria nº 2, de 04 de janeiro de 2022 e nomear os seguintes membros para composição do Núcleo Docente Estruturante do Curso de Medicina</p>
<p><a href="https://wp.ufpel.edu.br/famed/files/2022/11/SEI_UFPel-1914467-Portaria-Interna-26.pdf">PORTARIA Nº 26, DE 25 DE OUTUBRO DE 2022</a> &#8211; Revogar a Portaria nº 1, de 04 de janeiro de 2022 e nomear os seguintes membros para composição do Colegiado do Curso de Medicina</p>
<p><a href="https://wp.ufpel.edu.br/famed/files/2022/11/SEI_UFPel-1908627-Portaria-Interna-25.pdf">PORTARIA Nº 25, DE 20 DE OUTUBRO DE 2022</a> &#8211; Aletrar a Portaria nº 24, de 17 de outubro de 2022 e designar os seguintes membros para comporem a Comissão de Estágios do Curso de Psicologia (Biênio 2022-2023)</p>
<p><a href="https://wp.ufpel.edu.br/famed/files/2022/11/SEI_UFPel-1902795-Portaria-Interna-24.pdf">PORTARIA Nº 24, DE 17 DE OUTUBRO DE 2022</a> &#8211; Revogar a Portaria nº 22, de 17 de agosto de 2022 e designar os seguintes membros para comporem a Comissão de Estágios do Curso de Psicologia (Biênio 2022-2023)</p>
<p><a href="https://wp.ufpel.edu.br/famed/files/2022/10/SEI_UFPel-1825378-Portaria-Interna-22.pdf">PORTARIA Nº 22, DE 17 DE AGOSTO DE 2022</a> &#8211; Revogar a Portaria nº 16, de 02 de maio de 2022 e designar os seguintes membros para comporem a Comissão de Estágios do Curso de Psicologia (Biênio 2022-2023)</p>
<p><a href="https://wp.ufpel.edu.br/famed/files/2022/08/SEI_UFPel-1775944-Portaria-Interna-21.pdf">PORTARIA Nº 21, DE 11 DE JULHO DE 2022</a> &#8211; Designar os (as) docentes para análise documental referente ao processo Processo Seletivo Complementar &#8211; Medicina &#8211; 2022/1</p>
<p><a href="https://wp.ufpel.edu.br/famed/files/2022/08/SEI_UFPel-1772351-Portaria-Interna-20.pdf">PORTARIA Nº 20, DE 08 DE JULHO DE 2022</a> &#8211; CONSOLIDAR a nova composição do Colegiado do Curso de Psicologia</p>
<p><a href="https://wp.ufpel.edu.br/famed/files/2022/08/SEI_UFPel-1764464-Portaria-Interna-19.pdf">PORTARIA Nº 19, DE 01 DE JULHO DE 2022</a> &#8211; Constituir a Comissão que irá trabalhar na atualização do Regimento Interno da Faculdade de Medicina da UFPel</p>
<p><a href="https://wp.ufpel.edu.br/famed/files/2022/08/SEI_UFPel-1753246-Portaria-Interna-18.pdf">PORTARIA Nº 18, DE 24 DE JUNHO DE 2022</a> &#8211; Designar chefia avaliadora e tutor do docente Gustavo Carvalho Coutinho Rosa durante a avaliação do estágio probatório</p>
<p><a href="https://wp.ufpel.edu.br/famed/files/2022/07/SEI_UFPel-1746498-Portaria-Interna-17.pdf">PORTARIA Nº 17, DE 21 DE JUNHO DE 2022</a> &#8211; Constituir a Comissão Eleitoral incumbida de organizar a eleição para recompor o Conselho Departamental da Faculdade de Medicina</p>
<p><a href="https://wp.ufpel.edu.br/famed/files/2022/07/SEI_UFPel-1682712-Portaria-Interna-16.pdf">PORTARIA Nº 16, DE 02 DE MAIO DE 2022</a> &#8211; Revogar a Portaria nº 20, de 25 de setembro de 2020 e Constituir a Nova Comissão de Estágios do Curso de Psicologia (Biênio 2022-2023)</p>
<p><a href="https://wp.ufpel.edu.br/famed/files/2022/07/SEI_UFPel-1662878-Portaria-Interna-15.pdf">PORTARIA Nº 15, DE 14 DE ABRIL DE 2022</a> &#8211; CONSOLIDAR a nova composição do Núcleo Docente Estruturante do Curso de Terapia Ocupacional</p>
<p><a href="https://wp.ufpel.edu.br/famed/files/2022/07/SEI_UFPel-1662877-Portaria-Interna-14.pdf">PORTARIA Nº 14, DE 14 DE ABRIL DE 2022</a> &#8211; CONSOLIDAR a nova composição do Colegiado do Curso de Terapia Ocupacional</p>
<p><a href="https://wp.ufpel.edu.br/famed/files/2022/07/SEI_UFPel-1660361-Portaria-Interna-13.pdf">PORTARIA Nº 13, DE 13 DE ABRIL DE 2022</a> &#8211; Designar o professor Hudson Cristiano Wander de Carvalho como tutor da docente Helen Bedinoto Durgante durante a avaliação do estágio probatório</p>
<p><a href="https://wp.ufpel.edu.br/famed/files/2022/07/SEI_UFPel-1639013-Portaria-Interna-10.pdf">PORTARIA Nº 10, DE 28 DE MARÇO DE 2022</a> &#8211; Nomear os seguintes Membros para comporem a Comissão Examinadora do Processo Seletivo para Contratação de Professor Substituto, área de Neurologia, Edital COODEC nº 004/2022</p>
<p><a href="https://wp.ufpel.edu.br/famed/files/2022/07/SEI_UFPel-1638990-Portaria-Interna-09.pdf">PORTARIA Nº 9, DE 28 DE MARÇO DE 2022</a> &#8211; Nomear os seguintes Membros para comporem a Comissão Examinadora do Processo Seletivo para Contratação de Professor Substituto para o curso de Psicologia, Edital COODEC nº 004/2022</p>
<p><a href="https://wp.ufpel.edu.br/famed/files/2022/07/SEI_UFPel-1638980-Portaria-Interna-08.pdf">PORTARIA Nº 8, DE 28 DE MARÇO DE 2022</a> &#8211; Nomear os seguintes Membros para comporem a Comissão Examinadora do Processo Seletivo para Contratação de Professor Substituto para o curso de Terapia Ocupacional</p>
<p><a href="https://wp.ufpel.edu.br/famed/files/2022/03/SEI_UFPel-1627688-Portaria-Interna-07.pdf">PORTARIA Nº 7, DE 18 DE MARÇO DE 2022</a> &#8211; Nomear os seguintes Membros para comporem o  NDE do Curso de Psicologia da Faculdade de Medicina da Universidade Federal de Pelotas (UFPel)</p>
<p><a href="https://wp.ufpel.edu.br/famed/files/2022/03/SEI_UFPel-1627654-Portaria-Interna-06.pdf">PORTARIA Nº 6, DE 18 DE MARÇO DE 2022</a> &#8211; Designar a professora Camilla Oleiro da Costa Milczarski como chefia imediata da servidora ELLEN CRISTINA RICCI</p>
<p><a href="https://wp.ufpel.edu.br/famed/files/2022/03/SEI_UFPel-1627623-Portaria-Interna-05.pdf">PORTARIA Nº 5, DE 18 DE MARÇO DE 2022</a> &#8211;  CONSOLIDAR a nova composição do Colegiado do Curso de Psicologia da Faculdade de Medicina da Universidade Federal de Pelotas</p>
<p>PORTARIA Nº 4, DE 20 DE JANEIRO DE 2022 &#8211; Revogar a Portaria nº 27/2021, de 08 de novembro de 2021 e Constituir a nova Composição do Comitê de Ética em Pesquisa da Faculdade de Medicina da Universidade Federal de Pelotas</p>
<p><a href="https://wp.ufpel.edu.br/famed/files/2022/01/SEI_UFPel-1556296-Portaria-Interna-03.pdf">PORTARIA Nº 3, DE 06 DE JANEIRO DE 2022</a> &#8211; DESIGNAR a Comissão Eleitoral incumbida de organizar a consulta à comunidade sobre a próxima Coordenação do curso de Terapia Ocupacional</p>
<p><a href="https://wp.ufpel.edu.br/famed/files/2022/01/SEI_UFPel-1554856-Portaria-Interna-02.pdf" target="_blank" rel="noopener">PORTARIA Nº 2, DE 04 DE JANEIRO DE 2022</a> &#8211; Nomear os seguintes Membros para composição do Núcleo Docente Estruturante do Curso de Medicina</p>
<p><a href="https://wp.ufpel.edu.br/famed/files/2022/01/SEI_UFPel-1554845-Portaria-Interna.pdf" target="_blank" rel="noopener">PORTARIA Nº 1, DE 04 DE JANEIRO DE 2022</a> &#8211; Nomear os seguintes Membros para composição do Colegiado do Curso de Medicina</p>

<p>PORTARIA Nº 34, DE 23 DE NOVEMBRO DE 2022 &#8211; Revogar a Portaria nº 04, de 20 de janeiro de 2022 e Constituir a nova Composição do Comitê de Ética em Pesquisa da Faculdade de Medicina da Universidade Federal de Pelotas PORTARIA Nº 33, DE 23 DE NOVEMBRO DE 2022 &#8211; HOMOLOGAR o resultado final [&hellip;]</p>
