{"id":2328,"date":"2021-11-30T15:00:59","date_gmt":"2021-11-30T18:00:59","guid":{"rendered":"https:\/\/wp.ufpel.edu.br\/famed\/?page_id=2328"},"modified":"2021-11-30T15:00:59","modified_gmt":"2021-11-30T18:00:59","slug":"terapia-ocupacional","status":"publish","type":"page","link":"https:\/\/wp.ufpel.edu.br\/famed\/sobre\/terapia-ocupacional\/","title":{"rendered":"Terapia Ocupacional"},"content":{"rendered":"<p style=\"text-align: justify\"><strong>Curso de Bacharelado em Terapia Ocupacional<\/strong><\/p>\n<p style=\"text-align: justify\">O curso de Terapia Ocupacional da Universidade Federal de Pelotas (TO) foi criado no ano de 2010, \u00e9 o \u00fanico na regi\u00e3o sul e o segundo curso em uma universidade federal no Rio Grande do Sul. Possui 11 anos e 12 professores efetivos que ministram mais de 90% da carga hor\u00e1ria do curso.<\/p>\n<p style=\"text-align: justify\">Anualmente, s\u00e3o ofertadas 44 vagas, sendo oitenta por cento delas destinadas ao ingresso via ENEM\/SISU e o restante, ao ingresso via Programa de Acompanhamento da Vida Escolar (PAVE) conforme resolu\u00e7\u00e3o n\u00ba 30\/2017 do COCEPE\/UFPEL. Al\u00e9m dessas formas de ingresso, h\u00e1 tamb\u00e9m editais que contemplam as modalidades de reop\u00e7\u00e3o, reingresso, transfer\u00eancia e portador de diploma de ensino superior, conforme estabelece a resolu\u00e7\u00e3o n\u00ba05, de 11 de fevereiro de 2016, do COCEPE UFPEL, bem como a possibilidade de editais espec\u00edficos para ingresso de ind\u00edgenas e quilombolas, conforme determinar a Universidade.<\/p>\n<p>Mais informa\u00e7\u00f5es no <a href=\"https:\/\/institucional.ufpel.edu.br\/cursos\/cod\/7200\">Portal Institucional da UFPel<\/a> .<\/p>\n","protected":false},"excerpt":{"rendered":"<p>Curso de Bacharelado em Terapia Ocupacional O curso de Terapia Ocupacional da Universidade Federal de Pelotas (TO) foi criado no ano de 2010, \u00e9 o \u00fanico na regi\u00e3o sul e o segundo curso em uma universidade federal no Rio Grande do Sul. Possui 11 anos e 12 professores efetivos que ministram mais de 90% da [&hellip;]<\/p>\n","protected":false},"author":166,"featured_media":0,"parent":116,"menu_order":0,"comment_status":"closed","ping_status":"closed","template":"","meta":{"jetpack_post_was_ever_published":false,"footnotes":""},"class_list":["post-2328","page","type-page","status-publish","hentry"],"jetpack_sharing_enabled":true,"jetpack_shortlink":"https:\/\/wp.me\/P8YhqL-By","_links":{"self":[{"href":"https:\/\/wp.ufpel.edu.br\/famed\/wp-json\/wp\/v2\/pages\/2328","targetHints":{"allow":["GET"]}}],"collection":[{"href":"https:\/\/wp.ufpel.edu.br\/famed\/wp-json\/wp\/v2\/pages"}],"about":[{"href":"https:\/\/wp.ufpel.edu.br\/famed\/wp-json\/wp\/v2\/types\/page"}],"author":[{"embeddable":true,"href":"https:\/\/wp.ufpel.edu.br\/famed\/wp-json\/wp\/v2\/users\/166"}],"replies":[{"embeddable":true,"href":"https:\/\/wp.ufpel.edu.br\/famed\/wp-json\/wp\/v2\/comments?post=2328"}],"version-history":[{"count":1,"href":"https:\/\/wp.ufpel.edu.br\/famed\/wp-json\/wp\/v2\/pages\/2328\/revisions"}],"predecessor-version":[{"id":2330,"href":"https:\/\/wp.ufpel.edu.br\/famed\/wp-json\/wp\/v2\/pages\/2328\/revisions\/2330"}],"up":[{"embeddable":true,"href":"https:\/\/wp.ufpel.edu.br\/famed\/wp-json\/wp\/v2\/pages\/116"}],"wp:attachment":[{"href":"https:\/\/wp.ufpel.edu.br\/famed\/wp-json\/wp\/v2\/media?parent=2328"}],"curies":[{"name":"wp","href":"https:\/\/api.w.org\/{rel}","templated":true}]}}

<p style="text-align: justify"><strong>Curso de Bacharelado em Terapia Ocupacional</strong></p>
<p style="text-align: justify">O curso de Terapia Ocupacional da Universidade Federal de Pelotas (TO) foi criado no ano de 2010, é o único na região sul e o segundo curso em uma universidade federal no Rio Grande do Sul. Possui 11 anos e 12 professores efetivos que ministram mais de 90% da carga horária do curso.</p>
<p style="text-align: justify">Anualmente, são ofertadas 44 vagas, sendo oitenta por cento delas destinadas ao ingresso via ENEM/SISU e o restante, ao ingresso via Programa de Acompanhamento da Vida Escolar (PAVE) conforme resolução nº 30/2017 do COCEPE/UFPEL. Além dessas formas de ingresso, há também editais que contemplam as modalidades de reopção, reingresso, transferência e portador de diploma de ensino superior, conforme estabelece a resolução nº05, de 11 de fevereiro de 2016, do COCEPE UFPEL, bem como a possibilidade de editais específicos para ingresso de indígenas e quilombolas, conforme determinar a Universidade.</p>
<p>Mais informações no <a href="https://institucional.ufpel.edu.br/cursos/cod/7200">Portal Institucional da UFPel</a> .</p>

<p>Curso de Bacharelado em Terapia Ocupacional O curso de Terapia Ocupacional da Universidade Federal de Pelotas (TO) foi criado no ano de 2010, é o único na região sul e o segundo curso em uma universidade federal no Rio Grande do Sul. Possui 11 anos e 12 professores efetivos que ministram mais de 90% da [&hellip;]</p>
