{"id":116,"date":"2018-11-13T10:32:07","date_gmt":"2018-11-13T12:32:07","guid":{"rendered":"https:\/\/wp.ufpel.edu.br\/famed\/?page_id=116"},"modified":"2021-04-22T10:32:00","modified_gmt":"2021-04-22T13:32:00","slug":"sobre","status":"publish","type":"page","link":"https:\/\/wp.ufpel.edu.br\/famed\/sobre\/","title":{"rendered":"Gradua\u00e7\u00e3o FAMED"},"content":{"rendered":"<p style=\"text-align: center\"><strong><a href=\"\/\/wp.ufpel.edu.br\/famed\/\"><img class=\"alignnone wp-image-177 size-medium\" src=\"https:\/\/wp.ufpel.edu.br\/famed\/files\/2018\/11\/Med-Psico-TO-400x139.png\" alt=\"\" width=\"400\" height=\"139\" srcset=\"https:\/\/wp.ufpel.edu.br\/famed\/files\/2018\/11\/Med-Psico-TO-400x139.png 400w, https:\/\/wp.ufpel.edu.br\/famed\/files\/2018\/11\/Med-Psico-TO.png 672w\" sizes=\"(max-width: 400px) 100vw, 400px\" \/><\/a><\/strong><\/p>\n<p style=\"text-align: center\"><strong>Colegiado de Cursos:<\/strong> (53) 3310 1804\/1805<\/p>\n<h2 style=\"text-align: center\">Sobre a\u00a0<strong>FAMED:\u00a0<\/strong>\u00a0Cursos de\u00a0Medicina, Psicologia e Terapia Ocupacional.<\/h2>\n<p><strong>O Curso de Medicina<\/strong><\/p>\n<p>O Curso de Medicina da Universidade Federal de Pelotas teve seu reconhecimento formal pelo Minist\u00e9rio da Educa\u00e7\u00e3o em abril de 1963. At\u00e9 dezembro de 2018, 88 turmas ter\u00e3o sido graduadas. Neste per\u00edodo de 50 anos, tr\u00eas curr\u00edculos foram desenvolvidos com caracter\u00edsticas diversas, embora real\u00e7ando sempre a forma\u00e7\u00e3o geral. Este terceiro curr\u00edculo e primeiro projeto pedag\u00f3gico formal, oriundos da necessidade de adapta\u00e7\u00e3o \u00e0s novas diretrizes curriculares, apresentam como caracter\u00edsticas a exposi\u00e7\u00e3o precoce do acad\u00eamico ao paciente, habilita\u00e7\u00e3o do rec\u00e9m-graduado para o n\u00edvel de atendimento prim\u00e1rio; qualifica\u00e7\u00e3o para presta\u00e7\u00e3o de servi\u00e7os requeridos pela sociedade; potencial para diferencia\u00e7\u00e3o t\u00e9cnica, em n\u00edvel de especializa\u00e7\u00e3o; e capacidade para utilizar novos recursos de informa\u00e7\u00e3o e tecnologia. Acrescente-se a necessidade de acompanhar as tend\u00eancias mundiais de mudan\u00e7as no sistema de sa\u00fade, traduzidas pelas estrat\u00e9gias de sa\u00fade da fam\u00edlia e promo\u00e7\u00e3o de sa\u00fade, j\u00e1 incorporadas pelo Minist\u00e9rio da Sa\u00fade. Hoje, a Faculdade de Medicina da UFPel, que come\u00e7ou com o idealismo de alguns m\u00e9dicos em locais modestos, tornou-se uma institui\u00e7\u00e3o de reconhecida import\u00e2ncia n\u00e3o apenas regional, mas tamb\u00e9m mundialmente conhecida por sua participa\u00e7\u00e3o em eventos internacionais. Conta ainda com cursos de p\u00f3s-gradua\u00e7\u00e3o (Resid\u00eancia M\u00e9dica) em v\u00e1rias especialidades, todas credenciadas pela Comiss\u00e3o Nacional de Resid\u00eancia M\u00e9dica, com cerca de 143 bolsas fornecidas pelo MEC, desenvolvidas nas seguintes especialidades: Cirurgia, Cl\u00ednica M\u00e9dica, Cancerologia Cir\u00fargica, Anestesiologia, Obstetr\u00edcia e Ginecologia, Pediatria, Neonatologia, Psiquiatria, Medicina Preventiva e Social, Endocrinologia e Gastroenterologia. O curso de p\u00f3s-gradua\u00e7\u00e3o (mestrado e doutorado) em Epidemiologia encontra-se com conceito m\u00e1ximo da CAPES e pode ser considerado um dos melhores do pa\u00eds, n\u00e3o s\u00f3 pelo n\u00famero de teses defendidas, mas tamb\u00e9m pelas publica\u00e7\u00f5es nacionais e internacionais oriundas deste servi\u00e7o. A Faculdade de Medicina est\u00e1 inserida na comunidade local e regional desde a sua funda\u00e7\u00e3o, prestando relevantes servi\u00e7os \u00e0 comunidade de forma ininterrupta e gratuita. Como a maioria das institui\u00e7\u00f5es de ensino m\u00e9dico do pa\u00eds, procura disponibilizar aos alunos de gradua\u00e7\u00e3o e p\u00f3s-gradua\u00e7\u00e3o, m\u00faltiplos cen\u00e1rios para aquisi\u00e7\u00e3o de conhecimentos sobre a arte de cuidar e curar. O aprendizado pr\u00e1tico da medicina tem preponderado sobre o aprendizado te\u00f3rico e os campos para este aprendizado pr\u00e1tico devem ser os mais variados<\/p>\n<div id=\"pf2\" class=\"dp-page-outer\">\n<div class=\"dp-page-inner\">\n<div id=\"pgpf2\" class=\"pf pgw0 pgh0\">\n<div class=\"pc pgpc2 pgw0 pgh0\">\n<div class=\"c pgx0 pgy0 pgw1 pgh1\">\n<p class=\"t pgm0 pgx1 pgh3 pgy3e pgff2 pgfs0 pgfc0 pgsc0 pgls0 pgws0\"><strong>O Curso de Bacharelado em Psicologia<\/strong><\/p>\n<div class=\"t pgm0 pgx1 pgh5 pgy3f pgff3 pgfs0 pgfc0 pgsc0 pgls0 pgws0\" style=\"text-align: justify\">O curso de Bacharelado em Psicologia da Universidade Federal de Pelotas (UFPel) foi criado em 01\/08\/2010 e reconhecido pelo Minist\u00e9rio da Educa\u00e7\u00e3o (MEC) pela Portaria n\u00ba 306, de 23\/04\/2015, com renova\u00e7\u00e3o de reconhecimento pela Portaria n\u00ba 272, de 03\/04\/2017. O curso de Psicologia da UFPel surgiu no contexto do Programa de Apoio a Planos de Reestrutura\u00e7\u00e3o e Expans\u00e3o das Universidades Federais (REUNI), cujo objetivo central foi o de ampliar o acesso e a perman\u00eancia da popula\u00e7\u00e3o ao ensino p\u00fablico, superior e de qualidade, particularmente aquela de baixa renda. A primeira turma de bachar\u00e9is em Psicologia da UFPel se formou em 2015 e, em sua primeira participa\u00e7\u00e3o no Exame Nacional de Desempenho de Estudantes (ENADE), o curso recebeu nota 4, mesmo conceito obtido na avalia\u00e7\u00e3o do MEC. Em 2017, o curso formou um N\u00facleo Docente Estruturante (NDE) para repensar o curr\u00edculo, com o intuito de alinhar ainda mais a forma\u00e7\u00e3o \u00e0s exig\u00eancias da sociedade, com \u00eanfase em direitos humanos, quest\u00f5es \u00e9tnico-raciais, g\u00eanero e sexualidade.<\/div>\n<div><\/div>\n<\/div>\n<\/div>\n<\/div>\n<\/div>\n<\/div>\n<div id=\"pf3\" class=\"dp-page-outer\">\n<div class=\"dp-page-inner\">\n<div id=\"pgpf3\" class=\"pf pgw0 pgh0\">\n<div class=\"pc pgpc3 pgw0 pgh0\">\n<div class=\"c pgx0 pgy0 pgw1 pgh1\">\n<p class=\"t pgm0 pgx1 pgh3 pgy4c pgff2 pgfs0 pgfc0 pgsc0 pgls0 pgws0\"><strong>O Curso de Bacharelado em Terapia Ocupacional<\/strong><\/p>\n<p class=\"t pgm0 pgx3 pgh5 pgy4d pgff3 pgfs0 pgfc0 pgsc0 pgls0 pgws0\" style=\"text-align: justify\">O curso de Terapia Ocupacional da Universidade Federal de Pelotas teve seu in\u00edcio em 2010 e a inexist\u00eancia de um Curso de Terapia Ocupacional na regi\u00e3o sul do estado sinalizava importante demanda a ser contemplada por uma Institui\u00e7\u00e3o de Ensino Superior P\u00fablica. Anualmente, s\u00e3o ofertadas 44 vagas, sendo oitenta por cento delas destinadas ao ingresso via ENEM\/SISU e o restante, ao ingresso via Programa de Acompanhamento da Vida Escolar (PAVE) conforme resolu\u00e7\u00e3o n\u00ba 30\/2017 do COCEPE\/UFPEL. Al\u00e9m dessas formas de ingresso, h\u00e1 tamb\u00e9m editais que contemplam as modalidades de reop\u00e7\u00e3o, reingresso, transfer\u00eancia e portador de diploma de ensino superior, bem como editais espec\u00edficos para ingresso de ind\u00edgenas e quilombolas, conforme estabelece a resolu\u00e7\u00e3o n\u00ba05, de 11 de fevereiro de 2016, do COCEPE UFPEL.<\/p>\n<\/div>\n<\/div>\n<\/div>\n<\/div>\n<\/div>\n<p style=\"text-align: center\">\n","protected":false},"excerpt":{"rendered":"<p>Colegiado de Cursos: (53) 3310 1804\/1805 Sobre a\u00a0FAMED:\u00a0\u00a0Cursos de\u00a0Medicina, Psicologia e Terapia Ocupacional. O Curso de Medicina O Curso de Medicina da Universidade Federal de Pelotas teve seu reconhecimento formal pelo Minist\u00e9rio da Educa\u00e7\u00e3o em abril de 1963. At\u00e9 dezembro de 2018, 88 turmas ter\u00e3o sido graduadas. Neste per\u00edodo de 50 anos, tr\u00eas curr\u00edculos foram [&hellip;]<\/p>\n","protected":false},"author":166,"featured_media":0,"parent":0,"menu_order":0,"comment_status":"closed","ping_status":"closed","template":"","meta":{"jetpack_post_was_ever_published":false,"footnotes":""},"class_list":["post-116","page","type-page","status-publish","hentry"],"jetpack_sharing_enabled":true,"jetpack_shortlink":"https:\/\/wp.me\/P8YhqL-1S","_links":{"self":[{"href":"https:\/\/wp.ufpel.edu.br\/famed\/wp-json\/wp\/v2\/pages\/116","targetHints":{"allow":["GET"]}}],"collection":[{"href":"https:\/\/wp.ufpel.edu.br\/famed\/wp-json\/wp\/v2\/pages"}],"about":[{"href":"https:\/\/wp.ufpel.edu.br\/famed\/wp-json\/wp\/v2\/types\/page"}],"author":[{"embeddable":true,"href":"https:\/\/wp.ufpel.edu.br\/famed\/wp-json\/wp\/v2\/users\/166"}],"replies":[{"embeddable":true,"href":"https:\/\/wp.ufpel.edu.br\/famed\/wp-json\/wp\/v2\/comments?post=116"}],"version-history":[{"count":17,"href":"https:\/\/wp.ufpel.edu.br\/famed\/wp-json\/wp\/v2\/pages\/116\/revisions"}],"predecessor-version":[{"id":1755,"href":"https:\/\/wp.ufpel.edu.br\/famed\/wp-json\/wp\/v2\/pages\/116\/revisions\/1755"}],"wp:attachment":[{"href":"https:\/\/wp.ufpel.edu.br\/famed\/wp-json\/wp\/v2\/media?parent=116"}],"curies":[{"name":"wp","href":"https:\/\/api.w.org\/{rel}","templated":true}]}}