{"id":84,"date":"2013-11-21T17:35:55","date_gmt":"2013-11-21T19:35:55","guid":{"rendered":"https:\/\/wp.ufpel.edu.br\/faem\/?page_id=84"},"modified":"2024-06-26T09:53:45","modified_gmt":"2024-06-26T12:53:45","slug":"estrutura-organizacional","status":"publish","type":"page","link":"https:\/\/wp.ufpel.edu.br\/faem\/estrutura-organizacional\/","title":{"rendered":"Estrutura organizacional"},"content":{"rendered":"<p><a href=\"https:\/\/wp.ufpel.edu.br\/faem\/files\/2018\/08\/Organograma-FAEM-2018aa-1.jpg\"><img class=\"aligncenter wp-image-2124\" src=\"https:\/\/wp.ufpel.edu.br\/faem\/files\/2018\/08\/Organograma-FAEM-2018aa-1.jpg\" alt=\"\" width=\"755\" height=\"425\" srcset=\"https:\/\/wp.ufpel.edu.br\/faem\/files\/2018\/08\/Organograma-FAEM-2018aa-1.jpg 1280w, https:\/\/wp.ufpel.edu.br\/faem\/files\/2018\/08\/Organograma-FAEM-2018aa-1-400x225.jpg 400w, https:\/\/wp.ufpel.edu.br\/faem\/files\/2018\/08\/Organograma-FAEM-2018aa-1-768x432.jpg 768w, https:\/\/wp.ufpel.edu.br\/faem\/files\/2018\/08\/Organograma-FAEM-2018aa-1-1024x576.jpg 1024w\" sizes=\"(max-width: 755px) 100vw, 755px\" \/><\/a><\/p>\n<p>Diretor: Prof. Dr. Dirceu Agostinetto (Gest\u00e3o 2021-2025) \u2013 DFS.<\/p>\n<p>Diretor Adjunto: Prof. Dr. Pablo Miguel (Pr\u00f3-tempore) \u2013 DS.<\/p>\n<p>&nbsp;<\/p>\n<p><strong>Conselho Departamental (CD) da FAEM:<\/strong><\/p>\n<p>Prof. Dr. Dirceu Agostinetto \u2013 Diretor<\/p>\n<p>Prof. Dr. Pablo Miguel \u2013 Diretor Adjunto<\/p>\n<p>Prof. Giovani Fiorentini \u2013 Coordenador de Colegiado<\/p>\n<p>Profa. Adriana Dillenburg Meinhart \u2013 Chefe do DCTA<\/p>\n<p>Prof. L\u00facio Andr\u00e9 de Oliveira Fernandes \u2013 Chefe do DCSA<\/p>\n<p>Profa. Suelen Cristina Movio Huinca\u2013 Chefe do DER<\/p>\n<p>Prof. Jer\u00f4nimo Vieira de Ara\u00fajo Filho \u2013 chefe do DFS<\/p>\n<p>Prof. Antonio Costa de Oliveira\u2013 chefe do DFT<\/p>\n<p>Prof. Rog\u00e9rio Oliveira Sousa \u2013 chefe do DS<\/p>\n<p>Prof.\u00aa Rafael Aldrighi Tavares\u2013 chefe do DZ<\/p>\n<p>Prof. Tiago Ped\u00f3 \u2013 Representante Programas P\u00f3s-gradua\u00e7\u00e3o<\/p>\n<p>Prof. \u00c1lvaro Renato Guerra Dias \u2013 Representante dos Profs. Titulares<\/p>\n<p>Prof. Edinalvo Rabaioli Camargo \u2013 Representante dos Profs. Adjuntos<\/p>\n<p>Prof. Luis Antonio de \u00c1vila \u2013 Representante dos Profs. Associados<\/p>\n<p>Prof. Mateus da Silveira Pasa \u00a0\u2013 Representante dos Profs. Auxiliares<\/p>\n<p>Representantes dos t\u00e9cnicos administrativos &#8211; Rosiane Schwantz Do Couto, Eduardo Jose Ely e Andr\u00e9 Silveira da Silva<\/p>\n<p>Representantes acad\u00eamicos:\u00a0 Esther Pino Melo (Curso de Agronomia), Acad. Let\u00edcia Tonelli Bombo (Curso de Agronomia), Acad. Cintia Castro de Azevedo (Curso de Zootecnia)<\/p>\n<p>&nbsp;<\/p>\n<p><strong>Colegiados de curso:<\/strong><\/p>\n<p>Agronomia: Prof. Uemerson Silva da Cunha<\/p>\n<p>Zootecnia: Prof. Giovani Fiorentini<\/p>\n<p>&nbsp;<\/p>\n<p><strong>Secretaria da Dire\u00e7\u00e3o<\/strong><\/p>\n<p>Rosiane Schwantz do Couto<\/p>\n<p>&nbsp;<\/p>\n<p><strong>Secretaria do Colegiado de Agronomia<\/strong><\/p>\n<p>Carlos Humberto Saucedo da Silva J\u00fanior<\/p>\n<p>&nbsp;<\/p>\n<p><strong>Secretaria do Colegiado de Zootecnia<\/strong><\/p>\n<p>Norma Alessandra Dias Brauner<\/p>\n<p>&nbsp;<\/p>\n<p><strong>N\u00facleo docente estruturante (NDE):<\/strong><\/p>\n<p>\u00d3rg\u00e3o consultivo dos Colegiados, sob a presid\u00eancia do coordenador e com a participa\u00e7\u00e3o de docentes representantes da \u00e1rea b\u00e1sica e profissionalizante.<\/p>\n<p>&nbsp;<\/p>\n<p>&nbsp;<\/p>\n","protected":false},"excerpt":{"rendered":"<p>Diretor: Prof. Dr. Dirceu Agostinetto (Gest\u00e3o 2021-2025) \u2013 DFS. Diretor Adjunto: Prof. Dr. Pablo Miguel (Pr\u00f3-tempore) \u2013 DS. &nbsp; Conselho Departamental (CD) da FAEM: Prof. Dr. Dirceu Agostinetto \u2013 Diretor Prof. Dr. Pablo Miguel \u2013 Diretor Adjunto Prof. Giovani Fiorentini \u2013 Coordenador de Colegiado Profa. Adriana Dillenburg Meinhart \u2013 Chefe do DCTA Prof. L\u00facio Andr\u00e9 [&hellip;]<\/p>\n","protected":false},"author":235,"featured_media":0,"parent":0,"menu_order":0,"comment_status":"closed","ping_status":"closed","template":"","meta":{"footnotes":""},"class_list":["post-84","page","type-page","status-publish","hentry"],"jetpack_sharing_enabled":true,"_links":{"self":[{"href":"https:\/\/wp.ufpel.edu.br\/faem\/wp-json\/wp\/v2\/pages\/84","targetHints":{"allow":["GET"]}}],"collection":[{"href":"https:\/\/wp.ufpel.edu.br\/faem\/wp-json\/wp\/v2\/pages"}],"about":[{"href":"https:\/\/wp.ufpel.edu.br\/faem\/wp-json\/wp\/v2\/types\/page"}],"author":[{"embeddable":true,"href":"https:\/\/wp.ufpel.edu.br\/faem\/wp-json\/wp\/v2\/users\/235"}],"replies":[{"embeddable":true,"href":"https:\/\/wp.ufpel.edu.br\/faem\/wp-json\/wp\/v2\/comments?post=84"}],"version-history":[{"count":45,"href":"https:\/\/wp.ufpel.edu.br\/faem\/wp-json\/wp\/v2\/pages\/84\/revisions"}],"predecessor-version":[{"id":5367,"href":"https:\/\/wp.ufpel.edu.br\/faem\/wp-json\/wp\/v2\/pages\/84\/revisions\/5367"}],"wp:attachment":[{"href":"https:\/\/wp.ufpel.edu.br\/faem\/wp-json\/wp\/v2\/media?parent=84"}],"curies":[{"name":"wp","href":"https:\/\/api.w.org\/{rel}","templated":true}]}}

<p><a href="https://wp.ufpel.edu.br/faem/files/2018/08/Organograma-FAEM-2018aa-1.jpg"><img class="aligncenter wp-image-2124" src="https://wp.ufpel.edu.br/faem/files/2018/08/Organograma-FAEM-2018aa-1.jpg" alt="" width="755" height="425" srcset="https://wp.ufpel.edu.br/faem/files/2018/08/Organograma-FAEM-2018aa-1.jpg 1280w, https://wp.ufpel.edu.br/faem/files/2018/08/Organograma-FAEM-2018aa-1-400x225.jpg 400w, https://wp.ufpel.edu.br/faem/files/2018/08/Organograma-FAEM-2018aa-1-768x432.jpg 768w, https://wp.ufpel.edu.br/faem/files/2018/08/Organograma-FAEM-2018aa-1-1024x576.jpg 1024w" sizes="(max-width: 755px) 100vw, 755px" /></a></p>
<p>Diretor: Prof. Dr. Dirceu Agostinetto (Gestão 2021-2025) – DFS.</p>
<p>Diretor Adjunto: Prof. Dr. Pablo Miguel (Pró-tempore) – DS.</p>
<p>&nbsp;</p>
<p><strong>Conselho Departamental (CD) da FAEM:</strong></p>
<p>Prof. Dr. Dirceu Agostinetto – Diretor</p>
<p>Prof. Dr. Pablo Miguel – Diretor Adjunto</p>
<p>Prof. Giovani Fiorentini – Coordenador de Colegiado</p>
<p>Profa. Adriana Dillenburg Meinhart – Chefe do DCTA</p>
<p>Prof. Lúcio André de Oliveira Fernandes – Chefe do DCSA</p>
<p>Profa. Suelen Cristina Movio Huinca– Chefe do DER</p>
<p>Prof. Jerônimo Vieira de Araújo Filho – chefe do DFS</p>
<p>Prof. Antonio Costa de Oliveira– chefe do DFT</p>
<p>Prof. Rogério Oliveira Sousa – chefe do DS</p>
<p>Prof.ª Rafael Aldrighi Tavares– chefe do DZ</p>
<p>Prof. Tiago Pedó – Representante Programas Pós-graduação</p>
<p>Prof. Álvaro Renato Guerra Dias – Representante dos Profs. Titulares</p>
<p>Prof. Edinalvo Rabaioli Camargo – Representante dos Profs. Adjuntos</p>
<p>Prof. Luis Antonio de Ávila – Representante dos Profs. Associados</p>
<p>Prof. Mateus da Silveira Pasa  – Representante dos Profs. Auxiliares</p>
<p>Representantes dos técnicos administrativos &#8211; Rosiane Schwantz Do Couto, Eduardo Jose Ely e André Silveira da Silva</p>
<p>Representantes acadêmicos:  Esther Pino Melo (Curso de Agronomia), Acad. Letícia Tonelli Bombo (Curso de Agronomia), Acad. Cintia Castro de Azevedo (Curso de Zootecnia)</p>
<p>&nbsp;</p>
<p><strong>Colegiados de curso:</strong></p>
<p>Agronomia: Prof. Uemerson Silva da Cunha</p>
<p>Zootecnia: Prof. Giovani Fiorentini</p>
<p>&nbsp;</p>
<p><strong>Secretaria da Direção</strong></p>
<p>Rosiane Schwantz do Couto</p>
<p>&nbsp;</p>
<p><strong>Secretaria do Colegiado de Agronomia</strong></p>
<p>Carlos Humberto Saucedo da Silva Júnior</p>
<p>&nbsp;</p>
<p><strong>Secretaria do Colegiado de Zootecnia</strong></p>
<p>Norma Alessandra Dias Brauner</p>
<p>&nbsp;</p>
<p><strong>Núcleo docente estruturante (NDE):</strong></p>
<p>Órgão consultivo dos Colegiados, sob a presidência do coordenador e com a participação de docentes representantes da área básica e profissionalizante.</p>
<p>&nbsp;</p>
<p>&nbsp;</p>

<p>Diretor: Prof. Dr. Dirceu Agostinetto (Gestão 2021-2025) – DFS. Diretor Adjunto: Prof. Dr. Pablo Miguel (Pró-tempore) – DS. &nbsp; Conselho Departamental (CD) da FAEM: Prof. Dr. Dirceu Agostinetto – Diretor Prof. Dr. Pablo Miguel – Diretor Adjunto Prof. Giovani Fiorentini – Coordenador de Colegiado Profa. Adriana Dillenburg Meinhart – Chefe do DCTA Prof. Lúcio André [&hellip;]</p>
