{"id":5570,"date":"2025-02-26T16:34:45","date_gmt":"2025-02-26T19:34:45","guid":{"rendered":"https:\/\/wp.ufpel.edu.br\/faem\/?page_id=5570"},"modified":"2025-02-26T16:34:45","modified_gmt":"2025-02-26T19:34:45","slug":"recursos-gastos-exercicio-2024","status":"publish","type":"page","link":"https:\/\/wp.ufpel.edu.br\/faem\/recursos-gastos-exercicio-2024\/","title":{"rendered":"Recursos\/Gastos Exerc\u00edcio 2024"},"content":{"rendered":"<p><strong>Presta\u00e7\u00e3o de contas dos recursos recebidos pela Unidade FAEM no ano de 2024<\/strong><\/p>\n<p><a href=\"https:\/\/wp.ufpel.edu.br\/faem\/files\/2025\/02\/2024.png\"><img class=\"alignnone size-medium wp-image-5561 aligncenter\" src=\"https:\/\/wp.ufpel.edu.br\/faem\/files\/2025\/02\/2024-400x356.png\" alt=\"\" width=\"400\" height=\"356\" srcset=\"https:\/\/wp.ufpel.edu.br\/faem\/files\/2025\/02\/2024-400x356.png 400w, https:\/\/wp.ufpel.edu.br\/faem\/files\/2025\/02\/2024.png 442w\" sizes=\"(max-width: 400px) 100vw, 400px\" \/><\/a> <a href=\"https:\/\/wp.ufpel.edu.br\/faem\/files\/2025\/02\/Faem-2024.png\"><img class=\"size-medium wp-image-5560 aligncenter\" src=\"https:\/\/wp.ufpel.edu.br\/faem\/files\/2025\/02\/Faem-2024-400x194.png\" alt=\"\" width=\"400\" height=\"194\" srcset=\"https:\/\/wp.ufpel.edu.br\/faem\/files\/2025\/02\/Faem-2024-400x194.png 400w, https:\/\/wp.ufpel.edu.br\/faem\/files\/2025\/02\/Faem-2024-1024x498.png 1024w, https:\/\/wp.ufpel.edu.br\/faem\/files\/2025\/02\/Faem-2024-768x373.png 768w, https:\/\/wp.ufpel.edu.br\/faem\/files\/2025\/02\/Faem-2024-1536x747.png 1536w, https:\/\/wp.ufpel.edu.br\/faem\/files\/2025\/02\/Faem-2024-2048x995.png 2048w\" sizes=\"(max-width: 400px) 100vw, 400px\" \/><\/a> <a href=\"https:\/\/wp.ufpel.edu.br\/faem\/files\/2025\/02\/Faem-2024_01.png\"><img class=\"size-medium wp-image-5559 aligncenter\" src=\"https:\/\/wp.ufpel.edu.br\/faem\/files\/2025\/02\/Faem-2024_01-400x224.png\" alt=\"\" width=\"400\" height=\"224\" srcset=\"https:\/\/wp.ufpel.edu.br\/faem\/files\/2025\/02\/Faem-2024_01-400x224.png 400w, https:\/\/wp.ufpel.edu.br\/faem\/files\/2025\/02\/Faem-2024_01-1024x573.png 1024w, https:\/\/wp.ufpel.edu.br\/faem\/files\/2025\/02\/Faem-2024_01-768x430.png 768w, https:\/\/wp.ufpel.edu.br\/faem\/files\/2025\/02\/Faem-2024_01-1536x859.png 1536w, https:\/\/wp.ufpel.edu.br\/faem\/files\/2025\/02\/Faem-2024_01-2048x1145.png 2048w\" sizes=\"(max-width: 400px) 100vw, 400px\" \/><\/a><\/p>\n","protected":false},"excerpt":{"rendered":"<p>Presta\u00e7\u00e3o de contas dos recursos recebidos pela Unidade FAEM no ano de 2024<\/p>\n","protected":false},"author":235,"featured_media":0,"parent":0,"menu_order":0,"comment_status":"closed","ping_status":"closed","template":"","meta":{"footnotes":""},"class_list":["post-5570","page","type-page","status-publish","hentry"],"jetpack_sharing_enabled":true,"_links":{"self":[{"href":"https:\/\/wp.ufpel.edu.br\/faem\/wp-json\/wp\/v2\/pages\/5570","targetHints":{"allow":["GET"]}}],"collection":[{"href":"https:\/\/wp.ufpel.edu.br\/faem\/wp-json\/wp\/v2\/pages"}],"about":[{"href":"https:\/\/wp.ufpel.edu.br\/faem\/wp-json\/wp\/v2\/types\/page"}],"author":[{"embeddable":true,"href":"https:\/\/wp.ufpel.edu.br\/faem\/wp-json\/wp\/v2\/users\/235"}],"replies":[{"embeddable":true,"href":"https:\/\/wp.ufpel.edu.br\/faem\/wp-json\/wp\/v2\/comments?post=5570"}],"version-history":[{"count":1,"href":"https:\/\/wp.ufpel.edu.br\/faem\/wp-json\/wp\/v2\/pages\/5570\/revisions"}],"predecessor-version":[{"id":5573,"href":"https:\/\/wp.ufpel.edu.br\/faem\/wp-json\/wp\/v2\/pages\/5570\/revisions\/5573"}],"wp:attachment":[{"href":"https:\/\/wp.ufpel.edu.br\/faem\/wp-json\/wp\/v2\/media?parent=5570"}],"curies":[{"name":"wp","href":"https:\/\/api.w.org\/{rel}","templated":true}]}}