{"id":4332,"date":"2023-01-27T15:15:12","date_gmt":"2023-01-27T18:15:12","guid":{"rendered":"https:\/\/wp.ufpel.edu.br\/faem\/?page_id=4332"},"modified":"2023-02-13T16:57:46","modified_gmt":"2023-02-13T19:57:46","slug":"recursos-gastos-exercicio-2022","status":"publish","type":"page","link":"https:\/\/wp.ufpel.edu.br\/faem\/recursos-gastos-exercicio-2022\/","title":{"rendered":"Recursos\/Gastos Exerc\u00edcio 2022"},"content":{"rendered":"<p><strong>Presta\u00e7\u00e3o de contas dos recursos recebidos pela Unidade FAEM no ano de 2022<\/strong><\/p>\n<p>&nbsp;<\/p>\n<p><a href=\"https:\/\/wp.ufpel.edu.br\/faem\/files\/2023\/02\/Imagem1.png\"><img class=\"alignnone size-medium wp-image-4406\" src=\"https:\/\/wp.ufpel.edu.br\/faem\/files\/2023\/02\/Imagem1-400x204.png\" alt=\"\" width=\"400\" height=\"204\" srcset=\"https:\/\/wp.ufpel.edu.br\/faem\/files\/2023\/02\/Imagem1-400x204.png 400w, https:\/\/wp.ufpel.edu.br\/faem\/files\/2023\/02\/Imagem1-1024x522.png 1024w, https:\/\/wp.ufpel.edu.br\/faem\/files\/2023\/02\/Imagem1-768x391.png 768w, https:\/\/wp.ufpel.edu.br\/faem\/files\/2023\/02\/Imagem1-1536x783.png 1536w, https:\/\/wp.ufpel.edu.br\/faem\/files\/2023\/02\/Imagem1-2048x1044.png 2048w\" sizes=\"(max-width: 400px) 100vw, 400px\" \/><\/a><\/p>\n<p><a href=\"https:\/\/wp.ufpel.edu.br\/faem\/files\/2023\/02\/Imagem2.png\"><img class=\"alignnone size-medium wp-image-4405\" src=\"https:\/\/wp.ufpel.edu.br\/faem\/files\/2023\/02\/Imagem2-400x243.png\" alt=\"\" width=\"400\" height=\"243\" srcset=\"https:\/\/wp.ufpel.edu.br\/faem\/files\/2023\/02\/Imagem2-400x243.png 400w, https:\/\/wp.ufpel.edu.br\/faem\/files\/2023\/02\/Imagem2-1024x622.png 1024w, https:\/\/wp.ufpel.edu.br\/faem\/files\/2023\/02\/Imagem2-768x466.png 768w, https:\/\/wp.ufpel.edu.br\/faem\/files\/2023\/02\/Imagem2-1536x933.png 1536w, https:\/\/wp.ufpel.edu.br\/faem\/files\/2023\/02\/Imagem2.png 1961w\" sizes=\"(max-width: 400px) 100vw, 400px\" \/><\/a><\/p>\n<p><a href=\"https:\/\/wp.ufpel.edu.br\/faem\/files\/2023\/02\/Imagem3.png\"><img class=\"alignnone size-medium wp-image-4404\" src=\"https:\/\/wp.ufpel.edu.br\/faem\/files\/2023\/02\/Imagem3-400x231.png\" alt=\"\" width=\"400\" height=\"231\" srcset=\"https:\/\/wp.ufpel.edu.br\/faem\/files\/2023\/02\/Imagem3-400x231.png 400w, https:\/\/wp.ufpel.edu.br\/faem\/files\/2023\/02\/Imagem3-1024x591.png 1024w, https:\/\/wp.ufpel.edu.br\/faem\/files\/2023\/02\/Imagem3-768x443.png 768w, https:\/\/wp.ufpel.edu.br\/faem\/files\/2023\/02\/Imagem3-1536x887.png 1536w, https:\/\/wp.ufpel.edu.br\/faem\/files\/2023\/02\/Imagem3.png 1961w\" sizes=\"(max-width: 400px) 100vw, 400px\" \/><\/a><\/p>\n<p>&nbsp;<\/p>\n<p>&nbsp;<\/p>\n","protected":false},"excerpt":{"rendered":"<p>Presta\u00e7\u00e3o de contas dos recursos recebidos pela Unidade FAEM no ano de 2022 &nbsp; &nbsp; &nbsp;<\/p>\n","protected":false},"author":235,"featured_media":0,"parent":0,"menu_order":0,"comment_status":"closed","ping_status":"closed","template":"","meta":{"footnotes":""},"class_list":["post-4332","page","type-page","status-publish","hentry"],"jetpack_sharing_enabled":true,"_links":{"self":[{"href":"https:\/\/wp.ufpel.edu.br\/faem\/wp-json\/wp\/v2\/pages\/4332","targetHints":{"allow":["GET"]}}],"collection":[{"href":"https:\/\/wp.ufpel.edu.br\/faem\/wp-json\/wp\/v2\/pages"}],"about":[{"href":"https:\/\/wp.ufpel.edu.br\/faem\/wp-json\/wp\/v2\/types\/page"}],"author":[{"embeddable":true,"href":"https:\/\/wp.ufpel.edu.br\/faem\/wp-json\/wp\/v2\/users\/235"}],"replies":[{"embeddable":true,"href":"https:\/\/wp.ufpel.edu.br\/faem\/wp-json\/wp\/v2\/comments?post=4332"}],"version-history":[{"count":5,"href":"https:\/\/wp.ufpel.edu.br\/faem\/wp-json\/wp\/v2\/pages\/4332\/revisions"}],"predecessor-version":[{"id":4408,"href":"https:\/\/wp.ufpel.edu.br\/faem\/wp-json\/wp\/v2\/pages\/4332\/revisions\/4408"}],"wp:attachment":[{"href":"https:\/\/wp.ufpel.edu.br\/faem\/wp-json\/wp\/v2\/media?parent=4332"}],"curies":[{"name":"wp","href":"https:\/\/api.w.org\/{rel}","templated":true}]}}