{"id":2423,"date":"2018-12-10T11:45:30","date_gmt":"2018-12-10T13:45:30","guid":{"rendered":"https:\/\/wp.ufpel.edu.br\/faem\/?page_id=2423"},"modified":"2019-04-30T16:02:03","modified_gmt":"2019-04-30T19:02:03","slug":"atas-cd-faem-2010","status":"publish","type":"page","link":"https:\/\/wp.ufpel.edu.br\/faem\/atas-cd-faem-2010\/","title":{"rendered":"Atas CD FAEM &#8211; 2010"},"content":{"rendered":"<p>Atas das reuni\u00f5es do Conselho Departamental da FAEM em 2010:<\/p>\n<p><a href=\"https:\/\/wp.ufpel.edu.br\/faem\/files\/2018\/12\/ATA-01.2010.pdf\">Ata Reuni\u00e3o CD 01.2010<\/a><\/p>\n<p><a href=\"https:\/\/wp.ufpel.edu.br\/faem\/files\/2018\/12\/ATA-02.2010.pdf\">Ata Reuni\u00e3o CD 02.2010<\/a><\/p>\n<p><a href=\"https:\/\/wp.ufpel.edu.br\/faem\/files\/2018\/12\/ATA-03.2010.pdf\">Ata Reuni\u00e3o CD 03.2010<\/a><\/p>\n<p><a href=\"https:\/\/wp.ufpel.edu.br\/faem\/files\/2018\/12\/ATA-04.10.pdf\">Ata Reuni\u00e3o CD 04.2010<\/a><\/p>\n<p><a href=\"https:\/\/wp.ufpel.edu.br\/faem\/files\/2018\/12\/ATA-05.10.pdf\">Ata Reuni\u00e3o CD 05.2010<\/a><\/p>\n<p><a href=\"https:\/\/wp.ufpel.edu.br\/faem\/files\/2018\/12\/ATA-07.10.pdf\">Ata Reuni\u00e3o CD 07.2010<\/a><\/p>\n<p><a href=\"https:\/\/wp.ufpel.edu.br\/faem\/files\/2018\/12\/ATA-08.10.pdf\">Ata Reuni\u00e3o CD 08.2010<\/a><\/p>\n<p><a href=\"https:\/\/wp.ufpel.edu.br\/faem\/files\/2018\/12\/ATA-09.10.pdf\">Ata Reuni\u00e3o CD 09.2010<\/a><\/p>\n<p><a href=\"https:\/\/wp.ufpel.edu.br\/faem\/files\/2018\/12\/ATA.CD-10.10.pdf\">Ata Reuni\u00e3o CD 10.2010<\/a><\/p>\n<p><a href=\"https:\/\/wp.ufpel.edu.br\/faem\/files\/2018\/12\/ATA.CD-11.10.pdf\">Ata Reuni\u00e3o CD 11.2010<\/a><\/p>\n<p><a href=\"https:\/\/wp.ufpel.edu.br\/faem\/files\/2018\/12\/ATA.CD-12.10.pdf\">Ata Reuni\u00e3o CD 12.2010<\/a><\/p>\n<p><a href=\"https:\/\/wp.ufpel.edu.br\/faem\/files\/2018\/12\/ATA.CD-13.10.pdf\">Ata Reuni\u00e3o CD 13.2010<\/a><\/p>\n<p><a href=\"https:\/\/wp.ufpel.edu.br\/faem\/files\/2018\/12\/ATA.CD-14.10.pdf\">Ata Reuni\u00e3o CD 14.2010<\/a><\/p>\n<p><a href=\"https:\/\/wp.ufpel.edu.br\/faem\/files\/2018\/12\/ATA.CD-15.10.pdf\">Ata Reuni\u00e3o CD 15.2010<\/a><\/p>\n<p><a href=\"https:\/\/wp.ufpel.edu.br\/faem\/files\/2018\/12\/ATA.CD-16.10.pdf\">Ata Reuni\u00e3o CD 16.2010<\/a><\/p>\n","protected":false},"excerpt":{"rendered":"<p>Atas das reuni\u00f5es do Conselho Departamental da FAEM em 2010: Ata Reuni\u00e3o CD 01.2010 Ata Reuni\u00e3o CD 02.2010 Ata Reuni\u00e3o CD 03.2010 Ata Reuni\u00e3o CD 04.2010 Ata Reuni\u00e3o CD 05.2010 Ata Reuni\u00e3o CD 07.2010 Ata Reuni\u00e3o CD 08.2010 Ata Reuni\u00e3o CD 09.2010 Ata Reuni\u00e3o CD 10.2010 Ata Reuni\u00e3o CD 11.2010 Ata Reuni\u00e3o CD 12.2010 Ata [&hellip;]<\/p>\n","protected":false},"author":235,"featured_media":0,"parent":0,"menu_order":0,"comment_status":"closed","ping_status":"closed","template":"","meta":{"footnotes":""},"class_list":["post-2423","page","type-page","status-publish","hentry"],"jetpack_sharing_enabled":true,"_links":{"self":[{"href":"https:\/\/wp.ufpel.edu.br\/faem\/wp-json\/wp\/v2\/pages\/2423","targetHints":{"allow":["GET"]}}],"collection":[{"href":"https:\/\/wp.ufpel.edu.br\/faem\/wp-json\/wp\/v2\/pages"}],"about":[{"href":"https:\/\/wp.ufpel.edu.br\/faem\/wp-json\/wp\/v2\/types\/page"}],"author":[{"embeddable":true,"href":"https:\/\/wp.ufpel.edu.br\/faem\/wp-json\/wp\/v2\/users\/235"}],"replies":[{"embeddable":true,"href":"https:\/\/wp.ufpel.edu.br\/faem\/wp-json\/wp\/v2\/comments?post=2423"}],"version-history":[{"count":3,"href":"https:\/\/wp.ufpel.edu.br\/faem\/wp-json\/wp\/v2\/pages\/2423\/revisions"}],"predecessor-version":[{"id":2547,"href":"https:\/\/wp.ufpel.edu.br\/faem\/wp-json\/wp\/v2\/pages\/2423\/revisions\/2547"}],"wp:attachment":[{"href":"https:\/\/wp.ufpel.edu.br\/faem\/wp-json\/wp\/v2\/media?parent=2423"}],"curies":[{"name":"wp","href":"https:\/\/api.w.org\/{rel}","templated":true}]}}