{"id":2031,"date":"2019-11-18T12:18:00","date_gmt":"2019-11-18T15:18:00","guid":{"rendered":"https:\/\/wp.ufpel.edu.br\/fae\/?page_id=2031"},"modified":"2021-05-27T10:18:03","modified_gmt":"2021-05-27T13:18:03","slug":"servidores-tecnicos-administrativos","status":"publish","type":"page","link":"https:\/\/wp.ufpel.edu.br\/fae\/servidores-tecnicos-administrativos\/","title":{"rendered":"Servidores T\u00e9cnicos Administrativos"},"content":{"rendered":"<div class=\"dados-cobalto cobalto-lista-servidores\"><ul class=\"foto-pequena\"><li><div class=\"servidor-foto\"><a href=\"https:\/\/institucional.ufpel.edu.br\/servidores\/id\/28205\"><\/a><\/div><div class=\"servidor-info\"><a href=\"https:\/\/institucional.ufpel.edu.br\/servidores\/id\/28205\">ANA LUCIA DA SILVA FERNANDES<\/a><\/div><\/li><li><div class=\"servidor-foto\"><a href=\"https:\/\/institucional.ufpel.edu.br\/servidores\/id\/33979\"><\/a><\/div><div class=\"servidor-info\"><a href=\"https:\/\/institucional.ufpel.edu.br\/servidores\/id\/33979\">DEBORA DUARTE MARCHESAN<\/a><\/div><\/li><li><div class=\"servidor-foto\"><a href=\"https:\/\/institucional.ufpel.edu.br\/servidores\/id\/3084\"><\/a><\/div><div class=\"servidor-info\"><a href=\"https:\/\/institucional.ufpel.edu.br\/servidores\/id\/3084\">GABRIELA PEREIRA DE PEREIRA<\/a><\/div><\/li><li><div class=\"servidor-foto\"><a href=\"https:\/\/institucional.ufpel.edu.br\/servidores\/id\/17209\"><img src=\"https:\/\/institucional.ufpel.edu.br\/cache\/imagens\/4c00fc19-d870-48f1-bf41-772a8eb6e300\"><\/a><\/div><div class=\"servidor-info\"><a href=\"https:\/\/institucional.ufpel.edu.br\/servidores\/id\/17209\">GUILHERME SANTOS MACHADO<\/a><\/div><\/li><li><div class=\"servidor-foto\"><a href=\"https:\/\/institucional.ufpel.edu.br\/servidores\/id\/13247\"><img src=\"https:\/\/institucional.ufpel.edu.br\/cache\/imagens\/474a6495-7373-4449-8adb-82f19e078ab7\"><\/a><\/div><div class=\"servidor-info\"><a href=\"https:\/\/institucional.ufpel.edu.br\/servidores\/id\/13247\">GUSTAVO HOFFMANN MOREIRA<\/a><\/div><\/li><li><div class=\"servidor-foto\"><a href=\"https:\/\/institucional.ufpel.edu.br\/servidores\/id\/8584\"><img src=\"https:\/\/institucional.ufpel.edu.br\/cache\/imagens\/8c65ff30-c668-45b6-b41d-ee67cd33edcd\"><\/a><\/div><div class=\"servidor-info\"><a href=\"https:\/\/institucional.ufpel.edu.br\/servidores\/id\/8584\">JEFERSON DE MELLO REICHOW<\/a><span class=\"cobalto-label\">Chefe - N\u00facleo Administrativo - FaE<\/span><\/div><\/li><li><div class=\"servidor-foto\"><a href=\"https:\/\/institucional.ufpel.edu.br\/servidores\/id\/35190\"><img src=\"https:\/\/institucional.ufpel.edu.br\/cache\/imagens\/6e9776aa-ee74-4089-a79f-4d7d2bb08fbe\"><\/a><\/div><div class=\"servidor-info\"><a href=\"https:\/\/institucional.ufpel.edu.br\/servidores\/id\/35190\">JULIANO MELO<\/a><\/div><\/li><li><div class=\"servidor-foto\"><a href=\"https:\/\/institucional.ufpel.edu.br\/servidores\/id\/136516\"><\/a><\/div><div class=\"servidor-info\"><a href=\"https:\/\/institucional.ufpel.edu.br\/servidores\/id\/136516\">NANCI DALLMANN GARCIA<\/a><\/div><\/li><li><div class=\"servidor-foto\"><a href=\"https:\/\/institucional.ufpel.edu.br\/servidores\/id\/25070\"><img src=\"https:\/\/institucional.ufpel.edu.br\/cache\/imagens\/d1cba979-1d84-4105-9657-e89d94b61e92\"><\/a><\/div><div class=\"servidor-info\"><a href=\"https:\/\/institucional.ufpel.edu.br\/servidores\/id\/25070\">RAIZA ALVES PEREIRA<\/a><\/div><\/li><\/ul><\/div>\n","protected":false},"excerpt":{"rendered":"","protected":false},"author":325,"featured_media":0,"parent":0,"menu_order":0,"comment_status":"closed","ping_status":"closed","template":"","meta":{"jetpack_post_was_ever_published":false,"footnotes":""},"class_list":["post-2031","page","type-page","status-publish","hentry"],"yoast_head":"<!-- This site is optimized with the Yoast SEO plugin v26.7 - https:\/\/yoast.com\/wordpress\/plugins\/seo\/ -->\n<title>Servidores T\u00e9cnicos Administrativos - FACULDADE DE EDUCA\u00c7\u00c3O - Ufpel<\/title>\n<meta name=\"robots\" content=\"index, follow, max-snippet:-1, max-image-preview:large, max-video-preview:-1\" \/>\n<link rel=\"canonical\" href=\"https:\/\/wp.ufpel.edu.br\/fae\/servidores-tecnicos-administrativos\/\" \/>\n<meta property=\"og:locale\" content=\"pt_BR\" \/>\n<meta property=\"og:type\" content=\"article\" \/>\n<meta property=\"og:title\" content=\"Servidores T\u00e9cnicos Administrativos - FACULDADE DE EDUCA\u00c7\u00c3O - Ufpel\" \/>\n<meta property=\"og:url\" content=\"https:\/\/wp.ufpel.edu.br\/fae\/servidores-tecnicos-administrativos\/\" \/>\n<meta property=\"og:site_name\" content=\"FACULDADE DE EDUCA\u00c7\u00c3O - Ufpel\" \/>\n<meta property=\"article:modified_time\" content=\"2021-05-27T13:18:03+00:00\" \/>\n<meta name=\"twitter:card\" content=\"summary_large_image\" \/>\n<meta name=\"twitter:label1\" content=\"Est. tempo de leitura\" \/>\n\t<meta name=\"twitter:data1\" content=\"1 minuto\" \/>\n<script type=\"application\/ld+json\" class=\"yoast-schema-graph\">{\"@context\":\"https:\/\/schema.org\",\"@graph\":[{\"@type\":\"WebPage\",\"@id\":\"https:\/\/wp.ufpel.edu.br\/fae\/servidores-tecnicos-administrativos\/\",\"url\":\"https:\/\/wp.ufpel.edu.br\/fae\/servidores-tecnicos-administrativos\/\",\"name\":\"Servidores T\u00e9cnicos Administrativos - FACULDADE DE EDUCA\u00c7\u00c3O - Ufpel\",\"isPartOf\":{\"@id\":\"https:\/\/wp.ufpel.edu.br\/fae\/#website\"},\"datePublished\":\"2019-11-18T15:18:00+00:00\",\"dateModified\":\"2021-05-27T13:18:03+00:00\",\"breadcrumb\":{\"@id\":\"https:\/\/wp.ufpel.edu.br\/fae\/servidores-tecnicos-administrativos\/#breadcrumb\"},\"inLanguage\":\"pt-BR\",\"potentialAction\":[{\"@type\":\"ReadAction\",\"target\":[\"https:\/\/wp.ufpel.edu.br\/fae\/servidores-tecnicos-administrativos\/\"]}]},{\"@type\":\"BreadcrumbList\",\"@id\":\"https:\/\/wp.ufpel.edu.br\/fae\/servidores-tecnicos-administrativos\/#breadcrumb\",\"itemListElement\":[{\"@type\":\"ListItem\",\"position\":1,\"name\":\"In\u00edcio\",\"item\":\"https:\/\/wp.ufpel.edu.br\/fae\/\"},{\"@type\":\"ListItem\",\"position\":2,\"name\":\"Servidores T\u00e9cnicos Administrativos\"}]},{\"@type\":\"WebSite\",\"@id\":\"https:\/\/wp.ufpel.edu.br\/fae\/#website\",\"url\":\"https:\/\/wp.ufpel.edu.br\/fae\/\",\"name\":\"FACULDADE DE EDUCA\u00c7\u00c3O - Ufpel\",\"description\":\"\",\"potentialAction\":[{\"@type\":\"SearchAction\",\"target\":{\"@type\":\"EntryPoint\",\"urlTemplate\":\"https:\/\/wp.ufpel.edu.br\/fae\/?s={search_term_string}\"},\"query-input\":{\"@type\":\"PropertyValueSpecification\",\"valueRequired\":true,\"valueName\":\"search_term_string\"}}],\"inLanguage\":\"pt-BR\"}]}<\/script>\n<!-- \/ Yoast SEO plugin. -->","yoast_head_json":{"title":"Servidores T\u00e9cnicos Administrativos - FACULDADE DE EDUCA\u00c7\u00c3O - Ufpel","robots":{"index":"index","follow":"follow","max-snippet":"max-snippet:-1","max-image-preview":"max-image-preview:large","max-video-preview":"max-video-preview:-1"},"canonical":"https:\/\/wp.ufpel.edu.br\/fae\/servidores-tecnicos-administrativos\/","og_locale":"pt_BR","og_type":"article","og_title":"Servidores T\u00e9cnicos Administrativos - FACULDADE DE EDUCA\u00c7\u00c3O - Ufpel","og_url":"https:\/\/wp.ufpel.edu.br\/fae\/servidores-tecnicos-administrativos\/","og_site_name":"FACULDADE DE EDUCA\u00c7\u00c3O - Ufpel","article_modified_time":"2021-05-27T13:18:03+00:00","twitter_card":"summary_large_image","twitter_misc":{"Est. tempo de leitura":"1 minuto"},"schema":{"@context":"https:\/\/schema.org","@graph":[{"@type":"WebPage","@id":"https:\/\/wp.ufpel.edu.br\/fae\/servidores-tecnicos-administrativos\/","url":"https:\/\/wp.ufpel.edu.br\/fae\/servidores-tecnicos-administrativos\/","name":"Servidores T\u00e9cnicos Administrativos - FACULDADE DE EDUCA\u00c7\u00c3O - Ufpel","isPartOf":{"@id":"https:\/\/wp.ufpel.edu.br\/fae\/#website"},"datePublished":"2019-11-18T15:18:00+00:00","dateModified":"2021-05-27T13:18:03+00:00","breadcrumb":{"@id":"https:\/\/wp.ufpel.edu.br\/fae\/servidores-tecnicos-administrativos\/#breadcrumb"},"inLanguage":"pt-BR","potentialAction":[{"@type":"ReadAction","target":["https:\/\/wp.ufpel.edu.br\/fae\/servidores-tecnicos-administrativos\/"]}]},{"@type":"BreadcrumbList","@id":"https:\/\/wp.ufpel.edu.br\/fae\/servidores-tecnicos-administrativos\/#breadcrumb","itemListElement":[{"@type":"ListItem","position":1,"name":"In\u00edcio","item":"https:\/\/wp.ufpel.edu.br\/fae\/"},{"@type":"ListItem","position":2,"name":"Servidores T\u00e9cnicos Administrativos"}]},{"@type":"WebSite","@id":"https:\/\/wp.ufpel.edu.br\/fae\/#website","url":"https:\/\/wp.ufpel.edu.br\/fae\/","name":"FACULDADE DE EDUCA\u00c7\u00c3O - Ufpel","description":"","potentialAction":[{"@type":"SearchAction","target":{"@type":"EntryPoint","urlTemplate":"https:\/\/wp.ufpel.edu.br\/fae\/?s={search_term_string}"},"query-input":{"@type":"PropertyValueSpecification","valueRequired":true,"valueName":"search_term_string"}}],"inLanguage":"pt-BR"}]}},"jetpack_sharing_enabled":true,"jetpack_shortlink":"https:\/\/wp.me\/P6QmCH-wL","jetpack_likes_enabled":true,"_links":{"self":[{"href":"https:\/\/wp.ufpel.edu.br\/fae\/wp-json\/wp\/v2\/pages\/2031","targetHints":{"allow":["GET"]}}],"collection":[{"href":"https:\/\/wp.ufpel.edu.br\/fae\/wp-json\/wp\/v2\/pages"}],"about":[{"href":"https:\/\/wp.ufpel.edu.br\/fae\/wp-json\/wp\/v2\/types\/page"}],"author":[{"embeddable":true,"href":"https:\/\/wp.ufpel.edu.br\/fae\/wp-json\/wp\/v2\/users\/325"}],"replies":[{"embeddable":true,"href":"https:\/\/wp.ufpel.edu.br\/fae\/wp-json\/wp\/v2\/comments?post=2031"}],"version-history":[{"count":2,"href":"https:\/\/wp.ufpel.edu.br\/fae\/wp-json\/wp\/v2\/pages\/2031\/revisions"}],"predecessor-version":[{"id":2323,"href":"https:\/\/wp.ufpel.edu.br\/fae\/wp-json\/wp\/v2\/pages\/2031\/revisions\/2323"}],"wp:attachment":[{"href":"https:\/\/wp.ufpel.edu.br\/fae\/wp-json\/wp\/v2\/media?parent=2031"}],"curies":[{"name":"wp","href":"https:\/\/api.w.org\/{rel}","templated":true}]}}

Servidores Técnicos Administrativos

<div class="dados-cobalto cobalto-lista-servidores"><ul class="foto-pequena"><li><div class="servidor-foto"><a href="https://institucional.ufpel.edu.br/servidores/id/28205"></a></div><div class="servidor-info"><a href="https://institucional.ufpel.edu.br/servidores/id/28205">ANA LUCIA DA SILVA FERNANDES</a></div></li><li><div class="servidor-foto"><a href="https://institucional.ufpel.edu.br/servidores/id/33979"></a></div><div class="servidor-info"><a href="https://institucional.ufpel.edu.br/servidores/id/33979">DEBORA DUARTE MARCHESAN</a></div></li><li><div class="servidor-foto"><a href="https://institucional.ufpel.edu.br/servidores/id/3084"></a></div><div class="servidor-info"><a href="https://institucional.ufpel.edu.br/servidores/id/3084">GABRIELA PEREIRA DE PEREIRA</a></div></li><li><div class="servidor-foto"><a href="https://institucional.ufpel.edu.br/servidores/id/17209"><img src="https://institucional.ufpel.edu.br/cache/imagens/4c00fc19-d870-48f1-bf41-772a8eb6e300"></a></div><div class="servidor-info"><a href="https://institucional.ufpel.edu.br/servidores/id/17209">GUILHERME SANTOS MACHADO</a></div></li><li><div class="servidor-foto"><a href="https://institucional.ufpel.edu.br/servidores/id/13247"><img src="https://institucional.ufpel.edu.br/cache/imagens/474a6495-7373-4449-8adb-82f19e078ab7"></a></div><div class="servidor-info"><a href="https://institucional.ufpel.edu.br/servidores/id/13247">GUSTAVO HOFFMANN MOREIRA</a></div></li><li><div class="servidor-foto"><a href="https://institucional.ufpel.edu.br/servidores/id/8584"><img src="https://institucional.ufpel.edu.br/cache/imagens/8c65ff30-c668-45b6-b41d-ee67cd33edcd"></a></div><div class="servidor-info"><a href="https://institucional.ufpel.edu.br/servidores/id/8584">JEFERSON DE MELLO REICHOW</a><span class="cobalto-label">Chefe - Núcleo Administrativo - FaE</span></div></li><li><div class="servidor-foto"><a href="https://institucional.ufpel.edu.br/servidores/id/35190"><img src="https://institucional.ufpel.edu.br/cache/imagens/6e9776aa-ee74-4089-a79f-4d7d2bb08fbe"></a></div><div class="servidor-info"><a href="https://institucional.ufpel.edu.br/servidores/id/35190">JULIANO MELO</a></div></li><li><div class="servidor-foto"><a href="https://institucional.ufpel.edu.br/servidores/id/136516"></a></div><div class="servidor-info"><a href="https://institucional.ufpel.edu.br/servidores/id/136516">NANCI DALLMANN GARCIA</a></div></li><li><div class="servidor-foto"><a href="https://institucional.ufpel.edu.br/servidores/id/25070"><img src="https://institucional.ufpel.edu.br/cache/imagens/d1cba979-1d84-4105-9657-e89d94b61e92"></a></div><div class="servidor-info"><a href="https://institucional.ufpel.edu.br/servidores/id/25070">RAIZA ALVES PEREIRA</a></div></li></ul></div>

<!-- This site is optimized with the Yoast SEO plugin v26.7 - https://yoast.com/wordpress/plugins/seo/ -->
<title>Servidores Técnicos Administrativos - FACULDADE DE EDUCAÇÃO - Ufpel</title>
<meta name="robots" content="index, follow, max-snippet:-1, max-image-preview:large, max-video-preview:-1" />
<link rel="canonical" href="https://wp.ufpel.edu.br/fae/servidores-tecnicos-administrativos/" />
<meta property="og:locale" content="pt_BR" />
<meta property="og:type" content="article" />
<meta property="og:title" content="Servidores Técnicos Administrativos - FACULDADE DE EDUCAÇÃO - Ufpel" />
<meta property="og:url" content="https://wp.ufpel.edu.br/fae/servidores-tecnicos-administrativos/" />
<meta property="og:site_name" content="FACULDADE DE EDUCAÇÃO - Ufpel" />
<meta property="article:modified_time" content="2021-05-27T13:18:03+00:00" />
<meta name="twitter:card" content="summary_large_image" />
<meta name="twitter:label1" content="Est. tempo de leitura" />
	<meta name="twitter:data1" content="1 minuto" />
<script type="application/ld+json" class="yoast-schema-graph">{"@context":"https://schema.org","@graph":[{"@type":"WebPage","@id":"https://wp.ufpel.edu.br/fae/servidores-tecnicos-administrativos/","url":"https://wp.ufpel.edu.br/fae/servidores-tecnicos-administrativos/","name":"Servidores Técnicos Administrativos - FACULDADE DE EDUCAÇÃO - Ufpel","isPartOf":{"@id":"https://wp.ufpel.edu.br/fae/#website"},"datePublished":"2019-11-18T15:18:00+00:00","dateModified":"2021-05-27T13:18:03+00:00","breadcrumb":{"@id":"https://wp.ufpel.edu.br/fae/servidores-tecnicos-administrativos/#breadcrumb"},"inLanguage":"pt-BR","potentialAction":[{"@type":"ReadAction","target":["https://wp.ufpel.edu.br/fae/servidores-tecnicos-administrativos/"]}]},{"@type":"BreadcrumbList","@id":"https://wp.ufpel.edu.br/fae/servidores-tecnicos-administrativos/#breadcrumb","itemListElement":[{"@type":"ListItem","position":1,"name":"Início","item":"https://wp.ufpel.edu.br/fae/"},{"@type":"ListItem","position":2,"name":"Servidores Técnicos Administrativos"}]},{"@type":"WebSite","@id":"https://wp.ufpel.edu.br/fae/#website","url":"https://wp.ufpel.edu.br/fae/","name":"FACULDADE DE EDUCAÇÃO - Ufpel","description":"","potentialAction":[{"@type":"SearchAction","target":{"@type":"EntryPoint","urlTemplate":"https://wp.ufpel.edu.br/fae/?s={search_term_string}"},"query-input":{"@type":"PropertyValueSpecification","valueRequired":true,"valueName":"search_term_string"}}],"inLanguage":"pt-BR"}]}</script>
<!-- / Yoast SEO plugin. -->

Servidores Técnicos Administrativos - FACULDADE DE EDUCAÇÃO - Ufpel

FACULDADE DE EDUCAÇÃO - Ufpel

Início
