{"id":61,"date":"2025-11-26T14:34:33","date_gmt":"2025-11-26T17:34:33","guid":{"rendered":"https:\/\/wp.ufpel.edu.br\/extensaoesociedade\/?page_id=61"},"modified":"2025-11-26T17:40:50","modified_gmt":"2025-11-26T20:40:50","slug":"feminismos","status":"publish","type":"page","link":"https:\/\/wp.ufpel.edu.br\/extensaoesociedade\/feminismos\/","title":{"rendered":"Feminismos"},"content":{"rendered":"<p><a href=\"https:\/\/wp.ufpel.edu.br\/extensaoesociedade\/files\/2025\/11\/Transposicao-Harriet-Martineau-Extensao-e-Sociedade-II.pdf\">Transposi\u00e7\u00e3o Harriet Martineau- Extensao e Sociedade II<\/a><\/p>\n<p><a href=\"https:\/\/wp.ufpel.edu.br\/extensaoesociedade\/files\/2025\/11\/quebra-cabeca-flora-tristan-2.pdf\">quebra cabe\u00e7a flora tristan (2)<\/a><\/p>\n","protected":false},"excerpt":{"rendered":"<p>Transposi\u00e7\u00e3o Harriet Martineau- Extensao e Sociedade II quebra cabe\u00e7a flora tristan (2)<\/p>\n","protected":false},"author":1522,"featured_media":0,"parent":0,"menu_order":0,"comment_status":"closed","ping_status":"closed","template":"","meta":{"footnotes":""},"class_list":["post-61","page","type-page","status-publish","hentry"],"_links":{"self":[{"href":"https:\/\/wp.ufpel.edu.br\/extensaoesociedade\/wp-json\/wp\/v2\/pages\/61","targetHints":{"allow":["GET"]}}],"collection":[{"href":"https:\/\/wp.ufpel.edu.br\/extensaoesociedade\/wp-json\/wp\/v2\/pages"}],"about":[{"href":"https:\/\/wp.ufpel.edu.br\/extensaoesociedade\/wp-json\/wp\/v2\/types\/page"}],"author":[{"embeddable":true,"href":"https:\/\/wp.ufpel.edu.br\/extensaoesociedade\/wp-json\/wp\/v2\/users\/1522"}],"replies":[{"embeddable":true,"href":"https:\/\/wp.ufpel.edu.br\/extensaoesociedade\/wp-json\/wp\/v2\/comments?post=61"}],"version-history":[{"count":3,"href":"https:\/\/wp.ufpel.edu.br\/extensaoesociedade\/wp-json\/wp\/v2\/pages\/61\/revisions"}],"predecessor-version":[{"id":102,"href":"https:\/\/wp.ufpel.edu.br\/extensaoesociedade\/wp-json\/wp\/v2\/pages\/61\/revisions\/102"}],"wp:attachment":[{"href":"https:\/\/wp.ufpel.edu.br\/extensaoesociedade\/wp-json\/wp\/v2\/media?parent=61"}],"curies":[{"name":"wp","href":"https:\/\/api.w.org\/{rel}","templated":true}]}}