{"id":13,"date":"2025-10-29T16:41:12","date_gmt":"2025-10-29T19:41:12","guid":{"rendered":"https:\/\/wp.ufpel.edu.br\/extensaoesociedade\/?page_id=13"},"modified":"2025-10-29T16:56:09","modified_gmt":"2025-10-29T19:56:09","slug":"transposicoes","status":"publish","type":"page","link":"https:\/\/wp.ufpel.edu.br\/extensaoesociedade\/transposicoes\/","title":{"rendered":"Transposi\u00e7\u00f5es"},"content":{"rendered":"<p><a href=\"https:\/\/wp.ufpel.edu.br\/extensaoesociedade\/extensao-e-sociedade-1\/\">Extens\u00e3o e sociedade 1<\/a><\/p>\n<p><a href=\"https:\/\/wp.ufpel.edu.br\/extensaoesociedade\/extensao-e-sociedade-2\/\">Extens\u00e3o e sociedade 2<\/a><\/p>\n<p><a href=\"https:\/\/wp.ufpel.edu.br\/extensaoesociedade\/extensao-e-sociedade-3\/\">Extens\u00e3o e sociedade 3<\/a><\/p>\n<p><a href=\"https:\/\/wp.ufpel.edu.br\/extensaoesociedade\/extensao-e-sociedade-4\/\">Extens\u00e3o e sociedade 4<\/a><\/p>\n<p><a href=\"https:\/\/wp.ufpel.edu.br\/extensaoesociedade\/extensao-e-sociedade-5\/\">Extens\u00e3o e sociedade 5<\/a><\/p>\n","protected":false},"excerpt":{"rendered":"<p>Extens\u00e3o e sociedade 1 Extens\u00e3o e sociedade 2 Extens\u00e3o e sociedade 3 Extens\u00e3o e sociedade 4 Extens\u00e3o e sociedade 5<\/p>\n","protected":false},"author":1522,"featured_media":0,"parent":0,"menu_order":0,"comment_status":"closed","ping_status":"closed","template":"","meta":{"footnotes":""},"class_list":["post-13","page","type-page","status-publish","hentry"],"_links":{"self":[{"href":"https:\/\/wp.ufpel.edu.br\/extensaoesociedade\/wp-json\/wp\/v2\/pages\/13","targetHints":{"allow":["GET"]}}],"collection":[{"href":"https:\/\/wp.ufpel.edu.br\/extensaoesociedade\/wp-json\/wp\/v2\/pages"}],"about":[{"href":"https:\/\/wp.ufpel.edu.br\/extensaoesociedade\/wp-json\/wp\/v2\/types\/page"}],"author":[{"embeddable":true,"href":"https:\/\/wp.ufpel.edu.br\/extensaoesociedade\/wp-json\/wp\/v2\/users\/1522"}],"replies":[{"embeddable":true,"href":"https:\/\/wp.ufpel.edu.br\/extensaoesociedade\/wp-json\/wp\/v2\/comments?post=13"}],"version-history":[{"count":2,"href":"https:\/\/wp.ufpel.edu.br\/extensaoesociedade\/wp-json\/wp\/v2\/pages\/13\/revisions"}],"predecessor-version":[{"id":51,"href":"https:\/\/wp.ufpel.edu.br\/extensaoesociedade\/wp-json\/wp\/v2\/pages\/13\/revisions\/51"}],"wp:attachment":[{"href":"https:\/\/wp.ufpel.edu.br\/extensaoesociedade\/wp-json\/wp\/v2\/media?parent=13"}],"curies":[{"name":"wp","href":"https:\/\/api.w.org\/{rel}","templated":true}]}}