{"id":8,"date":"2024-08-29T14:53:12","date_gmt":"2024-08-29T17:53:12","guid":{"rendered":"https:\/\/wp.ufpel.edu.br\/extensao\/?page_id=8"},"modified":"2024-08-29T16:10:15","modified_gmt":"2024-08-29T19:10:15","slug":"guia","status":"publish","type":"page","link":"https:\/\/wp.ufpel.edu.br\/extensao\/guia\/","title":{"rendered":"Guia"},"content":{"rendered":"<p>&nbsp;<\/p>\n<p style=\"text-align: center;\"><a href=\"https:\/\/wp.ufpel.edu.br\/prec\/files\/2019\/05\/Guia-de-integraliza%C3%A7%C3%A3o.pdf\" target=\"_blank\" rel=\"noopener\"><img loading=\"lazy\" decoding=\"async\" class=\"size-medium wp-image-75 aligncenter\" src=\"https:\/\/wp.ufpel.edu.br\/extensao\/files\/2024\/08\/Captura-de-tela-2024-08-29-160814-281x400.png\" alt=\"\" width=\"281\" height=\"400\" srcset=\"https:\/\/wp.ufpel.edu.br\/extensao\/files\/2024\/08\/Captura-de-tela-2024-08-29-160814-281x400.png 281w, https:\/\/wp.ufpel.edu.br\/extensao\/files\/2024\/08\/Captura-de-tela-2024-08-29-160814.png 555w\" sizes=\"auto, (max-width: 281px) 100vw, 281px\" \/><\/a><a href=\"https:\/\/wp.ufpel.edu.br\/prec\/files\/2019\/05\/Guia-de-integraliza%C3%A7%C3%A3o.pdf\" target=\"_blank\" rel=\"noopener\">Acesse o PDF do Guia aqui.\u00a0<\/a><\/p>\n<p>O Guia de Integraliza\u00e7\u00e3o da Extens\u00e3o nos Curr\u00edculos de Gradua\u00e7\u00e3o da UFPel \u00e9 o resultado aplicado do trabalho da Comiss\u00e3o de Curriculariza\u00e7\u00e3o da Extens\u00e3o nos cursos de gradua\u00e7\u00e3o da UFPel durante os anos de 2017 e 2018.<\/p>\n<p>O Guia objetiva orientar o coordenador do curso de gradua\u00e7\u00e3o, os membros do N\u00facleo Docente Estruturante e os membros do Colegiado sobre os procedimentos para formalizar a carga hor\u00e1ria em extens\u00e3o no Projeto Pedag\u00f3gico do Curso e evidenciar o seu registro no hist\u00f3rico do aluno.<\/p>\n<p>O Guia conceitua a extens\u00e3o universit\u00e1ria no Brasil (cap\u00edtulo 2), subsidia o leitor com a Fundamenta\u00e7\u00e3o Legal (cap\u00edtulo 3), fornece o hist\u00f3rico do processo na UFPel (cap\u00edtulo 4), orienta sobre como utilizar as duas formas de curriculariza\u00e7\u00e3o previstas na Resolu\u00e7\u00e3o do COCEPE 42\/2018 (cap\u00edtulo 5), esclarece as possibilidades de uso de cada uma destas formas de curriculariza\u00e7\u00e3o e detalha o fluxo de implanta\u00e7\u00e3o da curriculariza\u00e7\u00e3o na forma carga hor\u00e1ria pr\u00e1tica de disciplina e na forma atividades curriculares em extens\u00e3o, indica como especificar a curriculariza\u00e7\u00e3o no Projeto Pedag\u00f3gico do Curso (cap\u00edtulo 6), esclarece o conceito e os procedimentos de registro das atividades extensionistas no Sistema de Projetos Unificados\/ Cobalto (cap\u00edtulo 7). Por fim, as resolu\u00e7\u00f5es que fundamentaram este Guia encontram-se referenciadas pelos links de acesso (cap\u00edtulo 8).<\/p>\n<p>Neste documento as possibilidades para fazer do processo de curriculariza\u00e7\u00e3o uma trajet\u00f3ria criativa e particularizada em cada curso s\u00f3 est\u00e3o parcialmente contempladas. Conforme os cursos forem encontrando novas solu\u00e7\u00f5es, inclusive para quest\u00f5es que ser\u00e3o identificadas na pr\u00e1tica, este texto poder\u00e1 vir a mudar, incorporando o resultado dos estudos e do exerc\u00edcio dos projetos na realidade. Assim, este Guia n\u00e3o \u00e9 o final de um trabalho e, sim, o registro de um in\u00edcio de estudo aplicado.<\/p>\n<p>&nbsp;<\/p>\n<p>&nbsp;<\/p>\n","protected":false},"excerpt":{"rendered":"<p>&nbsp; Acesse o PDF do Guia aqui.\u00a0 O Guia de Integraliza\u00e7\u00e3o da Extens\u00e3o nos Curr\u00edculos de Gradua\u00e7\u00e3o da UFPel \u00e9 o resultado aplicado do trabalho da Comiss\u00e3o de Curriculariza\u00e7\u00e3o da Extens\u00e3o nos cursos de gradua\u00e7\u00e3o da UFPel durante os anos de 2017 e 2018. O Guia objetiva orientar o coordenador do curso de gradua\u00e7\u00e3o, os<a class=\"more-link\" href=\"https:\/\/wp.ufpel.edu.br\/extensao\/guia\/\">Continue reading <span class=\"screen-reader-text\">&#8220;Guia&#8221;<\/span><\/a><\/p>\n","protected":false},"author":1395,"featured_media":0,"parent":0,"menu_order":0,"comment_status":"closed","ping_status":"closed","template":"","meta":{"footnotes":""},"tags":[],"class_list":["post-8","page","type-page","status-publish","hentry"],"jetpack_sharing_enabled":true,"_links":{"self":[{"href":"https:\/\/wp.ufpel.edu.br\/extensao\/wp-json\/wp\/v2\/pages\/8","targetHints":{"allow":["GET"]}}],"collection":[{"href":"https:\/\/wp.ufpel.edu.br\/extensao\/wp-json\/wp\/v2\/pages"}],"about":[{"href":"https:\/\/wp.ufpel.edu.br\/extensao\/wp-json\/wp\/v2\/types\/page"}],"author":[{"embeddable":true,"href":"https:\/\/wp.ufpel.edu.br\/extensao\/wp-json\/wp\/v2\/users\/1395"}],"replies":[{"embeddable":true,"href":"https:\/\/wp.ufpel.edu.br\/extensao\/wp-json\/wp\/v2\/comments?post=8"}],"version-history":[{"count":4,"href":"https:\/\/wp.ufpel.edu.br\/extensao\/wp-json\/wp\/v2\/pages\/8\/revisions"}],"predecessor-version":[{"id":77,"href":"https:\/\/wp.ufpel.edu.br\/extensao\/wp-json\/wp\/v2\/pages\/8\/revisions\/77"}],"wp:attachment":[{"href":"https:\/\/wp.ufpel.edu.br\/extensao\/wp-json\/wp\/v2\/media?parent=8"}],"wp:term":[{"taxonomy":"post_tag","embeddable":true,"href":"https:\/\/wp.ufpel.edu.br\/extensao\/wp-json\/wp\/v2\/tags?post=8"}],"curies":[{"name":"wp","href":"https:\/\/api.w.org\/{rel}","templated":true}]}}

<p>&nbsp;</p>
<p style="text-align: center;"><a href="https://wp.ufpel.edu.br/prec/files/2019/05/Guia-de-integraliza%C3%A7%C3%A3o.pdf" target="_blank" rel="noopener"><img loading="lazy" decoding="async" class="size-medium wp-image-75 aligncenter" src="https://wp.ufpel.edu.br/extensao/files/2024/08/Captura-de-tela-2024-08-29-160814-281x400.png" alt="" width="281" height="400" srcset="https://wp.ufpel.edu.br/extensao/files/2024/08/Captura-de-tela-2024-08-29-160814-281x400.png 281w, https://wp.ufpel.edu.br/extensao/files/2024/08/Captura-de-tela-2024-08-29-160814.png 555w" sizes="auto, (max-width: 281px) 100vw, 281px" /></a><a href="https://wp.ufpel.edu.br/prec/files/2019/05/Guia-de-integraliza%C3%A7%C3%A3o.pdf" target="_blank" rel="noopener">Acesse o PDF do Guia aqui. </a></p>
<p>O Guia de Integralização da Extensão nos Currículos de Graduação da UFPel é o resultado aplicado do trabalho da Comissão de Curricularização da Extensão nos cursos de graduação da UFPel durante os anos de 2017 e 2018.</p>
<p>O Guia objetiva orientar o coordenador do curso de graduação, os membros do Núcleo Docente Estruturante e os membros do Colegiado sobre os procedimentos para formalizar a carga horária em extensão no Projeto Pedagógico do Curso e evidenciar o seu registro no histórico do aluno.</p>
<p>O Guia conceitua a extensão universitária no Brasil (capítulo 2), subsidia o leitor com a Fundamentação Legal (capítulo 3), fornece o histórico do processo na UFPel (capítulo 4), orienta sobre como utilizar as duas formas de curricularização previstas na Resolução do COCEPE 42/2018 (capítulo 5), esclarece as possibilidades de uso de cada uma destas formas de curricularização e detalha o fluxo de implantação da curricularização na forma carga horária prática de disciplina e na forma atividades curriculares em extensão, indica como especificar a curricularização no Projeto Pedagógico do Curso (capítulo 6), esclarece o conceito e os procedimentos de registro das atividades extensionistas no Sistema de Projetos Unificados/ Cobalto (capítulo 7). Por fim, as resoluções que fundamentaram este Guia encontram-se referenciadas pelos links de acesso (capítulo 8).</p>
<p>Neste documento as possibilidades para fazer do processo de curricularização uma trajetória criativa e particularizada em cada curso só estão parcialmente contempladas. Conforme os cursos forem encontrando novas soluções, inclusive para questões que serão identificadas na prática, este texto poderá vir a mudar, incorporando o resultado dos estudos e do exercício dos projetos na realidade. Assim, este Guia não é o final de um trabalho e, sim, o registro de um início de estudo aplicado.</p>
<p>&nbsp;</p>
<p>&nbsp;</p>

<p>&nbsp; Acesse o PDF do Guia aqui.  O Guia de Integralização da Extensão nos Currículos de Graduação da UFPel é o resultado aplicado do trabalho da Comissão de Curricularização da Extensão nos cursos de graduação da UFPel durante os anos de 2017 e 2018. O Guia objetiva orientar o coordenador do curso de graduação, os<a class="more-link" href="https://wp.ufpel.edu.br/extensao/guia/">Continue reading <span class="screen-reader-text">&#8220;Guia&#8221;</span></a></p>
