{"id":285,"date":"2020-12-08T14:25:02","date_gmt":"2020-12-08T17:25:02","guid":{"rendered":"https:\/\/wp.ufpel.edu.br\/expressomemoria\/?page_id=285"},"modified":"2020-12-08T20:28:50","modified_gmt":"2020-12-08T23:28:50","slug":"museu-de-rua","status":"publish","type":"page","link":"https:\/\/wp.ufpel.edu.br\/expressomemoria\/museu-de-rua\/","title":{"rendered":"Museu de Rua"},"content":{"rendered":"<p>Uma primeira iniciativa<\/p>\n<p>A pedido da Secretaria Municipal de Cultura (SECULT-Pelotas) o Laborat\u00f3rio de Ensino Pesquisa e Produ\u00e7\u00e3o em Antropologia da Imagem e do Som (LEPPAIS-UFPel) deu in\u00edcio a uma aproxima\u00e7\u00e3o com a comunidade de antigos ferrovi\u00e1rios da cidade de Pelotas com o objetivo de criarmos um Memorial da Esta\u00e7\u00e3o F\u00e9rrea (MEF). Essa primeira iniciativa, portanto, configurou-se como um<br \/>\nmomento de interlocu\u00e7\u00e3o entre a comunidade de ex-ferrovi\u00e1rios \u2013 trabalhadores da via f\u00e9rrea e familiares \u2013, e a equipe de pesquisadores(as) do LEPPAIS.<br \/>\nAp\u00f3s dois semestres de atua\u00e7\u00e3o, com o objetivo de fazer uma primeira restitui\u00e7\u00e3o da pesquisa \u00e0 comunidade, o material emp\u00edrico foi convertido em um audiovisual, intitulado \u201cVida nos Trilhos: Mem\u00f3rias da Esta\u00e7\u00e3o F\u00e9rrea de Pelotas\u201d e em uma exposi\u00e7\u00e3o no chamado Museu de Rua.<br \/>\nCom um car\u00e1ter democr\u00e1tico e acess\u00edvel o Museu de rua \u00e9 uma possibilidade expositiva m\u00f3vel e itinerante, que interfere sobre o espa\u00e7o p\u00fablico, podendo ser deslocado para diversos lugares, cujo objetivo \u00e9 ir de encontro as pessoas, integrando-se aos fluxos de acontecimentos da cidade.<\/p>\n<p class=\"jetpack-slideshow-noscript robots-nocontent\">Este slideshow necessita de JavaScript.<\/p><div id=\"gallery-285-1-slideshow\" class=\"jetpack-slideshow-window jetpack-slideshow jetpack-slideshow-black\" data-trans=\"fade\" data-autostart=\"1\" data-gallery=\"[{&quot;src&quot;:&quot;https:\\\/\\\/wp.ufpel.edu.br\\\/expressomemoria\\\/files\\\/2020\\\/12\\\/1-MemorialEstacaoFerrea-ABERTURA-scaled.jpg&quot;,&quot;id&quot;:&quot;476&quot;,&quot;title&quot;:&quot;1- MemorialEstacaoFerrea-ABERTURA&quot;,&quot;alt&quot;:&quot;&quot;,&quot;caption&quot;:&quot;&quot;,&quot;itemprop&quot;:&quot;image&quot;},{&quot;src&quot;:&quot;https:\\\/\\\/wp.ufpel.edu.br\\\/expressomemoria\\\/files\\\/2020\\\/12\\\/2-MemorialEstacaoFerrea-ESPACOsoraiavagner-scaled.jpg&quot;,&quot;id&quot;:&quot;477&quot;,&quot;title&quot;:&quot;2 MemorialEstacaoFerrea-ESPACOsoraiavagner&quot;,&quot;alt&quot;:&quot;&quot;,&quot;caption&quot;:&quot;&quot;,&quot;itemprop&quot;:&quot;image&quot;},{&quot;src&quot;:&quot;https:\\\/\\\/wp.ufpel.edu.br\\\/expressomemoria\\\/files\\\/2020\\\/12\\\/3-MemorialEstacaoFerrea-FAMILIAsoraia-scaled.jpg&quot;,&quot;id&quot;:&quot;478&quot;,&quot;title&quot;:&quot;3 MemorialEstacaoFerrea-FAMILIAsoraia&quot;,&quot;alt&quot;:&quot;&quot;,&quot;caption&quot;:&quot;&quot;,&quot;itemprop&quot;:&quot;image&quot;},{&quot;src&quot;:&quot;https:\\\/\\\/wp.ufpel.edu.br\\\/expressomemoria\\\/files\\\/2020\\\/12\\\/4-MemorialEstacaoFerrea-FUTEBOL-scaled.jpg&quot;,&quot;id&quot;:&quot;479&quot;,&quot;title&quot;:&quot;4 MemorialEstacaoFerrea-FUTEBOL&quot;,&quot;alt&quot;:&quot;&quot;,&quot;caption&quot;:&quot;&quot;,&quot;itemprop&quot;:&quot;image&quot;},{&quot;src&quot;:&quot;https:\\\/\\\/wp.ufpel.edu.br\\\/expressomemoria\\\/files\\\/2020\\\/12\\\/5-MemorialEstacaoFerrea-FUTEBOLATUAL-scaled.jpg&quot;,&quot;id&quot;:&quot;480&quot;,&quot;title&quot;:&quot;5 MemorialEstacaoFerrea-FUTEBOLATUAL&quot;,&quot;alt&quot;:&quot;&quot;,&quot;caption&quot;:&quot;&quot;,&quot;itemprop&quot;:&quot;image&quot;},{&quot;src&quot;:&quot;https:\\\/\\\/wp.ufpel.edu.br\\\/expressomemoria\\\/files\\\/2020\\\/12\\\/6-MemorialEstacaoFerrea-HISTORICO-scaled.jpg&quot;,&quot;id&quot;:&quot;481&quot;,&quot;title&quot;:&quot;6 MemorialEstacaoFerrea-HISTORICO&quot;,&quot;alt&quot;:&quot;&quot;,&quot;caption&quot;:&quot;&quot;,&quot;itemprop&quot;:&quot;image&quot;},{&quot;src&quot;:&quot;https:\\\/\\\/wp.ufpel.edu.br\\\/expressomemoria\\\/files\\\/2020\\\/12\\\/7-MemorialEstacaoFerrea-MAPAviviane-scaled.jpg&quot;,&quot;id&quot;:&quot;482&quot;,&quot;title&quot;:&quot;7 MemorialEstacaoFerrea-MAPAviviane&quot;,&quot;alt&quot;:&quot;&quot;,&quot;caption&quot;:&quot;&quot;,&quot;itemprop&quot;:&quot;image&quot;},{&quot;src&quot;:&quot;https:\\\/\\\/wp.ufpel.edu.br\\\/expressomemoria\\\/files\\\/2020\\\/12\\\/8-MemorialEstacaoFerrea-OBJETOSdaniele-scaled.jpg&quot;,&quot;id&quot;:&quot;483&quot;,&quot;title&quot;:&quot;8 MemorialEstacaoFerrea-OBJETOSdaniele&quot;,&quot;alt&quot;:&quot;&quot;,&quot;caption&quot;:&quot;&quot;,&quot;itemprop&quot;:&quot;image&quot;},{&quot;src&quot;:&quot;https:\\\/\\\/wp.ufpel.edu.br\\\/expressomemoria\\\/files\\\/2020\\\/12\\\/9-MemorialEstacaoFerrea-TRABALHO1-scaled.jpg&quot;,&quot;id&quot;:&quot;484&quot;,&quot;title&quot;:&quot;9 MemorialEstacaoFerrea-TRABALHO1&quot;,&quot;alt&quot;:&quot;&quot;,&quot;caption&quot;:&quot;&quot;,&quot;itemprop&quot;:&quot;image&quot;},{&quot;src&quot;:&quot;https:\\\/\\\/wp.ufpel.edu.br\\\/expressomemoria\\\/files\\\/2020\\\/12\\\/10-MemorialEstacaoFerrea-TRABALHO2-scaled.jpg&quot;,&quot;id&quot;:&quot;485&quot;,&quot;title&quot;:&quot;10 MemorialEstacaoFerrea-TRABALHO2&quot;,&quot;alt&quot;:&quot;&quot;,&quot;caption&quot;:&quot;&quot;,&quot;itemprop&quot;:&quot;image&quot;}]\" itemscope itemtype=\"https:\/\/schema.org\/ImageGallery\"><\/div>\n","protected":false},"excerpt":{"rendered":"<p>Uma primeira iniciativa A pedido da Secretaria Municipal de Cultura (SECULT-Pelotas) o Laborat\u00f3rio de Ensino Pesquisa e Produ\u00e7\u00e3o em Antropologia da Imagem e do Som (LEPPAIS-UFPel) deu in\u00edcio a uma aproxima\u00e7\u00e3o com a comunidade de antigos ferrovi\u00e1rios da cidade de Pelotas com o objetivo de criarmos um Memorial da Esta\u00e7\u00e3o F\u00e9rrea (MEF). Essa primeira iniciativa, [&hellip;]<\/p>\n","protected":false},"author":1060,"featured_media":0,"parent":0,"menu_order":0,"comment_status":"closed","ping_status":"closed","template":"","meta":{"footnotes":""},"class_list":["post-285","page","type-page","status-publish","hentry","post"],"jetpack_likes_enabled":true,"jetpack_sharing_enabled":true,"_links":{"self":[{"href":"https:\/\/wp.ufpel.edu.br\/expressomemoria\/wp-json\/wp\/v2\/pages\/285","targetHints":{"allow":["GET"]}}],"collection":[{"href":"https:\/\/wp.ufpel.edu.br\/expressomemoria\/wp-json\/wp\/v2\/pages"}],"about":[{"href":"https:\/\/wp.ufpel.edu.br\/expressomemoria\/wp-json\/wp\/v2\/types\/page"}],"author":[{"embeddable":true,"href":"https:\/\/wp.ufpel.edu.br\/expressomemoria\/wp-json\/wp\/v2\/users\/1060"}],"replies":[{"embeddable":true,"href":"https:\/\/wp.ufpel.edu.br\/expressomemoria\/wp-json\/wp\/v2\/comments?post=285"}],"version-history":[{"count":5,"href":"https:\/\/wp.ufpel.edu.br\/expressomemoria\/wp-json\/wp\/v2\/pages\/285\/revisions"}],"predecessor-version":[{"id":490,"href":"https:\/\/wp.ufpel.edu.br\/expressomemoria\/wp-json\/wp\/v2\/pages\/285\/revisions\/490"}],"wp:attachment":[{"href":"https:\/\/wp.ufpel.edu.br\/expressomemoria\/wp-json\/wp\/v2\/media?parent=285"}],"curies":[{"name":"wp","href":"https:\/\/api.w.org\/{rel}","templated":true}]}}