{"id":5,"date":"2021-01-27T09:49:31","date_gmt":"2021-01-27T12:49:31","guid":{"rendered":"https:\/\/wp.ufpel.edu.br\/etir\/?page_id=5"},"modified":"2021-01-27T10:37:23","modified_gmt":"2021-01-27T13:37:23","slug":"missao-visao-e-valores","status":"publish","type":"page","link":"https:\/\/wp.ufpel.edu.br\/etir\/missao-visao-e-valores\/","title":{"rendered":"Miss\u00e3o, Vis\u00e3o e Valores"},"content":{"rendered":"\n<div class=\"wp-block-columns is-layout-flex wp-container-core-columns-is-layout-9d6595d7 wp-block-columns-is-layout-flex\">\n<div class=\"wp-block-column is-layout-flow wp-block-column-is-layout-flow\">\n<h4 class=\"wp-block-heading\">Miss\u00e3o<\/h4>\n\n\n\n<p>Ser respons\u00e1vel pela preven\u00e7\u00e3o, detec\u00e7\u00e3o e tratamento de incidentes de seguran\u00e7a, bem como pela cria\u00e7\u00e3o e dissemina\u00e7\u00e3o de pr\u00e1ticas para uso seguro das Tecnologias de Informa\u00e7\u00e3o e Comunica\u00e7\u00e3o.<\/p>\n<\/div>\n\n\n\n<div class=\"wp-block-column is-layout-flow wp-block-column-is-layout-flow\">\n<h4 class=\"wp-block-heading\">Vis\u00e3o<\/h4>\n\n\n\n<p>Promover o fortalecimento da seguran\u00e7a da informa\u00e7\u00e3o na UFPel, e contribuir para constru\u00e7\u00e3o de um ambiente cada vez mais confi\u00e1vel, dispon\u00edvel e \u00edntegro na Universidade.<\/p>\n<\/div>\n\n\n\n<div class=\"wp-block-column is-layout-flow wp-block-column-is-layout-flow\">\n<h4 class=\"wp-block-heading\">Valores<\/h4>\n\n\n\n<ul class=\"wp-block-list\" id=\"block-c395096e-1b0d-4fda-baa4-8208f07d9c8d\"><li>Compromisso e Comprometimento;<\/li><li>Agilidade;<\/li><li>Privacidade dos usu\u00e1rios;<\/li><li>\u00c9tica;<\/li><li>Transpar\u00eancia;<\/li><li>Coopera\u00e7\u00e3o e Colabora\u00e7\u00e3o.<\/li><\/ul>\n<\/div>\n<\/div>\n\n\n\n<p><\/p>\n","protected":false},"excerpt":{"rendered":"<p>Miss\u00e3o Ser respons\u00e1vel pela preven\u00e7\u00e3o, detec\u00e7\u00e3o e tratamento de incidentes de seguran\u00e7a, bem como pela cria\u00e7\u00e3o e dissemina\u00e7\u00e3o de pr\u00e1ticas para uso seguro das Tecnologias de Informa\u00e7\u00e3o e Comunica\u00e7\u00e3o. Vis\u00e3o Promover o fortalecimento da&#46;&#46;&#46;<\/p>\n","protected":false},"author":667,"featured_media":0,"parent":0,"menu_order":0,"comment_status":"closed","ping_status":"closed","template":"","meta":{"jetpack_post_was_ever_published":false,"footnotes":""},"class_list":["post-5","page","type-page","status-publish","hentry"],"jetpack_sharing_enabled":true,"_links":{"self":[{"href":"https:\/\/wp.ufpel.edu.br\/etir\/wp-json\/wp\/v2\/pages\/5","targetHints":{"allow":["GET"]}}],"collection":[{"href":"https:\/\/wp.ufpel.edu.br\/etir\/wp-json\/wp\/v2\/pages"}],"about":[{"href":"https:\/\/wp.ufpel.edu.br\/etir\/wp-json\/wp\/v2\/types\/page"}],"author":[{"embeddable":true,"href":"https:\/\/wp.ufpel.edu.br\/etir\/wp-json\/wp\/v2\/users\/667"}],"replies":[{"embeddable":true,"href":"https:\/\/wp.ufpel.edu.br\/etir\/wp-json\/wp\/v2\/comments?post=5"}],"version-history":[{"count":7,"href":"https:\/\/wp.ufpel.edu.br\/etir\/wp-json\/wp\/v2\/pages\/5\/revisions"}],"predecessor-version":[{"id":92,"href":"https:\/\/wp.ufpel.edu.br\/etir\/wp-json\/wp\/v2\/pages\/5\/revisions\/92"}],"wp:attachment":[{"href":"https:\/\/wp.ufpel.edu.br\/etir\/wp-json\/wp\/v2\/media?parent=5"}],"curies":[{"name":"wp","href":"https:\/\/api.w.org\/{rel}","templated":true}]}}

Missão, Visão e Valores

<div class="wp-block-columns is-layout-flex wp-container-core-columns-is-layout-9d6595d7 wp-block-columns-is-layout-flex">
<div class="wp-block-column is-layout-flow wp-block-column-is-layout-flow">
<h4 class="wp-block-heading">Missão</h4>



<p>Ser responsável pela prevenção, detecção e tratamento de incidentes de segurança, bem como pela criação e disseminação de práticas para uso seguro das Tecnologias de Informação e Comunicação.</p>
</div>



<div class="wp-block-column is-layout-flow wp-block-column-is-layout-flow">
<h4 class="wp-block-heading">Visão</h4>



<p>Promover o fortalecimento da segurança da informação na UFPel, e contribuir para construção de um ambiente cada vez mais confiável, disponível e íntegro na Universidade.</p>
</div>



<div class="wp-block-column is-layout-flow wp-block-column-is-layout-flow">
<h4 class="wp-block-heading">Valores</h4>



<ul class="wp-block-list" id="block-c395096e-1b0d-4fda-baa4-8208f07d9c8d"><li>Compromisso e Comprometimento;</li><li>Agilidade;</li><li>Privacidade dos usuários;</li><li>Ética;</li><li>Transparência;</li><li>Cooperação e Colaboração.</li></ul>
</div>
</div>



<p></p>

<p>Missão Ser responsável pela prevenção, detecção e tratamento de incidentes de segurança, bem como pela criação e disseminação de práticas para uso seguro das Tecnologias de Informação e Comunicação. Visão Promover o fortalecimento da&#46;&#46;&#46;</p>
