{"id":17,"date":"2021-08-20T19:18:31","date_gmt":"2021-08-20T22:18:31","guid":{"rendered":"https:\/\/wp.ufpel.edu.br\/estudosobreaprofundidade\/?page_id=17"},"modified":"2025-08-26T09:28:25","modified_gmt":"2025-08-26T12:28:25","slug":"publicacoes","status":"publish","type":"page","link":"https:\/\/wp.ufpel.edu.br\/estudosobreaprofundidade\/publicacoes\/","title":{"rendered":""},"content":{"rendered":"<table style=\"height: 572px;\" width=\"555\">\n<tbody>\n<tr>\n<td style=\"width: 545px;\">\n<p>2025<\/p>\n<p><strong><a href=\"https:\/\/casaquarup.com.br\/wp-content\/uploads\/2025\/08\/Revista-Quarup-6-Papel-Polen.pdf\">INTERIORES DE BOLSO<\/a>.<\/strong> CAETANO, Main\u00f4. (REVISTA QUARUP, P. 83 \u2014 85)<\/p>\n<p><strong><a href=\"https:\/\/casaquarup.com.br\/wp-content\/uploads\/2025\/08\/Revista-Quarup-6-Papel-Polen.pdf\">SOBRE O \u00c2MAGO<\/a>.<\/strong> CAETANO, Main\u00f4. (REVISTA QUARUP, P. 80 \u2014 82)<\/p>\n<p>2024<\/p>\n<p><strong><a href=\"https:\/\/cti.ufpel.edu.br\/siiepe\/arquivos\/2024\/LA_06367.pdf\">O QUE PODE UMA COISINHA? O ACONTECIMENTO DE LINGUAGENS VISUAIS E PERFORMATIVAS NA FESTA ELETR\u00d4NICA<\/a>.<\/strong> ABREU, Amanda; FREITAS, Martha Gomes. (ENP\u00d3S 10\u00aa SIIEPE\/UFPel)<\/p>\n<p><strong><a href=\"https:\/\/cti.ufpel.edu.br\/siiepe\/arquivos\/2024\/LA_05217.pdf\">VASTO E \u00cdNTIMO: ARTE CONTEMPOR\u00c2NEA NO HORIZONTE PO\u00c9TICO DO PAMPA<\/a>.<\/strong> SILVA, Patrezi Carvalho da; FREITAS, Martha Gomes. (CIC 10\u00aa SIIEPE\/UFPel)<\/p>\n<p><strong><a href=\"https:\/\/cti.ufpel.edu.br\/siiepe\/arquivos\/2024\/LA_05390.pdf\">O CORPO E A CASA, RELA\u00c7\u00d5ES ENTRE A FRAGILIDADE E A VERTICALIDADE EM PO\u00c9TICAS VISUAIS<\/a>. <\/strong>CAETANO, Main\u00f4 Claudio; FREITAS, Martha Gomes. (CIC 10\u00aa SIIEPE\/UFPel)<\/p>\n<p><strong><a href=\"https:\/\/cti.ufpel.edu.br\/siiepe\/arquivos\/2024\/LA_06494.pdf\">ENTRE A COZINHA E A SALA DE EXPOSI\u00c7\u00d5ES: ATUALIZA\u00c7\u00d5ES ATRAV\u00c9S DA PALAVRA-ALIMENTO.<\/a>\u00a0<\/strong>BARBADO, Aryane; FREITAS, Martha Gomes. (CIC 10\u00aa SIIEPE\/UFPel)<\/p>\n<p><strong><a href=\"https:\/\/cti.ufpel.edu.br\/siiepe\/arquivos\/2024\/LA_06574.pdf\">CORPO EM DISPUTA &#8211; ENTRE O N\u00d3 DA GRAVATA E O DESEJO<\/a>.<\/strong> PERINI, Allende de Castro; FREITAS, Martha Gomes. (CIC 10\u00aa SIIEPE\/UFPel)<\/p>\n<p><strong><a href=\"https:\/\/periodicos.ufpel.edu.br\/index.php\/paralelo\/article\/view\/24656\/19668\">TRANSBORDAMENTO<\/a>.\u00a0<\/strong>KUBIAKI, Stela Soares. (PARALELO 31)<\/p>\n<p><strong><a href=\"https:\/\/casaquarup.com.br\/wp-content\/uploads\/2024\/09\/Revista-Quarup-4-Papel-Polen.pdf\">DENTRE VICISSITUDES, A L\u00cdNGUA<\/a>.<\/strong> DEC\u00c1SPERI, Allende. (REVISTA QUARUP, P. 31)<\/p>\n<p>2023<\/p>\n<p><strong>LOCALIZA\u00c7\u00d5ES PARA AVAN\u00c7AR SOBRE A BORDA: a pele como meio na produ\u00e7\u00e3o em po\u00e9ticas visuais. <\/strong>KUBIAKI, Stela Soares. (DISSERTA\u00c7\u00c3O\/UFPel)<\/p>\n<p><strong>ARQUITETURA DA INTIMIDADE: <\/strong><strong>construindo po\u00e9ticas sob a perspectiva das rela\u00e7\u00f5es.\u00a0<\/strong>ROSA, Luka Vargas. (TCC\/UFPel)<\/p>\n<p><a href=\"https:\/\/guaiaca.ufpel.edu.br\/bitstream\/handle\/prefix\/11987\/ANAIS%20Unifica%20pronto.pdf?sequence=1&amp;isAllowed=y\"><strong>ESTUDO SOBRE A PROFUNDIDADE, CONTEXTO E SINGULARIZA\u00c7\u00c3O. <\/strong><\/a>FREITAS, Martha Gomes; FREDES, Paola Wickboldt; CAETANO, Main\u00f4 Claudio; KUBIAKI, Stela Soares; ROSA, Luka Vargas. (1\u00ba UNIFICA\/UFPel)<\/p>\n<p><a href=\"https:\/\/cti.ufpel.edu.br\/siepe\/arquivos\/2023\/LA_05700.pdf\"><strong>DA PARTILHA: CORPO, OBJETO E ESPA\u00c7O. <\/strong><\/a>FREDES, Paola Wickboldt; FREITAS, Martha Gomes. (CIC 9\u00aa SIIEPE\/UFPel)<\/p>\n<p><a href=\"https:\/\/cti.ufpel.edu.br\/siepe\/arquivos\/2023\/LA_06379.pdf\"><strong>BASE: DISPOSITIVO DE LOCALIZA\u00c7\u00c3O E INSCRI\u00c7\u00c3O MOVENTE. <\/strong><\/a>KUBIAKI, Stela Soares; FREITAS, Martha Gomes. (ENP\u00d3S 9\u00aa SIIEPE\/UFPel)<\/p>\n<p><a href=\"https:\/\/cti.ufpel.edu.br\/siepe\/arquivos\/2023\/LA_06003.pdf\"><strong>A\u00c7\u00d5ES PARA O TEMPO: PERFURAR, CARCOMER, DESGASTAR.<\/strong><\/a> CAETANO, Main\u00f4 Claudio; FREITAS, Martha Gomes. (CIC 9\u00aa SIIEPE\/UFPel)<\/p>\n<p><em>2022<\/em><\/p>\n<p><a href=\"http:\/\/guaiaca.ufpel.edu.br\/handle\/prefix\/9474\"><strong>P\u00d4R EM CENA A PARTIR DAS SOMBRAS: uma po\u00e9tica em artes visuais.<\/strong><\/a> SOARES, Renan. (DISSERTA\u00c7\u00c3O\/UFPel)<\/p>\n<p><a href=\"https:\/\/wp.ufpel.edu.br\/spmav\/files\/2023\/03\/Anais-XI-SPMAV_2022.pdf\"><strong>EU SOU NO FUNDO \u2013 OUTRA CAMADA.<\/strong><\/a> FREITAS, Martha Gomes; KUBIAKI, Stela Soares; FREDES, Paola Wickboldt; ROSA, Luka Vargas. (ENSAIO VISUAL XI SPMAV\/UFPel)<\/p>\n<p><strong>EU SOU NO FUNDO: As manifesta\u00e7\u00f5es do contorno no espa\u00e7o. <\/strong>KUBIAKI, Stela Soares; FREITAS, Martha Gomes. (ENPOS 8\u00aa SIIEPE\/UFPel)<\/p>\n<p><a href=\"https:\/\/cti.ufpel.edu.br\/siepe\/arquivos\/2022\/LA_04774.pdf\"><strong>\u00c0 MESA: ALGUMAS NARRATIVAS DOM\u00c9STICAS.<\/strong><\/a> FREDES, Paola Wickboldt; FREITAS, Martha Gomes. (CIC 8\u00aa SIIEPE\/UFPel)<\/p>\n<p><strong>INCONTINENTE: Fronteiras Dissolvidas entre Corpo e Espa\u00e7o. <\/strong>KUBIAKI, Stela Soares. (TCC\/UFPel)<\/p>\n<p><strong>ENTRE A TRAI\u00c7\u00c3O E O SOPRO: A pintura como acontecimento<\/strong>. FUENTES, Guilherme Toledo. (TCC\/UFPel)<\/p>\n<p><em>2021<\/em><\/p>\n<p><a href=\"https:\/\/wp.ufpel.edu.br\/spmav\/files\/2022\/07\/ANAIS-SPMAV-2021.pdf\"><strong>MERGULHO SINCRONIZADO<\/strong>.<\/a> Martha Gofre; Stela Kubiaki. (ENSAIO VISUAL X SPMAV\/UFPel)<\/p>\n<p><strong><a href=\"https:\/\/cti.ufpel.edu.br\/siepe\/arquivos\/2021\/LA_04048.pdf\">DA SUPERF\u00cdCIE AO INTERIOR &#8211; VER E IMAGINAR COMO TRANSBORDAMENTOS AFETIVOS.<\/a> <\/strong>KUBIAKI, Stela Soares; FREITAS, Martha Gomes. <span style=\"font-family: inherit; font-size: inherit;\">(CIC 7\u00aa SIIEPE\/UFPel)<\/span><\/p>\n<p><em>2020<\/em><\/p>\n<p><a href=\"https:\/\/soundcloud.com\/jessicaporciuncula\/turvo-2020-martha-gofre-jessica-porciuncula\"><strong>TURVO<\/strong><\/a><em><strong>. <\/strong><\/em>\u00a0Festival internacional de arte sonoro Monteaudio20-imaginaci\u00f3n. Martha Gofre; J\u00e9ssica Porciuncula. (PE\u00c7A SONORA)<\/p>\n<p><em>2019<\/em><\/p>\n<p><a href=\"https:\/\/pergamum.ufpel.edu.br\/pergamumweb\/vinculos\/0000de\/0000de9c.pdf\"><strong>O PULSO: Movimento entre Corpo e Objeto. <\/strong><\/a>ESLAB\u00c3O, Li\u00e9ge Budziarek. (TCC\/UFPel)<\/p>\n<p><a href=\"https:\/\/cti.ufpel.edu.br\/siepe\/arquivos\/2019\/LA_02199.pdf\"><strong>O GESTO COMO PROCEDIMENTO E A\u00c7\u00c3O PO\u00c9TICA. <\/strong><\/a>KUBIAKI, Stela Soares; FREITAS, Martha Gomes. <span style=\"font-family: inherit; font-size: inherit;\">(CIC 5\u00aa SIIEPE\/UFPel)<\/span><\/p>\n<p style=\"text-align: left;\"><em>2018<\/em><\/p>\n<p><a href=\"https:\/\/cti.ufpel.edu.br\/siepe\/arquivos\/2018\/LA_02923.pdf\"><strong>A \u00c1GUA COMO UM VIR A SER OU ESTAR SENDO. <\/strong><\/a>KUBIAKI, Stela Soares; FREITAS, Martha Gomes. <span style=\"font-family: inherit; font-size: inherit;\">(CIC 4\u00aa SIIEPE\/UFPel)<\/span><\/p>\n<p><a href=\"https:\/\/cti.ufpel.edu.br\/siepe\/arquivos\/2018\/LA_03108.pdf\"><strong>A EXPERI\u00caNCIA DO CORPO NA PROFUNDIDADE DA CASA. <\/strong><\/a>ESLAB\u00c3O, Li\u00e9ge; FREITAS, Martha Gomes. <span style=\"font-family: inherit; font-size: inherit;\">(CIC 4\u00aa SIIEPE\/UFPel)<\/span><\/p>\n<p><strong><a href=\"https:\/\/cti.ufpel.edu.br\/siepe\/arquivos\/2018\/LA_03412.pdf\">DO INTERIOR AO EXTERIOR: A RESPIRA\u00c7\u00c3O COMO UM TRANSBORDAMENTO DO CORPO NO ESPA\u00c7O.<\/a> <\/strong>FUENTES, Guilherme Toledo; FREITAS, Martha Gomes. <span style=\"font-family: inherit; font-size: inherit;\">(CIC 4\u00aa SIIEPE\/UFPel)<\/span><\/p>\n<p>Alguns links ainda n\u00e3o est\u00e3o dispon\u00edveis, estamos atualizando.<\/td>\n<\/tr>\n<\/tbody>\n<\/table>\n<p><\/p>\n","protected":false},"excerpt":{"rendered":"<p>2025 INTERIORES DE BOLSO. CAETANO, Main\u00f4. (REVISTA QUARUP, P. 83 \u2014 85) SOBRE O \u00c2MAGO. [&hellip;]<\/p>\n","protected":false},"author":1175,"featured_media":0,"parent":0,"menu_order":0,"comment_status":"closed","ping_status":"closed","template":"","meta":{"footnotes":""},"class_list":["post-17","page","type-page","status-publish","hentry","post"],"jetpack_sharing_enabled":true,"_links":{"self":[{"href":"https:\/\/wp.ufpel.edu.br\/estudosobreaprofundidade\/wp-json\/wp\/v2\/pages\/17","targetHints":{"allow":["GET"]}}],"collection":[{"href":"https:\/\/wp.ufpel.edu.br\/estudosobreaprofundidade\/wp-json\/wp\/v2\/pages"}],"about":[{"href":"https:\/\/wp.ufpel.edu.br\/estudosobreaprofundidade\/wp-json\/wp\/v2\/types\/page"}],"author":[{"embeddable":true,"href":"https:\/\/wp.ufpel.edu.br\/estudosobreaprofundidade\/wp-json\/wp\/v2\/users\/1175"}],"replies":[{"embeddable":true,"href":"https:\/\/wp.ufpel.edu.br\/estudosobreaprofundidade\/wp-json\/wp\/v2\/comments?post=17"}],"version-history":[{"count":3,"href":"https:\/\/wp.ufpel.edu.br\/estudosobreaprofundidade\/wp-json\/wp\/v2\/pages\/17\/revisions"}],"predecessor-version":[{"id":897,"href":"https:\/\/wp.ufpel.edu.br\/estudosobreaprofundidade\/wp-json\/wp\/v2\/pages\/17\/revisions\/897"}],"wp:attachment":[{"href":"https:\/\/wp.ufpel.edu.br\/estudosobreaprofundidade\/wp-json\/wp\/v2\/media?parent=17"}],"curies":[{"name":"wp","href":"https:\/\/api.w.org\/{rel}","templated":true}]}}