{"id":2,"date":"2018-04-11T19:31:54","date_gmt":"2018-04-11T22:31:54","guid":{"rendered":"https:\/\/wp.ufpel.edu.br\/essete7\/?page_id=2"},"modified":"2018-05-20T17:34:17","modified_gmt":"2018-05-20T20:34:17","slug":"historico","status":"publish","type":"page","link":"https:\/\/wp.ufpel.edu.br\/essete7\/historico\/","title":{"rendered":"Hist\u00f3rico"},"content":{"rendered":"<h2 style=\"text-align: justify\"><span style=\"color: #0000ff;font-size: 14pt\"><strong>ESSeTe<\/strong><\/span><\/h2>\n<p style=\"text-align: justify\"><span style=\"font-size: 14pt;color: #000000\">Em outubro de 2006, foi realizado o <strong>I ESeTe \u2013 Encontro sobre Sel\u00eanio e Tel\u00fario<\/strong>, no Hotel Dall\u2019Onder em Bento Gon\u00e7alves \u2013 RS (<a style=\"color: #000000\" href=\"http:\/\/w3.ufsm.br\/esete\/\">http:\/\/w3.ufsm.br\/esete\/<\/a>), coordenado pelo Prof. Ernesto S. Lang (UFSM). A partir desta primeira reuni\u00e3o houve a realiza\u00e7\u00e3o bianual deste evento em diferentes locais no Brasil. O segundo ocorreu em 2008 em Campos do Jord\u00e3o &#8211; SP, coordenado pelo Prof. Helio Stefani (USP). O terceiro, organizado pelo Prof. Antonio L. Braga (UFSC), teve lugar em Florian\u00f3polis \u2013 SC, em 2010. Em 2012, contando com v\u00e1rios participantes estrangeiros o Prof. Eder J. Lenard\u00e3o (UFPel) organizou o quarto encontro da s\u00e9rie em Torres \u2013 RS. Em 2014, o Prof. Sailer S. dos Santos assumiu a realiza\u00e7\u00e3o do evento, que foi realizado em Santa Maria \u2013 RS. Em 2016, o evento coordenado pelo Prof. Paulo H. Schneider (UFRGS) retornou \u00e0 cidade de Bento Gon\u00e7alves e foi realizado na Villa Michelon, Vale dos Vinhedos.<\/span><\/p>\n<p style=\"text-align: justify\"><span style=\"color: #000000;font-size: 14pt\">Durante este per\u00edodo a not\u00edcia sobre esta s\u00e9rie de encontros se espalhou para toda a comunidade que atua nesta \u00e1rea, e com isso ocorreram v\u00e1rias mudan\u00e7as fundamentais nas caracter\u00edsticas destes eventos. Dentre estas podemos citar a internacionaliza\u00e7\u00e3o do evento bem como a inclus\u00e3o de temas relacionados ao elemento enxofre, pertencente \u00e0 mesma fam\u00edlia qu\u00edmica. Tendo em vista esta \u00faltima coloca\u00e7\u00e3o, na \u00faltima reuni\u00e3o decidiu-se pela oficializa\u00e7\u00e3o da inclus\u00e3o deste elemento no nome do evento, que passou a ser \u201c<strong>Encontro sobre Enxofre, Sel\u00eanio e Tel\u00fario \u2013 ESSeTe<\/strong>\u201d.<\/span><\/p>\n<p>&nbsp;<\/p>\n<p style=\"text-align: justify\"><span style=\"color: #ff0000;font-size: 14pt\"><strong>WSeS Red Cat<\/strong><\/span><\/p>\n<p style=\"text-align: justify\"><span style=\"color: #000000;font-size: 14pt\">A \u201c<strong><em>SeS Redox and Catalysis<\/em><\/strong>\u201d \u00e9 uma rede internacional para o desenvolvimento de projetos de pesquisa multidisciplinares conectados a enxofre, sel\u00eanio e outros Catalisadores Redox. As atividades da rede se iniciaram em 2011 no Departamento de Ci\u00eancias Farmac\u00eauticas da Universidade de Perugia (It\u00e1lia) e rapidamente cresceu para envolver cientistas do mundo todo: Austr\u00e1lia, Brasil, Dinamarca, Pol\u00f4nia, Jap\u00e3o, Uruguai, Marrocos, China, Espanha, Alemanha e Reino Unido. A rede \u00e9 coordenada por um conselho internacional liderado pelo Prof. Claudio Santi (It\u00e1lia) e composto por Prof. Carl Schiesser (Austr\u00e1lia) Prof. Jo\u00e3o Batista da Rocha (Brasil), Prof. Raphael Radi (Uruguai), Prof. Jozef Drabowicz (Pol\u00f4nia), Prof. Michio Iwaoka (Jap\u00e3o), Prof. Michael J. Davies (Dinamarca), Prof. B. Mugesh (\u00cdndia), Prof. Eder J. Lenard\u00e3o (Brasil) e Prof. Vito Lippolis (It\u00e1lia). A Rede Internacional baseia-se na agrega\u00e7\u00e3o espont\u00e2nea de grupos ou redes locais que ter\u00e3o a capacidade de compartilhar com os outros membros seus interesses nesse campo da pesquisa sua expertise e, quando apropriado, infraestrutura e equipamentos.<\/span><\/p>\n<p style=\"text-align: justify\"><span style=\"color: #000000;font-size: 14pt\">A rede realiza anualmente, desde 2012, um workshop (<strong>WSeS RedCat<\/strong>) que visa a participa\u00e7\u00e3o de seus membros e da comunidade de pesquisadores e estudantes que se dedica ao tema organocalcog\u00eanios (s\u00edntese, bioqu\u00edmica e novos materiais), privilegiando a participa\u00e7\u00e3o de jovens estudantes. As quatro primeiras edi\u00e7\u00f5es foram realizadas em Perugia, It\u00e1lia, enquanto que a quinta edi\u00e7\u00e3o ocorreu na Universidade de Tokai (Hiratsuka, Jap\u00e3o) e a sexta teve lugar na Universidade de Ci\u00eancia e Tecnologia de Wroclaw (Pol\u00f4nia), em setembro de 2017.<\/span><\/p>\n","protected":false},"excerpt":{"rendered":"<p>ESSeTe Em outubro de 2006, foi realizado o I ESeTe \u2013 Encontro sobre Sel\u00eanio e Tel\u00fario, no Hotel Dall\u2019Onder em Bento Gon\u00e7alves \u2013 RS (http:\/\/w3.ufsm.br\/esete\/), coordenado pelo Prof. Ernesto S. Lang (UFSM). A partir desta primeira reuni\u00e3o houve a realiza\u00e7\u00e3o bianual deste evento em diferentes locais no Brasil. O segundo ocorreu em 2008 em Campos [&hellip;]<\/p>\n","protected":false},"author":848,"featured_media":0,"parent":0,"menu_order":0,"comment_status":"closed","ping_status":"closed","template":"","meta":{"footnotes":""},"class_list":["post-2","page","type-page","status-publish","hentry","post"],"_links":{"self":[{"href":"https:\/\/wp.ufpel.edu.br\/essete7\/wp-json\/wp\/v2\/pages\/2","targetHints":{"allow":["GET"]}}],"collection":[{"href":"https:\/\/wp.ufpel.edu.br\/essete7\/wp-json\/wp\/v2\/pages"}],"about":[{"href":"https:\/\/wp.ufpel.edu.br\/essete7\/wp-json\/wp\/v2\/types\/page"}],"author":[{"embeddable":true,"href":"https:\/\/wp.ufpel.edu.br\/essete7\/wp-json\/wp\/v2\/users\/848"}],"replies":[{"embeddable":true,"href":"https:\/\/wp.ufpel.edu.br\/essete7\/wp-json\/wp\/v2\/comments?post=2"}],"version-history":[{"count":9,"href":"https:\/\/wp.ufpel.edu.br\/essete7\/wp-json\/wp\/v2\/pages\/2\/revisions"}],"predecessor-version":[{"id":583,"href":"https:\/\/wp.ufpel.edu.br\/essete7\/wp-json\/wp\/v2\/pages\/2\/revisions\/583"}],"wp:attachment":[{"href":"https:\/\/wp.ufpel.edu.br\/essete7\/wp-json\/wp\/v2\/media?parent=2"}],"curies":[{"name":"wp","href":"https:\/\/api.w.org\/{rel}","templated":true}]}}